{"id":66,"date":"2022-03-01T09:41:10","date_gmt":"2022-03-01T08:41:10","guid":{"rendered":"https:\/\/ellington-photo.com\/ErosWalker\/?page_id=66"},"modified":"2022-03-13T17:23:13","modified_gmt":"2022-03-13T16:23:13","slug":"la-belle-au-bois-dormant","status":"publish","type":"page","link":"https:\/\/ellington-photo.com\/ErosWalker\/la-belle-au-bois-dormant\/","title":{"rendered":"La Belle au Bois Dormant"},"content":{"rendered":"\n<p>C&rsquo;\u00e9tait il y a tr\u00e8s longtemps, dans une galaxie lointaine. Le Gouverneur Paliokos dirigeait la petite colonie de la station Alpha 37. Paliokos \u00e9tait mari\u00e9 \u00e0 la Princesse Ashia, fille du roi d&rsquo;un syst\u00e8me mineur d&rsquo;une autre galaxie. La vie sur Alpha 37 tournait autour de l&rsquo;exploitation des richesses naturelles, minerais, \u00e9nergie, mais aussi d&rsquo;une riche production agricole car l&rsquo;atmosph\u00e8re \u00e9tait favorable \u00e0 la croissance de v\u00e9g\u00e9taux de toutes esp\u00e8ces. Alpha 37 vivait \u00e0 l&rsquo;\u00e9cart des grandes routes intergalactiques et le temps s&rsquo;y \u00e9coulait sans incidents majeurs. Les visiteurs y \u00e9taient plut\u00f4t rares et les colons jugeaient leur sort enviable. Le couple r\u00e9gnant n&rsquo;avait qu&rsquo;un seul regret, ne pas avoir d&rsquo;enfant avec qui partager leur bonheur.<br>La Princesse Ashia \u00e9voquait souvent ce tourment avec Doria, son amie et confidente. Doria avait plusieurs enfants, qu&rsquo;Ashia aimait comme elle aurait aim\u00e9 les siens, ce qui l\u2019autorisait \u00e0 lui prodiguer ses conseils.<br>Malheureusement, rien n&rsquo;y faisait. La princesse restait st\u00e9rile. Doria savait que le souci ne venait pas du Gouverneur car elle avait pu go\u00fbter \u00e0 ses ardeurs lors de f\u00eates galantes. \u00c0 la naissance de son troisi\u00e8me enfant, un test g\u00e9n\u00e9tique secret avait r\u00e9v\u00e9l\u00e9 que Paliokos en \u00e9tait bien le p\u00e8re. Elle sugg\u00e9ra donc aux malheureux dirigeants de proc\u00e9der \u00e0 une synth\u00e8se g\u00e9n\u00e9tique pour donner naissance \u00e0 un h\u00e9ritier.<br>Profitant d&rsquo;une mission sur la plan\u00e8te majeure du syst\u00e8me Alpha, Paliokos et Ashia se rendirent en toute discr\u00e9tion dans un laboratoire pratiquant cette technologie nouvelle. Un robot-analyseur pr\u00e9leva le mat\u00e9riel biologique requis sur l&rsquo;homme et la femme et apr\u00e8s quelques minutes, un cylindre de verre et de titane leur f\u00fbt remis tandis qu&rsquo;un appareillage sophistiqu\u00e9 \u00e9tait embarqu\u00e9 dans leur vaisseau.<br>D\u00e8s leur retour, le synth\u00e9tiseur fut transport\u00e9 dans une chambre de leur palais, le cylindre soigneusement install\u00e9 \u00e0 l&rsquo;int\u00e9rieur. Apr\u00e8s quelques jours, ils purent voir l&#8217;embryon prendre forme sur l&rsquo;\u00e9cran de contr\u00f4le. Quelques semaines plus tard, ce f\u00fbt la silhouette du f\u0153tus qui se dessina sur le moniteur. Lorsque le sexe de l&rsquo;enfant se r\u00e9v\u00e9la, le Gouverneur convoqua six chevaliers Jedi pour perfectionner son g\u00e9nome.<br>Chacun des cinq premiers sages ajouta une qualit\u00e9 sp\u00e9cifique afin de cr\u00e9er un \u00eatre optimal. \u00c0 la beaut\u00e9 de sa m\u00e8re et au courage de son p\u00e8re, ils ajout\u00e8rent l&rsquo;intelligence, la vitesse, la furtivit\u00e9, la t\u00e9l\u00e9portation et la s\u00e9duction. Comme le Ma\u00eetre des Chevaliers allait apporter sa touche, l&rsquo;assembl\u00e9e ressentit une onde glac\u00e9e parcourir la pi\u00e8ce. Le sol vibra et les lumi\u00e8res clignot\u00e8rent quelques instants. Alors le Chevalier Noir fit son entr\u00e9e. Il parcourut l&rsquo;assembl\u00e9e et s&rsquo;adressant au Gouverneur \u00e9non\u00e7a son impr\u00e9cation d&rsquo;une voix num\u00e9rique.<br>\u2014 Puisque vous avez choisi de m&rsquo;exclure de votre petite c\u00e9r\u00e9monie, je dois imposer ma pr\u00e9sence. Cette enfant aura certes des aptitudes extraordinaires, mais elles seront au service du c\u00f4t\u00e9 obscur.<\/p>\n\n\n\n<p>Une odeur naus\u00e9abonde se r\u00e9pandit dans la pi\u00e8ce puis l&rsquo;air f\u00fbt anim\u00e9 d&rsquo;un curieux tremblement. L&rsquo;instant d&rsquo;apr\u00e8s, il avait disparu. Les parents, un instant p\u00e9trifi\u00e9 par cette apparition, furent saisis de<br>consternation en entendant cette mal\u00e9diction.<br>\u2014 Pendant cent ans elle dormira, puis un jeune chevalier pour la ramener viendra. Quand le premier sang coulera, du bon c\u00f4t\u00e9 elle sera.<\/p>\n\n\n\n<p>Ainsi parla le Ma\u00eetre des Jedi avant que les invit\u00e9s ne se dispersent. Quelques semaines s&rsquo;\u00e9coul\u00e8rent encore puis vint le jour de l&rsquo;ouverture. Le petit \u00eatre parfaitement form\u00e9 fut nomm\u00e9 Thalie et d\u00e9pos\u00e9 sur le r\u00e9ceptacle pr\u00e9vu pour l\u2019accueillir durant sa croissance. \u00c0 peine l&rsquo;enfant install\u00e9e, la temp\u00e9rature descendit brusquement dans le palais. Un l\u00e9ger sifflement se fit entendre dans toutes les pi\u00e8ces et les portes se referm\u00e8rent herm\u00e9tiquement pendant qu&rsquo;un gaz soporifique se diffusait dans l&rsquo;atmosph\u00e8re. Le Gouverneur et la Princesse, les techniciens biologistes ainsi que tout le personnel pr\u00e9sent furent plong\u00e9s dans un profond sommeil.<br>Le b\u00e9b\u00e9 avait \u00e9t\u00e9 install\u00e9 dans son alv\u00e9ole de croissance. Les syst\u00e8mes assur\u00e8rent donc leur fonction nourrici\u00e8re pour que Thalie puisse se d\u00e9velopper biologiquement. Le sommeil dans lequel elle \u00e9tait plong\u00e9 ainsi que la basse temp\u00e9rature eurent toutefois pour effet de ralentir son m\u00e9tabolisme. Lorsque les cent ann\u00e9es arriv\u00e8rent \u00e0 leur terme, Thalie \u00e9tait devenue une splendide jeune fille de quinze ans. Elle avait une longue chevelure d&rsquo;un noir de jais, un buste bien d\u00e9velopp\u00e9 aux seins fermes, une taille fine ainsi que de longues jambes. Une fine toison sombre cachait la partie la plus intime de son corps juste nubile.<br>Le Ma\u00eetre des Jedi avait suivi de tr\u00e8s loin le lent d\u00e9veloppement de l&rsquo;enfant puis de la jeune fille. Quand il jugea le moment venu, il convoqua Lukas, le plus prometteur de ses padawans pour l\u2019envoyer en mission.<br>\u2014 Sur Alpha 37 tu iras. Thalie tu chercheras puis une femme en feras.<\/p>\n\n\n\n<p>Le jeune homme partit imm\u00e9diatement v\u00e9rifier son vaisseau pour franchir l&rsquo;espace le s\u00e9parant du syst\u00e8me Alpha. Lorsqu&rsquo;il se posa sur l&rsquo;astroport, la vie semblait normale. Il parcourut rapidement les rues de la cit\u00e9 o\u00f9 les colons vaquaient \u00e0 leurs occupations. Il entra dans un \u00e9tablissement de divertissement pour essayer d&rsquo;obtenir des informations sur Thalie. Une musique assourdissante agressa ses sens d\u00e8s qu&rsquo;il franchit la porte. Il dut adapter son r\u00e9ducteur auditif pour percevoir les conversations. Une cr\u00e9ature au parfum capiteux vint se coller contre lui. Il sentit les seins lourds se plaquer contre son dos mais en m\u00eame temps, un vigoureux gourdin qui tentait de s&rsquo;insinuer au bas de son dos. Il se retourna pour contempler un splendide sp\u00e9cimen hermaphrodite, issu du g\u00e9nie g\u00e9n\u00e9tique propre \u00e0 Alpha. Il accepta les avances de la cr\u00e9ature et la suivit dans un boudoir intime. Comme elle commen\u00e7ait \u00e0 le d\u00e9shabiller avec habilet\u00e9, Lukas pr\u00e9f\u00e9ra poser tout de suite ses questions.<br>\u2014 Je cherche la Princesse Thalie, on m&rsquo;a dit que je pourrai la trouver sur<br>Alpha 37.<br>\u2014 Je crois que j&rsquo;ai eu le plaisir d&rsquo;honorer de mes charmes tous les \u00eatres qui comptent dans cette station, mais je ne connais pas de Thalie.<br>\u2014 C&rsquo;est pourtant la fille du Gouverneur Paliokos.<br>\u2014 Si on croit la l\u00e9gende, Paliokos ainsi que tout son personnel ont disparu il y a pr\u00e8s de cent ans. On raconte qu&rsquo;ils vivaient dans une ancienne forteresse, au pied des montagnes, mais aucun de ceux qui sont all\u00e9s l\u00e0-bas n&rsquo;en est jamais revenu.<br>Lukas laissa la belle cr\u00e9ature terminer ce qu&rsquo;elle avait entrepris. Lorsque sa bouche se referma sur son sexe, il f\u00fbt envahi d&rsquo;un bien-\u00eatre incomparable. Puis la cr\u00e9ature guida son p\u00e9nis dans son vagin bionique, et il eut le sentiment que son \u00e9nergie se diffusait au rythme de ses vibrations intimes.<br>Lorsqu&rsquo;elle introduisit son organe \u00e9rectile entre ses reins, il ressentit une puissance infinie le p\u00e9n\u00e9trer, l&rsquo;influx remontant le long de son dos, de son cou, jusqu&rsquo;\u00e0 son cerveau. Soudain, il vit un \u00e9clair blanc.<br>\u2014 Alors mon chou, tu as aim\u00e9 ?<\/p>\n\n\n\n<p>Le jeune Jedi se mit en qu\u00eate de la forteresse de l\u00e9gende. Une rapide recherche dans les archives galactiques lui permit de localiser le si\u00e8ge de l&rsquo;ancien gouvernorat. L&rsquo;endroit semblait s\u00e9diment\u00e9. Une couche \u00e9paisse de mati\u00e8res organiques formait un tumulus aux coordonn\u00e9es indiqu\u00e9es. Le radar sismographique du vaisseau lui r\u00e9v\u00e9la la structure cach\u00e9e sous la v\u00e9g\u00e9tation. Une courte rafale de son canon \u00e0 impulsions antimati\u00e8re mit \u00e0 jour une porte lourdement blind\u00e9e. Il chargea son dro\u00efde analyste de d\u00e9crypter le code d&rsquo;ouverture. Apr\u00e8s quelques secondes, la porte s&rsquo;ouvrit lentement. Sur le seuil, il ressentit d&rsquo;abord le froid, puis vint l&rsquo;odeur du gaz. Le dro\u00efde le sauva en lui envoyant un signal d&rsquo;alerte. Son cyber-assistant se connecta au syst\u00e8me de r\u00e9gulation central et relan\u00e7a la ventilation, puis il r\u00e9tablit la consigne de temp\u00e9rature \u00e0 sa valeur nominale. Quand les param\u00e8tres furent stabilis\u00e9s, il autorisa le jeune homme \u00e0 p\u00e9n\u00e9trer dans le palais endormi.<br>Le Jedi parcourut les corridors froids, le sabre \u00e0 la main, par\u00e9 \u00e0 toute manifestation hostile, mais il ne rencontrait que des cr\u00e9atures endormies. Il parvint \u00e0 une chambre o\u00f9 un homme et une femme gisaient sur le sol, de part et d&rsquo;autre d&rsquo;une table sur laquelle reposait le corps immobile d&rsquo;une magnifique jeune fille. Sur le moniteur auquel son poignet \u00e9tait reli\u00e9, un compte \u00e0 retour \u00e9tait affich\u00e9. Il ne restait plus que quelques minutes avant la fin du d\u00e9compte.<br>Le corps de la jeune fille \u00e9tait froid mais son c\u0153ur battait tr\u00e8s lentement. Lukas commen\u00e7a par masser lentement les extr\u00e9mit\u00e9s pour acc\u00e9l\u00e9rer la circulation sanguine. Puis, posant les mains sur les seins glac\u00e9s, il fit appel \u00e0 toutes les ressources conf\u00e9r\u00e9es par la Force pour r\u00e9chauffer les organes centraux. Progressivement, le moniteur indiqua une reprise des signes vitaux. La temp\u00e9rature corporelle remonta rapidement et le jeune chevalier sentit les premiers fr\u00e9missements dans le corps allong\u00e9. Se souvenant des instructions re\u00e7ues, Lukas d\u00e9brancha les instruments et monta lui-m\u00eame sur la couche o\u00f9 gisait la Belle. Soulevant les cuisses de la jeune fille, il la p\u00e9n\u00e9tra lentement. Comme il sentait une r\u00e9sistance au<br>moment de rompre l&rsquo;hymen de la jeune vierge, il accentua sa pression pour faire de Thalie une femme. Dans le m\u00eame moment, les paupi\u00e8res de la jeune princesse se soulev\u00e8rent alors qu\u2019un mince filet de sang coulait entre ses cuisses.<br>\u2014 Qui \u00eates-vous ? \u00cates-vous le Prince Charmant ?<br>\u2014 Je suis Lukas, chevalier Jedi, envoy\u00e9 pour vous ramener \u00e0 la vie.<br>\u2014 Chevalier Lukas, je n&rsquo;ai rien senti, voulez-vous recommencer ?<\/p>\n\n\n\n<p>\u00a9Eros Walker 2022<\/p>\n","protected":false},"excerpt":{"rendered":"<p>C&rsquo;\u00e9tait il y a tr\u00e8s longtemps, dans une galaxie lointaine. Le Gouverneur Paliokos dirigeait la petite colonie de la station Alpha 37. Paliokos \u00e9tait mari\u00e9 \u00e0 la Princesse Ashia, fille du roi d&rsquo;un syst\u00e8me mineur d&rsquo;une autre galaxie. La vie sur Alpha 37 tournait autour &hellip; <\/p>\n","protected":false},"author":1,"featured_media":0,"parent":0,"menu_order":0,"comment_status":"closed","ping_status":"closed","template":"","meta":{"footnotes":""},"class_list":["post-66","page","type-page","status-publish","hentry"],"yoast_head":"<!-- This site is optimized with the Yoast SEO plugin v27.4 - https:\/\/yoast.com\/product\/yoast-seo-wordpress\/ -->\n<title>La Belle au Bois Dormant - Eros Walker Stories<\/title>\n<meta name=\"description\" content=\"C&#039;\u00e9tait il y a tr\u00e8s longtemps, dans une galaxie lointaine. Le Gouverneur Paliokos dirigeait la petite colonie de la station Alpha 37. Paliokos \u00e9tait mari\u00e9 \u00e0 la Princesse Ashia, fille du roi d&#039;un syst\u00e8me mineur d&#039;une autre galaxie. La vie sur Alpha 37 tournait autour de l&#039;exploitation des richesses naturelles, minerais, \u00e9nergie, mais aussi d&#039;une riche production agricole car l&#039;atmosph\u00e8re \u00e9tait favorable \u00e0 la croissance de v\u00e9g\u00e9taux de toutes esp\u00e8ces. Alpha 37 vivait \u00e0 l&#039;\u00e9cart des grandes routes intergalactiques et le temps s&#039;y \u00e9coulait sans incidents majeurs. Les visiteurs y \u00e9taient plut\u00f4t rares et les colons jugeaient leur sort enviable. Le couple r\u00e9gnant n&#039;avait qu&#039;un seul regret, ne pas avoir d&#039;enfant avec qui partager leur bonheur.\" \/>\n<meta name=\"robots\" content=\"index, follow, max-snippet:-1, max-image-preview:large, max-video-preview:-1\" \/>\n<link rel=\"canonical\" href=\"https:\/\/ellington-photo.com\/ErosWalker\/la-belle-au-bois-dormant\/\" \/>\n<meta property=\"og:locale\" content=\"fr_FR\" \/>\n<meta property=\"og:type\" content=\"article\" \/>\n<meta property=\"og:title\" content=\"La Belle au Bois Dormant - Eros Walker Stories\" \/>\n<meta property=\"og:description\" content=\"C&#039;\u00e9tait il y a tr\u00e8s longtemps, dans une galaxie lointaine. Le Gouverneur Paliokos dirigeait la petite colonie de la station Alpha 37. Paliokos \u00e9tait mari\u00e9 \u00e0 la Princesse Ashia, fille du roi d&#039;un syst\u00e8me mineur d&#039;une autre galaxie. La vie sur Alpha 37 tournait autour de l&#039;exploitation des richesses naturelles, minerais, \u00e9nergie, mais aussi d&#039;une riche production agricole car l&#039;atmosph\u00e8re \u00e9tait favorable \u00e0 la croissance de v\u00e9g\u00e9taux de toutes esp\u00e8ces. Alpha 37 vivait \u00e0 l&#039;\u00e9cart des grandes routes intergalactiques et le temps s&#039;y \u00e9coulait sans incidents majeurs. Les visiteurs y \u00e9taient plut\u00f4t rares et les colons jugeaient leur sort enviable. Le couple r\u00e9gnant n&#039;avait qu&#039;un seul regret, ne pas avoir d&#039;enfant avec qui partager leur bonheur.\" \/>\n<meta property=\"og:url\" content=\"https:\/\/ellington-photo.com\/ErosWalker\/la-belle-au-bois-dormant\/\" \/>\n<meta property=\"og:site_name\" content=\"Eros Walker Stories\" \/>\n<meta property=\"article:modified_time\" content=\"2022-03-13T16:23:13+00:00\" \/>\n<meta name=\"twitter:card\" content=\"summary_large_image\" \/>\n<meta name=\"twitter:label1\" content=\"Dur\u00e9e de lecture estim\u00e9e\" \/>\n\t<meta name=\"twitter:data1\" content=\"8 minutes\" \/>\n<script type=\"application\/ld+json\" class=\"yoast-schema-graph\">{\"@context\":\"https:\\\/\\\/schema.org\",\"@graph\":[{\"@type\":\"WebPage\",\"@id\":\"https:\\\/\\\/ellington-photo.com\\\/ErosWalker\\\/la-belle-au-bois-dormant\\\/\",\"url\":\"https:\\\/\\\/ellington-photo.com\\\/ErosWalker\\\/la-belle-au-bois-dormant\\\/\",\"name\":\"La Belle au Bois Dormant - Eros Walker Stories\",\"isPartOf\":{\"@id\":\"https:\\\/\\\/ellington-photo.com\\\/ErosWalker\\\/#website\"},\"datePublished\":\"2022-03-01T08:41:10+00:00\",\"dateModified\":\"2022-03-13T16:23:13+00:00\",\"description\":\"C'\u00e9tait il y a tr\u00e8s longtemps, dans une galaxie lointaine. Le Gouverneur Paliokos dirigeait la petite colonie de la station Alpha 37. Paliokos \u00e9tait mari\u00e9 \u00e0 la Princesse Ashia, fille du roi d'un syst\u00e8me mineur d'une autre galaxie. La vie sur Alpha 37 tournait autour de l'exploitation des richesses naturelles, minerais, \u00e9nergie, mais aussi d'une riche production agricole car l'atmosph\u00e8re \u00e9tait favorable \u00e0 la croissance de v\u00e9g\u00e9taux de toutes esp\u00e8ces. Alpha 37 vivait \u00e0 l'\u00e9cart des grandes routes intergalactiques et le temps s'y \u00e9coulait sans incidents majeurs. Les visiteurs y \u00e9taient plut\u00f4t rares et les colons jugeaient leur sort enviable. Le couple r\u00e9gnant n'avait qu'un seul regret, ne pas avoir d'enfant avec qui partager leur bonheur.\",\"breadcrumb\":{\"@id\":\"https:\\\/\\\/ellington-photo.com\\\/ErosWalker\\\/la-belle-au-bois-dormant\\\/#breadcrumb\"},\"inLanguage\":\"fr-FR\",\"potentialAction\":[{\"@type\":\"ReadAction\",\"target\":[\"https:\\\/\\\/ellington-photo.com\\\/ErosWalker\\\/la-belle-au-bois-dormant\\\/\"]}]},{\"@type\":\"BreadcrumbList\",\"@id\":\"https:\\\/\\\/ellington-photo.com\\\/ErosWalker\\\/la-belle-au-bois-dormant\\\/#breadcrumb\",\"itemListElement\":[{\"@type\":\"ListItem\",\"position\":1,\"name\":\"Accueil\",\"item\":\"https:\\\/\\\/ellington-photo.com\\\/ErosWalker\\\/\"},{\"@type\":\"ListItem\",\"position\":2,\"name\":\"La Belle au Bois Dormant\"}]},{\"@type\":\"WebSite\",\"@id\":\"https:\\\/\\\/ellington-photo.com\\\/ErosWalker\\\/#website\",\"url\":\"https:\\\/\\\/ellington-photo.com\\\/ErosWalker\\\/\",\"name\":\"Eros Walker Stories\",\"description\":\"Litt\u00e9rature et images\",\"publisher\":{\"@id\":\"https:\\\/\\\/ellington-photo.com\\\/ErosWalker\\\/#organization\"},\"potentialAction\":[{\"@type\":\"SearchAction\",\"target\":{\"@type\":\"EntryPoint\",\"urlTemplate\":\"https:\\\/\\\/ellington-photo.com\\\/ErosWalker\\\/?s={search_term_string}\"},\"query-input\":{\"@type\":\"PropertyValueSpecification\",\"valueRequired\":true,\"valueName\":\"search_term_string\"}}],\"inLanguage\":\"fr-FR\"},{\"@type\":\"Organization\",\"@id\":\"https:\\\/\\\/ellington-photo.com\\\/ErosWalker\\\/#organization\",\"name\":\"Eros Walker Stories\",\"url\":\"https:\\\/\\\/ellington-photo.com\\\/ErosWalker\\\/\",\"logo\":{\"@type\":\"ImageObject\",\"inLanguage\":\"fr-FR\",\"@id\":\"https:\\\/\\\/ellington-photo.com\\\/ErosWalker\\\/#\\\/schema\\\/logo\\\/image\\\/\",\"url\":\"https:\\\/\\\/ellington-photo.com\\\/ErosWalker\\\/wp-content\\\/uploads\\\/2025\\\/05\\\/Chat-Noir.jpg\",\"contentUrl\":\"https:\\\/\\\/ellington-photo.com\\\/ErosWalker\\\/wp-content\\\/uploads\\\/2025\\\/05\\\/Chat-Noir.jpg\",\"width\":400,\"height\":391,\"caption\":\"Eros Walker Stories\"},\"image\":{\"@id\":\"https:\\\/\\\/ellington-photo.com\\\/ErosWalker\\\/#\\\/schema\\\/logo\\\/image\\\/\"},\"sameAs\":[\"https:\\\/\\\/www.linkedin.com\\\/in\\\/eros-walker-ab710a298\\\/\"]}]}<\/script>\n<!-- \/ Yoast SEO plugin. -->","yoast_head_json":{"title":"La Belle au Bois Dormant - Eros Walker Stories","description":"C'\u00e9tait il y a tr\u00e8s longtemps, dans une galaxie lointaine. Le Gouverneur Paliokos dirigeait la petite colonie de la station Alpha 37. Paliokos \u00e9tait mari\u00e9 \u00e0 la Princesse Ashia, fille du roi d'un syst\u00e8me mineur d'une autre galaxie. La vie sur Alpha 37 tournait autour de l'exploitation des richesses naturelles, minerais, \u00e9nergie, mais aussi d'une riche production agricole car l'atmosph\u00e8re \u00e9tait favorable \u00e0 la croissance de v\u00e9g\u00e9taux de toutes esp\u00e8ces. Alpha 37 vivait \u00e0 l'\u00e9cart des grandes routes intergalactiques et le temps s'y \u00e9coulait sans incidents majeurs. Les visiteurs y \u00e9taient plut\u00f4t rares et les colons jugeaient leur sort enviable. Le couple r\u00e9gnant n'avait qu'un seul regret, ne pas avoir d'enfant avec qui partager leur bonheur.","robots":{"index":"index","follow":"follow","max-snippet":"max-snippet:-1","max-image-preview":"max-image-preview:large","max-video-preview":"max-video-preview:-1"},"canonical":"https:\/\/ellington-photo.com\/ErosWalker\/la-belle-au-bois-dormant\/","og_locale":"fr_FR","og_type":"article","og_title":"La Belle au Bois Dormant - Eros Walker Stories","og_description":"C'\u00e9tait il y a tr\u00e8s longtemps, dans une galaxie lointaine. Le Gouverneur Paliokos dirigeait la petite colonie de la station Alpha 37. Paliokos \u00e9tait mari\u00e9 \u00e0 la Princesse Ashia, fille du roi d'un syst\u00e8me mineur d'une autre galaxie. La vie sur Alpha 37 tournait autour de l'exploitation des richesses naturelles, minerais, \u00e9nergie, mais aussi d'une riche production agricole car l'atmosph\u00e8re \u00e9tait favorable \u00e0 la croissance de v\u00e9g\u00e9taux de toutes esp\u00e8ces. Alpha 37 vivait \u00e0 l'\u00e9cart des grandes routes intergalactiques et le temps s'y \u00e9coulait sans incidents majeurs. Les visiteurs y \u00e9taient plut\u00f4t rares et les colons jugeaient leur sort enviable. Le couple r\u00e9gnant n'avait qu'un seul regret, ne pas avoir d'enfant avec qui partager leur bonheur.","og_url":"https:\/\/ellington-photo.com\/ErosWalker\/la-belle-au-bois-dormant\/","og_site_name":"Eros Walker Stories","article_modified_time":"2022-03-13T16:23:13+00:00","twitter_card":"summary_large_image","twitter_misc":{"Dur\u00e9e de lecture estim\u00e9e":"8 minutes"},"schema":{"@context":"https:\/\/schema.org","@graph":[{"@type":"WebPage","@id":"https:\/\/ellington-photo.com\/ErosWalker\/la-belle-au-bois-dormant\/","url":"https:\/\/ellington-photo.com\/ErosWalker\/la-belle-au-bois-dormant\/","name":"La Belle au Bois Dormant - Eros Walker Stories","isPartOf":{"@id":"https:\/\/ellington-photo.com\/ErosWalker\/#website"},"datePublished":"2022-03-01T08:41:10+00:00","dateModified":"2022-03-13T16:23:13+00:00","description":"C'\u00e9tait il y a tr\u00e8s longtemps, dans une galaxie lointaine. Le Gouverneur Paliokos dirigeait la petite colonie de la station Alpha 37. Paliokos \u00e9tait mari\u00e9 \u00e0 la Princesse Ashia, fille du roi d'un syst\u00e8me mineur d'une autre galaxie. La vie sur Alpha 37 tournait autour de l'exploitation des richesses naturelles, minerais, \u00e9nergie, mais aussi d'une riche production agricole car l'atmosph\u00e8re \u00e9tait favorable \u00e0 la croissance de v\u00e9g\u00e9taux de toutes esp\u00e8ces. Alpha 37 vivait \u00e0 l'\u00e9cart des grandes routes intergalactiques et le temps s'y \u00e9coulait sans incidents majeurs. Les visiteurs y \u00e9taient plut\u00f4t rares et les colons jugeaient leur sort enviable. Le couple r\u00e9gnant n'avait qu'un seul regret, ne pas avoir d'enfant avec qui partager leur bonheur.","breadcrumb":{"@id":"https:\/\/ellington-photo.com\/ErosWalker\/la-belle-au-bois-dormant\/#breadcrumb"},"inLanguage":"fr-FR","potentialAction":[{"@type":"ReadAction","target":["https:\/\/ellington-photo.com\/ErosWalker\/la-belle-au-bois-dormant\/"]}]},{"@type":"BreadcrumbList","@id":"https:\/\/ellington-photo.com\/ErosWalker\/la-belle-au-bois-dormant\/#breadcrumb","itemListElement":[{"@type":"ListItem","position":1,"name":"Accueil","item":"https:\/\/ellington-photo.com\/ErosWalker\/"},{"@type":"ListItem","position":2,"name":"La Belle au Bois Dormant"}]},{"@type":"WebSite","@id":"https:\/\/ellington-photo.com\/ErosWalker\/#website","url":"https:\/\/ellington-photo.com\/ErosWalker\/","name":"Eros Walker Stories","description":"Litt\u00e9rature et images","publisher":{"@id":"https:\/\/ellington-photo.com\/ErosWalker\/#organization"},"potentialAction":[{"@type":"SearchAction","target":{"@type":"EntryPoint","urlTemplate":"https:\/\/ellington-photo.com\/ErosWalker\/?s={search_term_string}"},"query-input":{"@type":"PropertyValueSpecification","valueRequired":true,"valueName":"search_term_string"}}],"inLanguage":"fr-FR"},{"@type":"Organization","@id":"https:\/\/ellington-photo.com\/ErosWalker\/#organization","name":"Eros Walker Stories","url":"https:\/\/ellington-photo.com\/ErosWalker\/","logo":{"@type":"ImageObject","inLanguage":"fr-FR","@id":"https:\/\/ellington-photo.com\/ErosWalker\/#\/schema\/logo\/image\/","url":"https:\/\/ellington-photo.com\/ErosWalker\/wp-content\/uploads\/2025\/05\/Chat-Noir.jpg","contentUrl":"https:\/\/ellington-photo.com\/ErosWalker\/wp-content\/uploads\/2025\/05\/Chat-Noir.jpg","width":400,"height":391,"caption":"Eros Walker Stories"},"image":{"@id":"https:\/\/ellington-photo.com\/ErosWalker\/#\/schema\/logo\/image\/"},"sameAs":["https:\/\/www.linkedin.com\/in\/eros-walker-ab710a298\/"]}]}},"_links":{"self":[{"href":"https:\/\/ellington-photo.com\/ErosWalker\/wp-json\/wp\/v2\/pages\/66","targetHints":{"allow":["GET"]}}],"collection":[{"href":"https:\/\/ellington-photo.com\/ErosWalker\/wp-json\/wp\/v2\/pages"}],"about":[{"href":"https:\/\/ellington-photo.com\/ErosWalker\/wp-json\/wp\/v2\/types\/page"}],"author":[{"embeddable":true,"href":"https:\/\/ellington-photo.com\/ErosWalker\/wp-json\/wp\/v2\/users\/1"}],"replies":[{"embeddable":true,"href":"https:\/\/ellington-photo.com\/ErosWalker\/wp-json\/wp\/v2\/comments?post=66"}],"version-history":[{"count":1,"href":"https:\/\/ellington-photo.com\/ErosWalker\/wp-json\/wp\/v2\/pages\/66\/revisions"}],"predecessor-version":[{"id":67,"href":"https:\/\/ellington-photo.com\/ErosWalker\/wp-json\/wp\/v2\/pages\/66\/revisions\/67"}],"wp:attachment":[{"href":"https:\/\/ellington-photo.com\/ErosWalker\/wp-json\/wp\/v2\/media?parent=66"}],"curies":[{"name":"wp","href":"https:\/\/api.w.org\/{rel}","templated":true}]}}