{"id":597,"date":"2026-02-14T10:31:41","date_gmt":"2026-02-14T09:31:41","guid":{"rendered":"https:\/\/ellington-photo.com\/ErosWalker\/?page_id=597"},"modified":"2026-02-16T12:04:31","modified_gmt":"2026-02-16T11:04:31","slug":"linconnu-de-la-montagne-noire-14","status":"publish","type":"page","link":"https:\/\/ellington-photo.com\/ErosWalker\/linconnu-de-la-montagne-noire-14\/","title":{"rendered":"L&rsquo;inconnu de la Montagne Noire (14)"},"content":{"rendered":"\n<p class=\"has-medium-font-size\"><strong>Jeudi 2 Octobre<\/strong><\/p>\n\n\n\n<p>\u2014 Major, je crois qu\u2019on tient quelque chose sur notre inconnu.<\/p>\n\n\n\n<p>\u2014 Je vous rejoins&nbsp;!<\/p>\n\n\n\n<p>Clarisse avait install\u00e9 un projecteur dans la salle de r\u00e9union et un technicien s\u2019affairait \u00e0 connecter le vieil ordinateur retrouv\u00e9 dans la voiture la veille.<\/p>\n\n\n\n<p>\u2014 Je ne croyais pas avoir encore besoin de ces c\u00e2bles un jour, grogna le jeune homme. Voil\u00e0, je crois que \u00e7a va fonctionner comme \u00e7a.<\/p>\n\n\n\n<p>\u2014 Merci Kevin, je crois que je vais savoir comment faire maintenant.<\/p>\n\n\n\n<p>\u2014 Appelle-moi si tu as des probl\u00e8mes, je suis \u00e0 c\u00f4t\u00e9.<\/p>\n\n\n\n<p>La photo de Berlin s\u2019afficha sur l\u2019\u00e9cran, puis une multitude d\u2019icones vinrent se superposer sur l\u2019image, l\u2019une apr\u00e8s l\u2019autre.<\/p>\n\n\n\n<p>\u2014 Et dire que nous \u00e9tions heureux d\u2019avoir une de ces machines il y a trente ans&nbsp;! commenta Roumiac.<\/p>\n\n\n\n<p>\u2014 Le propri\u00e9taire de cette antiquit\u00e9 ne devait pas \u00eatre un cador en informatique, rien n\u2019est organis\u00e9, il y a des fichiers partout, difficile de s\u2019y retrouver. On a travaill\u00e9 en triant par date. Je ne sais pas s\u2019il y a des sauvegardes quelque part, mais le disque contient au moins vingt ann\u00e9es de travail.<\/p>\n\n\n\n<p>\u2014 Le gars devait imprimer tout, il doit y avoir des tonnes de papier chez lui&nbsp;! lan\u00e7a le major.<\/p>\n\n\n\n<p>\u2014 Les noms des documents ne sont pas tr\u00e8s explicites, il y a des lieux, des noms de personnes, des unit\u00e9s militaires. Kaiser devait utiliser cet ordinateur comme une machine \u00e0 \u00e9crire et g\u00e9rer ses dossiers ailleurs, en effet. On a fouill\u00e9 un peu au hasard, mais bien s\u00fbr tout est en allemand. Pas facile de se faire une id\u00e9e, m\u00eame avec Google. Il nous faudrait quelqu\u2019un qui pourrait lire rapidement.<\/p>\n\n\n\n<p>\u2014 Je vais demander au procureur s\u2019il peut nous trouver un interpr\u00e8te, proposa Olivier.<\/p>\n\n\n\n<p>\u2014 On a quand m\u00eame trouv\u00e9 \u00e7a, annon\u00e7a Clarisse en ouvrant un fichier.<\/p>\n\n\n\n<p>L\u2019\u00e9cran s\u2019ouvrit sur une page de texte, on pouvait comprendre que c\u2019\u00e9tait un programme de voyage. Des dates, des adresses et des horaires de transport.<\/p>\n\n\n\n<p>\u2014 De Berlin \u00e0 Paris, le 13 septembre, EasyJet. Paris-Austerlitz, train de nuit pour Toulouse le 14. Location de voiture SIXT, H\u00f4tel Miredame \u00e0 Castres du 15 au 23 septembre. On sait comment il est arriv\u00e9, \u00e9non\u00e7a l\u2019adjudante, mais ce qui est curieux, c\u2019est que le retour n\u2019est pas list\u00e9.<\/p>\n\n\n\n<p>\u2014 Peut-\u00eatre qu\u2019il prenait des notes au jour le jour, sugg\u00e9ra Maillet.<\/p>\n\n\n\n<p>\u2014 C\u2019est une possibilit\u00e9, r\u00e9pondit le major, ou bien il n\u2019avait pas pr\u00e9vu le retour parce qu\u2019il ne savait pas comment les choses allaient se passer ici.<\/p>\n\n\n\n<p>\u2014 Oui, peut-\u00eatre, on va interroger les compagnies pour chercher s\u2019il avait un vol de retour, dit Clarisse.<\/p>\n\n\n\n<p>\u2014 Il avait quand m\u00eame pr\u00e9vu de rendre la voiture le 23, selon l\u2019agence, ajouta L\u00e9o.<\/p>\n\n\n\n<p>\u2014 Vous avez pens\u00e9 \u00e0 regarder le kilom\u00e9trage de la voiture&nbsp;? Ce serait int\u00e9ressant de voir s\u2019il a beaucoup circul\u00e9 pendant son s\u00e9jour, demanda Olivier.<\/p>\n\n\n\n<p>\u2014 Je m\u2019en occupe, dit le jeune gendarme.<\/p>\n\n\n\n<p>\u2014 Je ne pense pas que ce gars soit venu pour faire du tourisme. Il devait s\u2019int\u00e9resser \u00e0 quelque chose de bien particulier. Tu m\u2019as dit qu\u2019il publiait des articles sur les exactions des unit\u00e9s SS&nbsp;?<\/p>\n\n\n\n<p>\u2014 Oui, c\u2019est \u00e7a, r\u00e9pondit l\u2019adjudante. Il nous faudrait trouver un sp\u00e9cialiste de cette p\u00e9riode, des \u00e9v\u00e9nements qui auraient pu avoir lieu dans la r\u00e9gion, pendant la guerre.<\/p>\n\n\n\n<p>\u2014 Il y a un endroit o\u00f9 ils pourraient nous aider, r\u00e9pondit le gendarme, tu connais le Mus\u00e9e de la R\u00e9sistance de Toulouse&nbsp;? C\u2019est pr\u00e8s du pont des Demoiselles.<\/p>\n\n\n\n<p>\u2014 Non, je n\u2019y suis jamais all\u00e9, mais je peux y faire un saut.<\/p>\n\n\n\n<p>\u2014 Ils pourront s\u00fbrement te donner le nom d\u2019une personne qui saura nous aider.<\/p>\n\n\n\n<p>\u2014 Il y a des choses qui me g\u00eanent dans cette histoire, ajuta Clarisse. Notre type devait avoir pr\u00e9vu de rencontrer du monde ici, il avait forc\u00e9ment des contacts. Pour le moment, on n\u2019a ni t\u00e9l\u00e9phone ni agenda. Cet ordinateur n\u2019est pas configur\u00e9 pour se connecter \u00e0 l\u2019internet. M\u00eame si Kaiser \u00e9tait vieux jeu, il avait besoin de communiquer, d\u2019envoyer des mails. Il avait r\u00e9serv\u00e9 son h\u00f4tel sur une plateforme, c\u2019est \u00e7a&nbsp;?<\/p>\n\n\n\n<p>\u2014 Oui, c\u2019est ce que le r\u00e9ceptionniste m\u2019a dit.<\/p>\n\n\n\n<p>\u2014 OK, je vais le rappeler, il y a forc\u00e9ment une adresse mail et un num\u00e9ro de t\u00e9l\u00e9phone dans sa r\u00e9servation.<\/p>\n\n\n\n<p>\u2014 Tu as eu un retour des coll\u00e8gues allemands&nbsp;?<\/p>\n\n\n\n<p>\u2014 Non, pas encore, je vais les relancer d\u00e8s que j\u2019aurai les contacts de ce type.<\/p>\n\n\n\n<p>\u2014 Tu as examin\u00e9 le contenu de la valise&nbsp;?<\/p>\n\n\n\n<p>\u2014 Pas encore, c\u2019est sur ma <em>to do list<\/em> pour la fin de la matin\u00e9e. J\u2019ai pr\u00e9f\u00e9r\u00e9 laisser les TIJ faire leur travail avant.<\/p>\n\n\n\n<p>\u2014 Je te laisse travailler l\u00e0-dessus, je te tiens au courant d\u00e8s que je t\u2019aurai trouv\u00e9 un traducteur.<\/p>\n\n\n\n<p><a href=\"https:\/\/ellington-photo.com\/ErosWalker\/linconnu-de-la-montagne-noire-15\/\" type=\"link\" id=\"https:\/\/ellington-photo.com\/ErosWalker\/linconnu-de-la-montagne-noire-15\/\">Lire la suite<\/a><\/p>\n\n\n\n<p><\/p>\n","protected":false},"excerpt":{"rendered":"<p>Jeudi 2 Octobre \u2014 Major, je crois qu\u2019on tient quelque chose sur notre inconnu. \u2014 Je vous rejoins&nbsp;! Clarisse avait install\u00e9 un projecteur dans la salle de r\u00e9union et un technicien s\u2019affairait \u00e0 connecter le vieil ordinateur retrouv\u00e9 dans la voiture la veille. \u2014 Je &hellip; <\/p>\n","protected":false},"author":1,"featured_media":612,"parent":0,"menu_order":0,"comment_status":"closed","ping_status":"closed","template":"","meta":{"footnotes":""},"class_list":["post-597","page","type-page","status-publish","has-post-thumbnail","hentry"],"yoast_head":"<!-- This site is optimized with the Yoast SEO plugin v27.5 - https:\/\/yoast.com\/product\/yoast-seo-wordpress\/ -->\n<title>L&#039;inconnu de la Montagne Noire (14) - Eros Walker Stories<\/title>\n<meta name=\"robots\" content=\"index, follow, max-snippet:-1, max-image-preview:large, max-video-preview:-1\" \/>\n<link rel=\"canonical\" href=\"https:\/\/ellington-photo.com\/ErosWalker\/linconnu-de-la-montagne-noire-14\/\" \/>\n<meta property=\"og:locale\" content=\"fr_FR\" \/>\n<meta property=\"og:type\" content=\"article\" \/>\n<meta property=\"og:title\" content=\"L&#039;inconnu de la Montagne Noire (14) - Eros Walker Stories\" \/>\n<meta property=\"og:description\" content=\"Jeudi 2 Octobre \u2014 Major, je crois qu\u2019on tient quelque chose sur notre inconnu. \u2014 Je vous rejoins&nbsp;! Clarisse avait install\u00e9 un projecteur dans la salle de r\u00e9union et un technicien s\u2019affairait \u00e0 connecter le vieil ordinateur retrouv\u00e9 dans la voiture la veille. \u2014 Je &hellip;\" \/>\n<meta property=\"og:url\" content=\"https:\/\/ellington-photo.com\/ErosWalker\/linconnu-de-la-montagne-noire-14\/\" \/>\n<meta property=\"og:site_name\" content=\"Eros Walker Stories\" \/>\n<meta property=\"article:modified_time\" content=\"2026-02-16T11:04:31+00:00\" \/>\n<meta property=\"og:image\" content=\"https:\/\/ellington-photo.com\/ErosWalker\/wp-content\/uploads\/2026\/02\/Chapitre-14-Lordinateur-de-Kaiser.jpg\" \/>\n\t<meta property=\"og:image:width\" content=\"1024\" \/>\n\t<meta property=\"og:image:height\" content=\"768\" \/>\n\t<meta property=\"og:image:type\" content=\"image\/jpeg\" \/>\n<meta name=\"twitter:card\" content=\"summary_large_image\" \/>\n<meta name=\"twitter:label1\" content=\"Dur\u00e9e de lecture estim\u00e9e\" \/>\n\t<meta name=\"twitter:data1\" content=\"5 minutes\" \/>\n<script type=\"application\/ld+json\" class=\"yoast-schema-graph\">{\"@context\":\"https:\\\/\\\/schema.org\",\"@graph\":[{\"@type\":\"WebPage\",\"@id\":\"https:\\\/\\\/ellington-photo.com\\\/ErosWalker\\\/linconnu-de-la-montagne-noire-14\\\/\",\"url\":\"https:\\\/\\\/ellington-photo.com\\\/ErosWalker\\\/linconnu-de-la-montagne-noire-14\\\/\",\"name\":\"L'inconnu de la Montagne Noire (14) - Eros Walker Stories\",\"isPartOf\":{\"@id\":\"https:\\\/\\\/ellington-photo.com\\\/ErosWalker\\\/#website\"},\"primaryImageOfPage\":{\"@id\":\"https:\\\/\\\/ellington-photo.com\\\/ErosWalker\\\/linconnu-de-la-montagne-noire-14\\\/#primaryimage\"},\"image\":{\"@id\":\"https:\\\/\\\/ellington-photo.com\\\/ErosWalker\\\/linconnu-de-la-montagne-noire-14\\\/#primaryimage\"},\"thumbnailUrl\":\"https:\\\/\\\/ellington-photo.com\\\/ErosWalker\\\/wp-content\\\/uploads\\\/2026\\\/02\\\/Chapitre-14-Lordinateur-de-Kaiser.jpg\",\"datePublished\":\"2026-02-14T09:31:41+00:00\",\"dateModified\":\"2026-02-16T11:04:31+00:00\",\"breadcrumb\":{\"@id\":\"https:\\\/\\\/ellington-photo.com\\\/ErosWalker\\\/linconnu-de-la-montagne-noire-14\\\/#breadcrumb\"},\"inLanguage\":\"fr-FR\",\"potentialAction\":[{\"@type\":\"ReadAction\",\"target\":[\"https:\\\/\\\/ellington-photo.com\\\/ErosWalker\\\/linconnu-de-la-montagne-noire-14\\\/\"]}]},{\"@type\":\"ImageObject\",\"inLanguage\":\"fr-FR\",\"@id\":\"https:\\\/\\\/ellington-photo.com\\\/ErosWalker\\\/linconnu-de-la-montagne-noire-14\\\/#primaryimage\",\"url\":\"https:\\\/\\\/ellington-photo.com\\\/ErosWalker\\\/wp-content\\\/uploads\\\/2026\\\/02\\\/Chapitre-14-Lordinateur-de-Kaiser.jpg\",\"contentUrl\":\"https:\\\/\\\/ellington-photo.com\\\/ErosWalker\\\/wp-content\\\/uploads\\\/2026\\\/02\\\/Chapitre-14-Lordinateur-de-Kaiser.jpg\",\"width\":1024,\"height\":768},{\"@type\":\"BreadcrumbList\",\"@id\":\"https:\\\/\\\/ellington-photo.com\\\/ErosWalker\\\/linconnu-de-la-montagne-noire-14\\\/#breadcrumb\",\"itemListElement\":[{\"@type\":\"ListItem\",\"position\":1,\"name\":\"Accueil\",\"item\":\"https:\\\/\\\/ellington-photo.com\\\/ErosWalker\\\/\"},{\"@type\":\"ListItem\",\"position\":2,\"name\":\"L&rsquo;inconnu de la Montagne Noire (14)\"}]},{\"@type\":\"WebSite\",\"@id\":\"https:\\\/\\\/ellington-photo.com\\\/ErosWalker\\\/#website\",\"url\":\"https:\\\/\\\/ellington-photo.com\\\/ErosWalker\\\/\",\"name\":\"Eros Walker Stories\",\"description\":\"Litt\u00e9rature et images\",\"publisher\":{\"@id\":\"https:\\\/\\\/ellington-photo.com\\\/ErosWalker\\\/#organization\"},\"potentialAction\":[{\"@type\":\"SearchAction\",\"target\":{\"@type\":\"EntryPoint\",\"urlTemplate\":\"https:\\\/\\\/ellington-photo.com\\\/ErosWalker\\\/?s={search_term_string}\"},\"query-input\":{\"@type\":\"PropertyValueSpecification\",\"valueRequired\":true,\"valueName\":\"search_term_string\"}}],\"inLanguage\":\"fr-FR\"},{\"@type\":\"Organization\",\"@id\":\"https:\\\/\\\/ellington-photo.com\\\/ErosWalker\\\/#organization\",\"name\":\"Eros Walker Stories\",\"url\":\"https:\\\/\\\/ellington-photo.com\\\/ErosWalker\\\/\",\"logo\":{\"@type\":\"ImageObject\",\"inLanguage\":\"fr-FR\",\"@id\":\"https:\\\/\\\/ellington-photo.com\\\/ErosWalker\\\/#\\\/schema\\\/logo\\\/image\\\/\",\"url\":\"https:\\\/\\\/ellington-photo.com\\\/ErosWalker\\\/wp-content\\\/uploads\\\/2025\\\/05\\\/Chat-Noir.jpg\",\"contentUrl\":\"https:\\\/\\\/ellington-photo.com\\\/ErosWalker\\\/wp-content\\\/uploads\\\/2025\\\/05\\\/Chat-Noir.jpg\",\"width\":400,\"height\":391,\"caption\":\"Eros Walker Stories\"},\"image\":{\"@id\":\"https:\\\/\\\/ellington-photo.com\\\/ErosWalker\\\/#\\\/schema\\\/logo\\\/image\\\/\"},\"sameAs\":[\"https:\\\/\\\/www.linkedin.com\\\/in\\\/eros-walker-ab710a298\\\/\"]}]}<\/script>\n<!-- \/ Yoast SEO plugin. -->","yoast_head_json":{"title":"L'inconnu de la Montagne Noire (14) - Eros Walker Stories","robots":{"index":"index","follow":"follow","max-snippet":"max-snippet:-1","max-image-preview":"max-image-preview:large","max-video-preview":"max-video-preview:-1"},"canonical":"https:\/\/ellington-photo.com\/ErosWalker\/linconnu-de-la-montagne-noire-14\/","og_locale":"fr_FR","og_type":"article","og_title":"L'inconnu de la Montagne Noire (14) - Eros Walker Stories","og_description":"Jeudi 2 Octobre \u2014 Major, je crois qu\u2019on tient quelque chose sur notre inconnu. \u2014 Je vous rejoins&nbsp;! Clarisse avait install\u00e9 un projecteur dans la salle de r\u00e9union et un technicien s\u2019affairait \u00e0 connecter le vieil ordinateur retrouv\u00e9 dans la voiture la veille. \u2014 Je &hellip;","og_url":"https:\/\/ellington-photo.com\/ErosWalker\/linconnu-de-la-montagne-noire-14\/","og_site_name":"Eros Walker Stories","article_modified_time":"2026-02-16T11:04:31+00:00","og_image":[{"width":1024,"height":768,"url":"https:\/\/ellington-photo.com\/ErosWalker\/wp-content\/uploads\/2026\/02\/Chapitre-14-Lordinateur-de-Kaiser.jpg","type":"image\/jpeg"}],"twitter_card":"summary_large_image","twitter_misc":{"Dur\u00e9e de lecture estim\u00e9e":"5 minutes"},"schema":{"@context":"https:\/\/schema.org","@graph":[{"@type":"WebPage","@id":"https:\/\/ellington-photo.com\/ErosWalker\/linconnu-de-la-montagne-noire-14\/","url":"https:\/\/ellington-photo.com\/ErosWalker\/linconnu-de-la-montagne-noire-14\/","name":"L'inconnu de la Montagne Noire (14) - Eros Walker Stories","isPartOf":{"@id":"https:\/\/ellington-photo.com\/ErosWalker\/#website"},"primaryImageOfPage":{"@id":"https:\/\/ellington-photo.com\/ErosWalker\/linconnu-de-la-montagne-noire-14\/#primaryimage"},"image":{"@id":"https:\/\/ellington-photo.com\/ErosWalker\/linconnu-de-la-montagne-noire-14\/#primaryimage"},"thumbnailUrl":"https:\/\/ellington-photo.com\/ErosWalker\/wp-content\/uploads\/2026\/02\/Chapitre-14-Lordinateur-de-Kaiser.jpg","datePublished":"2026-02-14T09:31:41+00:00","dateModified":"2026-02-16T11:04:31+00:00","breadcrumb":{"@id":"https:\/\/ellington-photo.com\/ErosWalker\/linconnu-de-la-montagne-noire-14\/#breadcrumb"},"inLanguage":"fr-FR","potentialAction":[{"@type":"ReadAction","target":["https:\/\/ellington-photo.com\/ErosWalker\/linconnu-de-la-montagne-noire-14\/"]}]},{"@type":"ImageObject","inLanguage":"fr-FR","@id":"https:\/\/ellington-photo.com\/ErosWalker\/linconnu-de-la-montagne-noire-14\/#primaryimage","url":"https:\/\/ellington-photo.com\/ErosWalker\/wp-content\/uploads\/2026\/02\/Chapitre-14-Lordinateur-de-Kaiser.jpg","contentUrl":"https:\/\/ellington-photo.com\/ErosWalker\/wp-content\/uploads\/2026\/02\/Chapitre-14-Lordinateur-de-Kaiser.jpg","width":1024,"height":768},{"@type":"BreadcrumbList","@id":"https:\/\/ellington-photo.com\/ErosWalker\/linconnu-de-la-montagne-noire-14\/#breadcrumb","itemListElement":[{"@type":"ListItem","position":1,"name":"Accueil","item":"https:\/\/ellington-photo.com\/ErosWalker\/"},{"@type":"ListItem","position":2,"name":"L&rsquo;inconnu de la Montagne Noire (14)"}]},{"@type":"WebSite","@id":"https:\/\/ellington-photo.com\/ErosWalker\/#website","url":"https:\/\/ellington-photo.com\/ErosWalker\/","name":"Eros Walker Stories","description":"Litt\u00e9rature et images","publisher":{"@id":"https:\/\/ellington-photo.com\/ErosWalker\/#organization"},"potentialAction":[{"@type":"SearchAction","target":{"@type":"EntryPoint","urlTemplate":"https:\/\/ellington-photo.com\/ErosWalker\/?s={search_term_string}"},"query-input":{"@type":"PropertyValueSpecification","valueRequired":true,"valueName":"search_term_string"}}],"inLanguage":"fr-FR"},{"@type":"Organization","@id":"https:\/\/ellington-photo.com\/ErosWalker\/#organization","name":"Eros Walker Stories","url":"https:\/\/ellington-photo.com\/ErosWalker\/","logo":{"@type":"ImageObject","inLanguage":"fr-FR","@id":"https:\/\/ellington-photo.com\/ErosWalker\/#\/schema\/logo\/image\/","url":"https:\/\/ellington-photo.com\/ErosWalker\/wp-content\/uploads\/2025\/05\/Chat-Noir.jpg","contentUrl":"https:\/\/ellington-photo.com\/ErosWalker\/wp-content\/uploads\/2025\/05\/Chat-Noir.jpg","width":400,"height":391,"caption":"Eros Walker Stories"},"image":{"@id":"https:\/\/ellington-photo.com\/ErosWalker\/#\/schema\/logo\/image\/"},"sameAs":["https:\/\/www.linkedin.com\/in\/eros-walker-ab710a298\/"]}]}},"_links":{"self":[{"href":"https:\/\/ellington-photo.com\/ErosWalker\/wp-json\/wp\/v2\/pages\/597","targetHints":{"allow":["GET"]}}],"collection":[{"href":"https:\/\/ellington-photo.com\/ErosWalker\/wp-json\/wp\/v2\/pages"}],"about":[{"href":"https:\/\/ellington-photo.com\/ErosWalker\/wp-json\/wp\/v2\/types\/page"}],"author":[{"embeddable":true,"href":"https:\/\/ellington-photo.com\/ErosWalker\/wp-json\/wp\/v2\/users\/1"}],"replies":[{"embeddable":true,"href":"https:\/\/ellington-photo.com\/ErosWalker\/wp-json\/wp\/v2\/comments?post=597"}],"version-history":[{"count":6,"href":"https:\/\/ellington-photo.com\/ErosWalker\/wp-json\/wp\/v2\/pages\/597\/revisions"}],"predecessor-version":[{"id":619,"href":"https:\/\/ellington-photo.com\/ErosWalker\/wp-json\/wp\/v2\/pages\/597\/revisions\/619"}],"wp:featuredmedia":[{"embeddable":true,"href":"https:\/\/ellington-photo.com\/ErosWalker\/wp-json\/wp\/v2\/media\/612"}],"wp:attachment":[{"href":"https:\/\/ellington-photo.com\/ErosWalker\/wp-json\/wp\/v2\/media?parent=597"}],"curies":[{"name":"wp","href":"https:\/\/api.w.org\/{rel}","templated":true}]}}