{"id":559,"date":"2026-01-26T11:16:31","date_gmt":"2026-01-26T10:16:31","guid":{"rendered":"https:\/\/ellington-photo.com\/ErosWalker\/?page_id=559"},"modified":"2026-02-01T11:13:44","modified_gmt":"2026-02-01T10:13:44","slug":"linconnu-de-la-montagne-noire-7","status":"publish","type":"page","link":"https:\/\/ellington-photo.com\/ErosWalker\/linconnu-de-la-montagne-noire-7\/","title":{"rendered":"L&rsquo;inconnu de la Montagne Noire (7)"},"content":{"rendered":"\n<p class=\"has-medium-font-size\"><strong>Chapitre 7<\/strong><\/p>\n\n\n\n<p class=\"has-medium-font-size\"><strong>Mardi 30 septembre<\/strong><\/p>\n\n\n\n<p>L\u2019adjudante Clarisse Dumaine prit le post-it que lui tendait Olivier Roumiac.<\/p>\n\n\n\n<p>\u2014 Tu passes voir les grattous, ils ont r\u00e9cup\u00e9r\u00e9 une cl\u00e9 de voiture SIXT dans la poche de notre gars. Si ce qu\u2019a dit l\u2019h\u00f4telier est correct, ce devrait \u00eatre une Golf bleue. Interroge le loueur pour savoir o\u00f9 et quand ce v\u00e9hicule a \u00e9t\u00e9 pris, et \u00e0 qui il a \u00e9t\u00e9 lou\u00e9. L\u2019individu s\u2019est pr\u00e9sent\u00e9 \u00e0 l\u2019h\u00f4tel sous le nom de Klaus Bauer, mais le r\u00e9ceptionniste n\u2019a pas contr\u00f4l\u00e9 son identit\u00e9. Ensuite, tu lances un avis de recherche dans la r\u00e9gion pour la retrouver.<\/p>\n\n\n\n<p>\u2014 Tu veux que je commence par o\u00f9&nbsp;? L\u2019a\u00e9roport&nbsp;? Si ce type est Allemand, il est peut-\u00eatre arriv\u00e9 en avion.<\/p>\n\n\n\n<p>\u2014 Oui, pourquoi pas, interroge \u00e9galement les compagnies a\u00e9riennes.<\/p>\n\n\n\n<p>\u2014 Je pourrais \u00e9galement contacter nos coll\u00e8gues \u00e0 Castres, la voiture est peut-\u00eatre rest\u00e9e l\u00e0. Il a quitt\u00e9 son h\u00f4tel il y a une semaine, s\u2019il n\u2019est pas parti en voiture, ils l\u2019ont sans doute rep\u00e9r\u00e9e.<\/p>\n\n\n\n<p>\u2014 Vois aussi avec la police municipale. On fait un point en fin de journ\u00e9e, moi je vais faire un tour \u00e0 Rangueil pour l\u2019autopsie.<\/p>\n\n\n\n<p>Le major se contenta d\u2019un d\u00e9jeuner l\u00e9ger, n\u2019\u00e9tant pas vraiment ravi d\u2019une autopsie en d\u00e9but d\u2019apr\u00e8s-midi. Malureau lui avait donn\u00e9 rendez-vous \u00e0 quatorze heures. Quand il se pr\u00e9senta \u00e0 l\u2019Institut M\u00e9dico-L\u00e9gal, le travail avait d\u00e9j\u00e0 commenc\u00e9.<\/p>\n\n\n\n<p>\u2014 On a pris un peu d\u2019avance, d\u00e9clara le l\u00e9giste, mais vous n\u2019avez rien manqu\u00e9. Juste les constatations d\u2019usage, mensurations, vous connaissez. Nous avons \u00e9galement pratiqu\u00e9 les clich\u00e9s radiographiques, je viens juste de recevoir les images, on va pouvoir jeter un coup d\u2019\u0153il ensemble.<\/p>\n\n\n\n<p>\u2014 Allons-y, valida Oliver tandis que le m\u00e9decin affichait les images sur un grand \u00e9cran.<\/p>\n\n\n\n<p>Le gendarme laissa Malureau observer les images, zoomant sur certaines zones.<\/p>\n\n\n\n<p>\u2014 L\u00e0, dit le m\u00e9decin en entourant une zone sur l\u2019\u00e9cran. C\u2019est elle, la balle manquante.<\/p>\n\n\n\n<p>Roumiac regarda attentivement, au niveau d\u2019une vert\u00e8bre, \u00e0 la hauteur du c\u0153ur, un point sombre \u00e9tait nettement visible.<\/p>\n\n\n\n<p>\u00ab&nbsp;Nous irons la chercher tout \u00e0 l\u2019heure.&nbsp;\u00bb<\/p>\n\n\n\n<p>Le m\u00e9decin continua son examen, sans autre commentaire avant de passer \u00e0 une autre clich\u00e9, montrant un panoramique dentaire.<\/p>\n\n\n\n<p>\u2014 C\u2019est pas du beau travail, commenta Malureau, \u00e7a n\u2019a s\u00fbrement pas \u00e9t\u00e9 fait chez nous&nbsp;! On dirait les techniques sovi\u00e9tiques des ann\u00e9es soixante.<\/p>\n\n\n\n<p>\u2014 On pense que notre client \u00e9tait Allemand.<\/p>\n\n\n\n<p>\u2014 RDA, dans ce cas. Vu l\u2019\u00e2ge, \u00e7a peut coller. Ce type est n\u00e9 et \u00e0 grandi avant la chute du Mur. Passons \u00e0 l\u2019examen du corps.<\/p>\n\n\n\n<p>Le l\u00e9giste commen\u00e7a par un examen visuel, enregistrant ses commentaires en continu. Apr\u00e8s quelques minutes, il fit une pause pour partager ses constatations avec le major.<\/p>\n\n\n\n<p>\u2014 Comme vous avez pu le voir, nous avons bien trois impacts \u00e0 la hauteur du thorax, \u00e0 quelques centim\u00e8tres de distance. Une balle est rentr\u00e9e sous la clavicule droite, une autre au niveau du c\u0153ur, sans doute le projectile fatal, la troisi\u00e8me balle est un peu plus bas, proche du sternum. Le tir n\u2019a pas \u00e9t\u00e9 fait \u00e0 tr\u00e8s courte distance, il n\u2019y a pas de brulure ni de traces de poudre visible.<\/p>\n\n\n\n<p>\u2014 C\u2019est \u00e9galement ce qu\u2019ont dit les techniciens au vu des v\u00eatements.<\/p>\n\n\n\n<p>\u2014 Ce n\u2019est s\u00fbrement pas l\u2019affaire d\u2019un tireur d\u2019\u00e9lite, le groupement est m\u00e9diocre. Je ne suis pas expert en balistique, mais j\u2019ai vu assez de morts par balle pour reconnaitre les ex\u00e9cutions dans le milieu. Le gars que vous recherchez n\u2019est pas un pro, ou alors, ils \u00e9taient plusieurs.<\/p>\n\n\n\n<p>\u2014 Pour le moment, nous n\u2019avons aucune piste.<\/p>\n\n\n\n<p>\u2014 Bon, je m\u2019occuperai des visc\u00e8res plus tard, je crois que ce qui vous int\u00e9resse, c\u2019est ce petit morceau de plomb. Je vais vous sortir \u00e7a&nbsp;!<\/p>\n\n\n\n<p>Il fallu un long moment avant que Malureau ne l\u00e2che l\u2019objet dans une coupelle m\u00e9tallique. La balle s\u2019\u00e9tait un peu \u00e9cras\u00e9e au contact de l\u2019os, mais restait assez bien conserv\u00e9e.<\/p>\n\n\n\n<p>\u2014 Vos gars confirmeront, mais on dirait du 9mm, commenta le l\u00e9giste.<\/p>\n\n\n\n<p>\u2014 Vous me le confiez&nbsp;? demanda Olivier.<\/p>\n\n\n\n<p>\u2014 Le temps de r\u00e9aliser quelques photos et de sceller le sachet. Vous devrez signer le formulaire, mon assistant sera t\u00e9moin.<\/p>\n\n\n\n<p>\u2014 Ne vous inqui\u00e9tez pas, je connais la proc\u00e9dure.<\/p>\n\n\n\n<p>Deux heures plus tard, le major Roumiac regardait le technicien s\u2019affairer sur son microscope.<\/p>\n\n\n\n<p>\u00ab&nbsp;C\u2019est bien du 9mm, probablement du 9&#215;19 Parabellum. Je vais entrer les images dans IBIS, on verra ce qu\u2019il en sort.&nbsp;\u00bb<\/p>\n\n\n\n<p>Quelques instants plus tard, l\u2019\u00e9cran afficha sa r\u00e9ponse. Il n\u2019y avait pas de correspondance absolue, mais le logiciel sugg\u00e9rait que l\u2019arme pouvait \u00eatre un Luger P08. Il \u00ab\u00e9tait pr\u00e9cis\u00e9 que la munition ne correspondait pas aux standards modernes.<\/p>\n\n\n\n<p>\u2014 Une arme de la derni\u00e8re guerre, proposa le technicien. Il y en a eu un paquet dans le coin, les Allemands en avaient tous et les maquisards en ont r\u00e9cup\u00e9r\u00e9 pas mal. Il doit y en avoir encore dans les fermes.<\/p>\n\n\n\n<p>\u2014&nbsp; Un Allemand tu\u00e9 par une arme allemande, il va falloir qu\u2019on explore s\u00e9rieusement cette voie, conclut Oliver.<\/p>\n\n\n\n<p><a href=\"https:\/\/ellington-photo.com\/ErosWalker\/linconnu-de-la-montagne-noire-8\/\">Lire la suite<\/a><\/p>\n\n\n\n<p><\/p>\n","protected":false},"excerpt":{"rendered":"<p>Chapitre 7 Mardi 30 septembre L\u2019adjudante Clarisse Dumaine prit le post-it que lui tendait Olivier Roumiac. \u2014 Tu passes voir les grattous, ils ont r\u00e9cup\u00e9r\u00e9 une cl\u00e9 de voiture SIXT dans la poche de notre gars. Si ce qu\u2019a dit l\u2019h\u00f4telier est correct, ce devrait &hellip; <\/p>\n","protected":false},"author":1,"featured_media":562,"parent":0,"menu_order":0,"comment_status":"closed","ping_status":"closed","template":"","meta":{"footnotes":""},"class_list":["post-559","page","type-page","status-publish","has-post-thumbnail","hentry"],"yoast_head":"<!-- This site is optimized with the Yoast SEO plugin v27.5 - https:\/\/yoast.com\/product\/yoast-seo-wordpress\/ -->\n<title>L&#039;inconnu de la Montagne Noire (7) - Eros Walker Stories<\/title>\n<meta name=\"robots\" content=\"index, follow, max-snippet:-1, max-image-preview:large, max-video-preview:-1\" \/>\n<link rel=\"canonical\" href=\"https:\/\/ellington-photo.com\/ErosWalker\/linconnu-de-la-montagne-noire-7\/\" \/>\n<meta property=\"og:locale\" content=\"fr_FR\" \/>\n<meta property=\"og:type\" content=\"article\" \/>\n<meta property=\"og:title\" content=\"L&#039;inconnu de la Montagne Noire (7) - Eros Walker Stories\" \/>\n<meta property=\"og:description\" content=\"Chapitre 7 Mardi 30 septembre L\u2019adjudante Clarisse Dumaine prit le post-it que lui tendait Olivier Roumiac. \u2014 Tu passes voir les grattous, ils ont r\u00e9cup\u00e9r\u00e9 une cl\u00e9 de voiture SIXT dans la poche de notre gars. Si ce qu\u2019a dit l\u2019h\u00f4telier est correct, ce devrait &hellip;\" \/>\n<meta property=\"og:url\" content=\"https:\/\/ellington-photo.com\/ErosWalker\/linconnu-de-la-montagne-noire-7\/\" \/>\n<meta property=\"og:site_name\" content=\"Eros Walker Stories\" \/>\n<meta property=\"article:modified_time\" content=\"2026-02-01T10:13:44+00:00\" \/>\n<meta property=\"og:image\" content=\"https:\/\/ellington-photo.com\/ErosWalker\/wp-content\/uploads\/2026\/01\/Chapitre-7-Lautopsie.jpg\" \/>\n\t<meta property=\"og:image:width\" content=\"1024\" \/>\n\t<meta property=\"og:image:height\" content=\"768\" \/>\n\t<meta property=\"og:image:type\" content=\"image\/jpeg\" \/>\n<meta name=\"twitter:card\" content=\"summary_large_image\" \/>\n<meta name=\"twitter:label1\" content=\"Dur\u00e9e de lecture estim\u00e9e\" \/>\n\t<meta name=\"twitter:data1\" content=\"5 minutes\" \/>\n<script type=\"application\/ld+json\" class=\"yoast-schema-graph\">{\"@context\":\"https:\\\/\\\/schema.org\",\"@graph\":[{\"@type\":\"WebPage\",\"@id\":\"https:\\\/\\\/ellington-photo.com\\\/ErosWalker\\\/linconnu-de-la-montagne-noire-7\\\/\",\"url\":\"https:\\\/\\\/ellington-photo.com\\\/ErosWalker\\\/linconnu-de-la-montagne-noire-7\\\/\",\"name\":\"L'inconnu de la Montagne Noire (7) - Eros Walker Stories\",\"isPartOf\":{\"@id\":\"https:\\\/\\\/ellington-photo.com\\\/ErosWalker\\\/#website\"},\"primaryImageOfPage\":{\"@id\":\"https:\\\/\\\/ellington-photo.com\\\/ErosWalker\\\/linconnu-de-la-montagne-noire-7\\\/#primaryimage\"},\"image\":{\"@id\":\"https:\\\/\\\/ellington-photo.com\\\/ErosWalker\\\/linconnu-de-la-montagne-noire-7\\\/#primaryimage\"},\"thumbnailUrl\":\"https:\\\/\\\/ellington-photo.com\\\/ErosWalker\\\/wp-content\\\/uploads\\\/2026\\\/01\\\/Chapitre-7-Lautopsie.jpg\",\"datePublished\":\"2026-01-26T10:16:31+00:00\",\"dateModified\":\"2026-02-01T10:13:44+00:00\",\"breadcrumb\":{\"@id\":\"https:\\\/\\\/ellington-photo.com\\\/ErosWalker\\\/linconnu-de-la-montagne-noire-7\\\/#breadcrumb\"},\"inLanguage\":\"fr-FR\",\"potentialAction\":[{\"@type\":\"ReadAction\",\"target\":[\"https:\\\/\\\/ellington-photo.com\\\/ErosWalker\\\/linconnu-de-la-montagne-noire-7\\\/\"]}]},{\"@type\":\"ImageObject\",\"inLanguage\":\"fr-FR\",\"@id\":\"https:\\\/\\\/ellington-photo.com\\\/ErosWalker\\\/linconnu-de-la-montagne-noire-7\\\/#primaryimage\",\"url\":\"https:\\\/\\\/ellington-photo.com\\\/ErosWalker\\\/wp-content\\\/uploads\\\/2026\\\/01\\\/Chapitre-7-Lautopsie.jpg\",\"contentUrl\":\"https:\\\/\\\/ellington-photo.com\\\/ErosWalker\\\/wp-content\\\/uploads\\\/2026\\\/01\\\/Chapitre-7-Lautopsie.jpg\",\"width\":1024,\"height\":768},{\"@type\":\"BreadcrumbList\",\"@id\":\"https:\\\/\\\/ellington-photo.com\\\/ErosWalker\\\/linconnu-de-la-montagne-noire-7\\\/#breadcrumb\",\"itemListElement\":[{\"@type\":\"ListItem\",\"position\":1,\"name\":\"Accueil\",\"item\":\"https:\\\/\\\/ellington-photo.com\\\/ErosWalker\\\/\"},{\"@type\":\"ListItem\",\"position\":2,\"name\":\"L&rsquo;inconnu de la Montagne Noire (7)\"}]},{\"@type\":\"WebSite\",\"@id\":\"https:\\\/\\\/ellington-photo.com\\\/ErosWalker\\\/#website\",\"url\":\"https:\\\/\\\/ellington-photo.com\\\/ErosWalker\\\/\",\"name\":\"Eros Walker Stories\",\"description\":\"Litt\u00e9rature et images\",\"publisher\":{\"@id\":\"https:\\\/\\\/ellington-photo.com\\\/ErosWalker\\\/#organization\"},\"potentialAction\":[{\"@type\":\"SearchAction\",\"target\":{\"@type\":\"EntryPoint\",\"urlTemplate\":\"https:\\\/\\\/ellington-photo.com\\\/ErosWalker\\\/?s={search_term_string}\"},\"query-input\":{\"@type\":\"PropertyValueSpecification\",\"valueRequired\":true,\"valueName\":\"search_term_string\"}}],\"inLanguage\":\"fr-FR\"},{\"@type\":\"Organization\",\"@id\":\"https:\\\/\\\/ellington-photo.com\\\/ErosWalker\\\/#organization\",\"name\":\"Eros Walker Stories\",\"url\":\"https:\\\/\\\/ellington-photo.com\\\/ErosWalker\\\/\",\"logo\":{\"@type\":\"ImageObject\",\"inLanguage\":\"fr-FR\",\"@id\":\"https:\\\/\\\/ellington-photo.com\\\/ErosWalker\\\/#\\\/schema\\\/logo\\\/image\\\/\",\"url\":\"https:\\\/\\\/ellington-photo.com\\\/ErosWalker\\\/wp-content\\\/uploads\\\/2025\\\/05\\\/Chat-Noir.jpg\",\"contentUrl\":\"https:\\\/\\\/ellington-photo.com\\\/ErosWalker\\\/wp-content\\\/uploads\\\/2025\\\/05\\\/Chat-Noir.jpg\",\"width\":400,\"height\":391,\"caption\":\"Eros Walker Stories\"},\"image\":{\"@id\":\"https:\\\/\\\/ellington-photo.com\\\/ErosWalker\\\/#\\\/schema\\\/logo\\\/image\\\/\"},\"sameAs\":[\"https:\\\/\\\/www.linkedin.com\\\/in\\\/eros-walker-ab710a298\\\/\"]}]}<\/script>\n<!-- \/ Yoast SEO plugin. -->","yoast_head_json":{"title":"L'inconnu de la Montagne Noire (7) - Eros Walker Stories","robots":{"index":"index","follow":"follow","max-snippet":"max-snippet:-1","max-image-preview":"max-image-preview:large","max-video-preview":"max-video-preview:-1"},"canonical":"https:\/\/ellington-photo.com\/ErosWalker\/linconnu-de-la-montagne-noire-7\/","og_locale":"fr_FR","og_type":"article","og_title":"L'inconnu de la Montagne Noire (7) - Eros Walker Stories","og_description":"Chapitre 7 Mardi 30 septembre L\u2019adjudante Clarisse Dumaine prit le post-it que lui tendait Olivier Roumiac. \u2014 Tu passes voir les grattous, ils ont r\u00e9cup\u00e9r\u00e9 une cl\u00e9 de voiture SIXT dans la poche de notre gars. Si ce qu\u2019a dit l\u2019h\u00f4telier est correct, ce devrait &hellip;","og_url":"https:\/\/ellington-photo.com\/ErosWalker\/linconnu-de-la-montagne-noire-7\/","og_site_name":"Eros Walker Stories","article_modified_time":"2026-02-01T10:13:44+00:00","og_image":[{"width":1024,"height":768,"url":"https:\/\/ellington-photo.com\/ErosWalker\/wp-content\/uploads\/2026\/01\/Chapitre-7-Lautopsie.jpg","type":"image\/jpeg"}],"twitter_card":"summary_large_image","twitter_misc":{"Dur\u00e9e de lecture estim\u00e9e":"5 minutes"},"schema":{"@context":"https:\/\/schema.org","@graph":[{"@type":"WebPage","@id":"https:\/\/ellington-photo.com\/ErosWalker\/linconnu-de-la-montagne-noire-7\/","url":"https:\/\/ellington-photo.com\/ErosWalker\/linconnu-de-la-montagne-noire-7\/","name":"L'inconnu de la Montagne Noire (7) - Eros Walker Stories","isPartOf":{"@id":"https:\/\/ellington-photo.com\/ErosWalker\/#website"},"primaryImageOfPage":{"@id":"https:\/\/ellington-photo.com\/ErosWalker\/linconnu-de-la-montagne-noire-7\/#primaryimage"},"image":{"@id":"https:\/\/ellington-photo.com\/ErosWalker\/linconnu-de-la-montagne-noire-7\/#primaryimage"},"thumbnailUrl":"https:\/\/ellington-photo.com\/ErosWalker\/wp-content\/uploads\/2026\/01\/Chapitre-7-Lautopsie.jpg","datePublished":"2026-01-26T10:16:31+00:00","dateModified":"2026-02-01T10:13:44+00:00","breadcrumb":{"@id":"https:\/\/ellington-photo.com\/ErosWalker\/linconnu-de-la-montagne-noire-7\/#breadcrumb"},"inLanguage":"fr-FR","potentialAction":[{"@type":"ReadAction","target":["https:\/\/ellington-photo.com\/ErosWalker\/linconnu-de-la-montagne-noire-7\/"]}]},{"@type":"ImageObject","inLanguage":"fr-FR","@id":"https:\/\/ellington-photo.com\/ErosWalker\/linconnu-de-la-montagne-noire-7\/#primaryimage","url":"https:\/\/ellington-photo.com\/ErosWalker\/wp-content\/uploads\/2026\/01\/Chapitre-7-Lautopsie.jpg","contentUrl":"https:\/\/ellington-photo.com\/ErosWalker\/wp-content\/uploads\/2026\/01\/Chapitre-7-Lautopsie.jpg","width":1024,"height":768},{"@type":"BreadcrumbList","@id":"https:\/\/ellington-photo.com\/ErosWalker\/linconnu-de-la-montagne-noire-7\/#breadcrumb","itemListElement":[{"@type":"ListItem","position":1,"name":"Accueil","item":"https:\/\/ellington-photo.com\/ErosWalker\/"},{"@type":"ListItem","position":2,"name":"L&rsquo;inconnu de la Montagne Noire (7)"}]},{"@type":"WebSite","@id":"https:\/\/ellington-photo.com\/ErosWalker\/#website","url":"https:\/\/ellington-photo.com\/ErosWalker\/","name":"Eros Walker Stories","description":"Litt\u00e9rature et images","publisher":{"@id":"https:\/\/ellington-photo.com\/ErosWalker\/#organization"},"potentialAction":[{"@type":"SearchAction","target":{"@type":"EntryPoint","urlTemplate":"https:\/\/ellington-photo.com\/ErosWalker\/?s={search_term_string}"},"query-input":{"@type":"PropertyValueSpecification","valueRequired":true,"valueName":"search_term_string"}}],"inLanguage":"fr-FR"},{"@type":"Organization","@id":"https:\/\/ellington-photo.com\/ErosWalker\/#organization","name":"Eros Walker Stories","url":"https:\/\/ellington-photo.com\/ErosWalker\/","logo":{"@type":"ImageObject","inLanguage":"fr-FR","@id":"https:\/\/ellington-photo.com\/ErosWalker\/#\/schema\/logo\/image\/","url":"https:\/\/ellington-photo.com\/ErosWalker\/wp-content\/uploads\/2025\/05\/Chat-Noir.jpg","contentUrl":"https:\/\/ellington-photo.com\/ErosWalker\/wp-content\/uploads\/2025\/05\/Chat-Noir.jpg","width":400,"height":391,"caption":"Eros Walker Stories"},"image":{"@id":"https:\/\/ellington-photo.com\/ErosWalker\/#\/schema\/logo\/image\/"},"sameAs":["https:\/\/www.linkedin.com\/in\/eros-walker-ab710a298\/"]}]}},"_links":{"self":[{"href":"https:\/\/ellington-photo.com\/ErosWalker\/wp-json\/wp\/v2\/pages\/559","targetHints":{"allow":["GET"]}}],"collection":[{"href":"https:\/\/ellington-photo.com\/ErosWalker\/wp-json\/wp\/v2\/pages"}],"about":[{"href":"https:\/\/ellington-photo.com\/ErosWalker\/wp-json\/wp\/v2\/types\/page"}],"author":[{"embeddable":true,"href":"https:\/\/ellington-photo.com\/ErosWalker\/wp-json\/wp\/v2\/users\/1"}],"replies":[{"embeddable":true,"href":"https:\/\/ellington-photo.com\/ErosWalker\/wp-json\/wp\/v2\/comments?post=559"}],"version-history":[{"count":3,"href":"https:\/\/ellington-photo.com\/ErosWalker\/wp-json\/wp\/v2\/pages\/559\/revisions"}],"predecessor-version":[{"id":571,"href":"https:\/\/ellington-photo.com\/ErosWalker\/wp-json\/wp\/v2\/pages\/559\/revisions\/571"}],"wp:featuredmedia":[{"embeddable":true,"href":"https:\/\/ellington-photo.com\/ErosWalker\/wp-json\/wp\/v2\/media\/562"}],"wp:attachment":[{"href":"https:\/\/ellington-photo.com\/ErosWalker\/wp-json\/wp\/v2\/media?parent=559"}],"curies":[{"name":"wp","href":"https:\/\/api.w.org\/{rel}","templated":true}]}}