{"id":468,"date":"2025-05-06T16:48:11","date_gmt":"2025-05-06T14:48:11","guid":{"rendered":"https:\/\/ellington-photo.com\/ErosWalker\/?page_id=468"},"modified":"2025-05-12T10:04:36","modified_gmt":"2025-05-12T08:04:36","slug":"dernier-set-8","status":"publish","type":"page","link":"https:\/\/ellington-photo.com\/ErosWalker\/dernier-set-8\/","title":{"rendered":"Dernier Set (8)"},"content":{"rendered":"\n<h1 class=\"wp-block-heading\"><a>Filature<\/a><\/h1>\n\n\n\n<p><strong>West Hollywood, Los Angeles<\/strong><\/p>\n\n\n\n<p>Nash franchit la porte quelques instants apr\u00e8s les deux hommes. Il les vit prendre le temps d\u2019allumer une cigarette avant de se diriger vers l\u2019ouest. Ils march\u00e8rent jusqu\u2019au coin du bloc et tourn\u00e8rent sur leur droite. Nash savait qu\u2019il y avait un parking \u00e0 quelques m\u00e8tres du croisement. Les gros bras devaient y avoir laiss\u00e9 leur v\u00e9hicule. Il leur faudrait quelques minutes pour rejoindre leur voiture, retrouver la sortie et payer le stationnement. Nash prit le pari et se dirigea vers sa moto gar\u00e9e \u00e0 proximit\u00e9. Il s\u2019engagea \u00e0 son tour dans la rue \u00e0 faible vitesse et attendit pr\u00e8s de la barri\u00e8re. Celle-ci s\u2019ouvrit bient\u00f4t pour laisser le passage \u00e0 une Dodge Charger noire. Le motard reconnut la silhouette du grand costaud au volant, dans la lumi\u00e8re des r\u00e9verb\u00e8res. Pari gagnant ! La Dodge prit vers le nord, \u00e9vitant \u00e0 Nash de faire demi-tour. Au premier carrefour, il se rapprocha suffisamment pour lire la plaque, <em>4PNK680<\/em>. Ce pouvait bien s\u00fbr \u00eatre une fausse plaque, mais Nash se dit que ces gars n\u2019avaient pas de raison de prendre de risque en jouant \u00e0 ce jeu-l\u00e0. Confiant dans sa m\u00e9moire, il se laissa distancer pour ne pas \u00e9veiller l\u2019attention. La circulation \u00e9tait fluide \u00e0 cette heure avanc\u00e9e, m\u00eame pour Hollywood, Nash n\u2019avait pas de mal \u00e0 suivre la voiture qui apr\u00e8s deux virages \u00e0 angle droit \u00e9tait revenue sur Santa Monica Boulevard, en direction du Pacifique. Au croisement avec La Cienega, la Dodge prit \u00e0 gauche avant de s\u2019arr\u00eater \u00e0 proximit\u00e9 d\u2019Oakwood Avenue. Nash vit les deux hommes quitter la voiture et se diriger vers un club de striptease. Il stationna sa Harley \u00e0 faible distance et fouilla dans l\u2019une des fontes pour en tirer un petit boitier \u00e9lectronique. Il activa un interrupteur, un voyant rouge s\u2019alluma bri\u00e8vement. Apr\u00e8s avoir jet\u00e9 un rapide coup d\u2019\u0153il autour de lui, il se baissa promptement pour placer le boitier sous la carrosserie. Satisfait, il reprit la moto pour aller la garer un bloc plus loin avant de sortir son mobile et de lancer une application. Un spot lumineux s\u2019afficha sur un plan, juste \u00e0 l\u2019endroit o\u00f9 la Dodge \u00e9tait arr\u00eat\u00e9e. Profitant du portable, il envoya un message \u00e0 son associ\u00e9e.<\/p>\n\n\n\n<p>\u00ab Si tu es toujours au contact du DMV, je t\u2019envoie une plaque \u00e0 identifier. 4PNK680, Dodge Charger noire, immatricul\u00e9e en Californie. J\u2019ai plac\u00e9 un traceur, je reste un peu dans le coin pour voir si \u00e7a bouge. \u00bb<\/p>\n\n\n\n<p>Nash \u00e9tait habitu\u00e9 \u00e0 de longues heures de planque. Il pouvait rester l\u00e0 un moment \u00e0 attendre que ces types ressortent. De toute fa\u00e7on, il serait assez vite fix\u00e9. S\u2019ils \u00e9taient rentr\u00e9s l\u00e0 pour boire un verre en se rin\u00e7ant l\u2019\u0153il, ils n\u2019y resteraient pas bien longtemps. Il se donna une heure. Au-del\u00e0 il rentrerait chez lui et ferait confiance au dispositif de surveillance.<\/p>\n\n\n\n<p>Il n\u2019eut pas \u00e0 attendre si longtemps, au bout d\u2019une quarantaine de minutes, il vit le point se mettre en mouvement. La Dodge se dirigeait plein sud. Nash fixa son portable sur le guidon de sa b\u00e9cane et apr\u00e8s avoir attendu le temps de franchir trois blocs, il se mit en route en conservant une bonne distance. Arriv\u00e9e au niveau de Venice Boulevard, la voiture s\u2019engagea sur la I-10 en direction de l\u2019est. Le conducteur acc\u00e9l\u00e9ra, bien au-del\u00e0 de la limite, avant de bifurquer vers la I-110, plein sud.<\/p>\n\n\n\n<p>\u00ab&nbsp;Ils filent vers le port, pensa Nash.&nbsp;\u00bb<\/p>\n\n\n\n<p>La filature continua encore un moment. Bient\u00f4t il n\u2019y eut plus de doute quand la Charger franchit Vincent Thomas Bridge. Nash vit enfin le spot s\u2019immobiliser au milieu de la zone portuaire. Il m\u00e9morisa les coordonn\u00e9es afin de v\u00e9rifier plus tard \u00e0 quelle entreprise elles correspondaient et continua sans s\u2019arr\u00eater vers Long Beach. Il ne voulait pas prendre le risque de se faire rep\u00e9rer avec son engin, en train de roder entre les containers en pleine nuit. Il prit la I-710 pour remonter vers East Los Angeles. Il en avait appris assez pour cette nuit.<\/p>\n\n\n\n<p><\/p>\n\n\n\n<p><strong><strong><strong>Chapitre suivant : <a href=\"https:\/\/ellington-photo.com\/ErosWalker\/dernier-set-4\/\"><\/a><\/strong><\/strong><\/strong><a href=\"https:\/\/ellington-photo.com\/ErosWalker\/dernier-set-9\/\"><strong><strong><strong>https:\/\/ellington-photo.com\/ErosWalker\/dernier-set-<\/strong><\/strong><\/strong>9\/<\/a><\/p>\n\n\n\n<p><\/p>\n","protected":false},"excerpt":{"rendered":"<p>Filature West Hollywood, Los Angeles Nash franchit la porte quelques instants apr\u00e8s les deux hommes. Il les vit prendre le temps d\u2019allumer une cigarette avant de se diriger vers l\u2019ouest. Ils march\u00e8rent jusqu\u2019au coin du bloc et tourn\u00e8rent sur leur droite. Nash savait qu\u2019il y &hellip; <\/p>\n","protected":false},"author":1,"featured_media":470,"parent":0,"menu_order":0,"comment_status":"closed","ping_status":"closed","template":"","meta":{"footnotes":""},"class_list":["post-468","page","type-page","status-publish","has-post-thumbnail","hentry"],"yoast_head":"<!-- This site is optimized with the Yoast SEO plugin v27.4 - https:\/\/yoast.com\/product\/yoast-seo-wordpress\/ -->\n<title>Dernier Set (8) - Eros Walker Stories<\/title>\n<meta name=\"robots\" content=\"index, follow, max-snippet:-1, max-image-preview:large, max-video-preview:-1\" \/>\n<link rel=\"canonical\" href=\"https:\/\/ellington-photo.com\/ErosWalker\/dernier-set-8\/\" \/>\n<meta property=\"og:locale\" content=\"fr_FR\" \/>\n<meta property=\"og:type\" content=\"article\" \/>\n<meta property=\"og:title\" content=\"Dernier Set (8) - Eros Walker Stories\" \/>\n<meta property=\"og:description\" content=\"Filature West Hollywood, Los Angeles Nash franchit la porte quelques instants apr\u00e8s les deux hommes. Il les vit prendre le temps d\u2019allumer une cigarette avant de se diriger vers l\u2019ouest. Ils march\u00e8rent jusqu\u2019au coin du bloc et tourn\u00e8rent sur leur droite. Nash savait qu\u2019il y &hellip;\" \/>\n<meta property=\"og:url\" content=\"https:\/\/ellington-photo.com\/ErosWalker\/dernier-set-8\/\" \/>\n<meta property=\"og:site_name\" content=\"Eros Walker Stories\" \/>\n<meta property=\"article:modified_time\" content=\"2025-05-12T08:04:36+00:00\" \/>\n<meta property=\"og:image\" content=\"https:\/\/ellington-photo.com\/ErosWalker\/wp-content\/uploads\/2025\/05\/Dernier-Set-08.jpg\" \/>\n\t<meta property=\"og:image:width\" content=\"2368\" \/>\n\t<meta property=\"og:image:height\" content=\"1792\" \/>\n\t<meta property=\"og:image:type\" content=\"image\/jpeg\" \/>\n<meta name=\"twitter:card\" content=\"summary_large_image\" \/>\n<meta name=\"twitter:label1\" content=\"Dur\u00e9e de lecture estim\u00e9e\" \/>\n\t<meta name=\"twitter:data1\" content=\"4 minutes\" \/>\n<script type=\"application\/ld+json\" class=\"yoast-schema-graph\">{\"@context\":\"https:\\\/\\\/schema.org\",\"@graph\":[{\"@type\":\"WebPage\",\"@id\":\"https:\\\/\\\/ellington-photo.com\\\/ErosWalker\\\/dernier-set-8\\\/\",\"url\":\"https:\\\/\\\/ellington-photo.com\\\/ErosWalker\\\/dernier-set-8\\\/\",\"name\":\"Dernier Set (8) - Eros Walker Stories\",\"isPartOf\":{\"@id\":\"https:\\\/\\\/ellington-photo.com\\\/ErosWalker\\\/#website\"},\"primaryImageOfPage\":{\"@id\":\"https:\\\/\\\/ellington-photo.com\\\/ErosWalker\\\/dernier-set-8\\\/#primaryimage\"},\"image\":{\"@id\":\"https:\\\/\\\/ellington-photo.com\\\/ErosWalker\\\/dernier-set-8\\\/#primaryimage\"},\"thumbnailUrl\":\"https:\\\/\\\/ellington-photo.com\\\/ErosWalker\\\/wp-content\\\/uploads\\\/2025\\\/05\\\/Dernier-Set-08.jpg\",\"datePublished\":\"2025-05-06T14:48:11+00:00\",\"dateModified\":\"2025-05-12T08:04:36+00:00\",\"breadcrumb\":{\"@id\":\"https:\\\/\\\/ellington-photo.com\\\/ErosWalker\\\/dernier-set-8\\\/#breadcrumb\"},\"inLanguage\":\"fr-FR\",\"potentialAction\":[{\"@type\":\"ReadAction\",\"target\":[\"https:\\\/\\\/ellington-photo.com\\\/ErosWalker\\\/dernier-set-8\\\/\"]}]},{\"@type\":\"ImageObject\",\"inLanguage\":\"fr-FR\",\"@id\":\"https:\\\/\\\/ellington-photo.com\\\/ErosWalker\\\/dernier-set-8\\\/#primaryimage\",\"url\":\"https:\\\/\\\/ellington-photo.com\\\/ErosWalker\\\/wp-content\\\/uploads\\\/2025\\\/05\\\/Dernier-Set-08.jpg\",\"contentUrl\":\"https:\\\/\\\/ellington-photo.com\\\/ErosWalker\\\/wp-content\\\/uploads\\\/2025\\\/05\\\/Dernier-Set-08.jpg\",\"width\":2368,\"height\":1792},{\"@type\":\"BreadcrumbList\",\"@id\":\"https:\\\/\\\/ellington-photo.com\\\/ErosWalker\\\/dernier-set-8\\\/#breadcrumb\",\"itemListElement\":[{\"@type\":\"ListItem\",\"position\":1,\"name\":\"Accueil\",\"item\":\"https:\\\/\\\/ellington-photo.com\\\/ErosWalker\\\/\"},{\"@type\":\"ListItem\",\"position\":2,\"name\":\"Dernier Set (8)\"}]},{\"@type\":\"WebSite\",\"@id\":\"https:\\\/\\\/ellington-photo.com\\\/ErosWalker\\\/#website\",\"url\":\"https:\\\/\\\/ellington-photo.com\\\/ErosWalker\\\/\",\"name\":\"Eros Walker Stories\",\"description\":\"Litt\u00e9rature et images\",\"publisher\":{\"@id\":\"https:\\\/\\\/ellington-photo.com\\\/ErosWalker\\\/#organization\"},\"potentialAction\":[{\"@type\":\"SearchAction\",\"target\":{\"@type\":\"EntryPoint\",\"urlTemplate\":\"https:\\\/\\\/ellington-photo.com\\\/ErosWalker\\\/?s={search_term_string}\"},\"query-input\":{\"@type\":\"PropertyValueSpecification\",\"valueRequired\":true,\"valueName\":\"search_term_string\"}}],\"inLanguage\":\"fr-FR\"},{\"@type\":\"Organization\",\"@id\":\"https:\\\/\\\/ellington-photo.com\\\/ErosWalker\\\/#organization\",\"name\":\"Eros Walker Stories\",\"url\":\"https:\\\/\\\/ellington-photo.com\\\/ErosWalker\\\/\",\"logo\":{\"@type\":\"ImageObject\",\"inLanguage\":\"fr-FR\",\"@id\":\"https:\\\/\\\/ellington-photo.com\\\/ErosWalker\\\/#\\\/schema\\\/logo\\\/image\\\/\",\"url\":\"https:\\\/\\\/ellington-photo.com\\\/ErosWalker\\\/wp-content\\\/uploads\\\/2025\\\/05\\\/Chat-Noir.jpg\",\"contentUrl\":\"https:\\\/\\\/ellington-photo.com\\\/ErosWalker\\\/wp-content\\\/uploads\\\/2025\\\/05\\\/Chat-Noir.jpg\",\"width\":400,\"height\":391,\"caption\":\"Eros Walker Stories\"},\"image\":{\"@id\":\"https:\\\/\\\/ellington-photo.com\\\/ErosWalker\\\/#\\\/schema\\\/logo\\\/image\\\/\"},\"sameAs\":[\"https:\\\/\\\/www.linkedin.com\\\/in\\\/eros-walker-ab710a298\\\/\"]}]}<\/script>\n<!-- \/ Yoast SEO plugin. -->","yoast_head_json":{"title":"Dernier Set (8) - Eros Walker Stories","robots":{"index":"index","follow":"follow","max-snippet":"max-snippet:-1","max-image-preview":"max-image-preview:large","max-video-preview":"max-video-preview:-1"},"canonical":"https:\/\/ellington-photo.com\/ErosWalker\/dernier-set-8\/","og_locale":"fr_FR","og_type":"article","og_title":"Dernier Set (8) - Eros Walker Stories","og_description":"Filature West Hollywood, Los Angeles Nash franchit la porte quelques instants apr\u00e8s les deux hommes. Il les vit prendre le temps d\u2019allumer une cigarette avant de se diriger vers l\u2019ouest. Ils march\u00e8rent jusqu\u2019au coin du bloc et tourn\u00e8rent sur leur droite. Nash savait qu\u2019il y &hellip;","og_url":"https:\/\/ellington-photo.com\/ErosWalker\/dernier-set-8\/","og_site_name":"Eros Walker Stories","article_modified_time":"2025-05-12T08:04:36+00:00","og_image":[{"width":2368,"height":1792,"url":"https:\/\/ellington-photo.com\/ErosWalker\/wp-content\/uploads\/2025\/05\/Dernier-Set-08.jpg","type":"image\/jpeg"}],"twitter_card":"summary_large_image","twitter_misc":{"Dur\u00e9e de lecture estim\u00e9e":"4 minutes"},"schema":{"@context":"https:\/\/schema.org","@graph":[{"@type":"WebPage","@id":"https:\/\/ellington-photo.com\/ErosWalker\/dernier-set-8\/","url":"https:\/\/ellington-photo.com\/ErosWalker\/dernier-set-8\/","name":"Dernier Set (8) - Eros Walker Stories","isPartOf":{"@id":"https:\/\/ellington-photo.com\/ErosWalker\/#website"},"primaryImageOfPage":{"@id":"https:\/\/ellington-photo.com\/ErosWalker\/dernier-set-8\/#primaryimage"},"image":{"@id":"https:\/\/ellington-photo.com\/ErosWalker\/dernier-set-8\/#primaryimage"},"thumbnailUrl":"https:\/\/ellington-photo.com\/ErosWalker\/wp-content\/uploads\/2025\/05\/Dernier-Set-08.jpg","datePublished":"2025-05-06T14:48:11+00:00","dateModified":"2025-05-12T08:04:36+00:00","breadcrumb":{"@id":"https:\/\/ellington-photo.com\/ErosWalker\/dernier-set-8\/#breadcrumb"},"inLanguage":"fr-FR","potentialAction":[{"@type":"ReadAction","target":["https:\/\/ellington-photo.com\/ErosWalker\/dernier-set-8\/"]}]},{"@type":"ImageObject","inLanguage":"fr-FR","@id":"https:\/\/ellington-photo.com\/ErosWalker\/dernier-set-8\/#primaryimage","url":"https:\/\/ellington-photo.com\/ErosWalker\/wp-content\/uploads\/2025\/05\/Dernier-Set-08.jpg","contentUrl":"https:\/\/ellington-photo.com\/ErosWalker\/wp-content\/uploads\/2025\/05\/Dernier-Set-08.jpg","width":2368,"height":1792},{"@type":"BreadcrumbList","@id":"https:\/\/ellington-photo.com\/ErosWalker\/dernier-set-8\/#breadcrumb","itemListElement":[{"@type":"ListItem","position":1,"name":"Accueil","item":"https:\/\/ellington-photo.com\/ErosWalker\/"},{"@type":"ListItem","position":2,"name":"Dernier Set (8)"}]},{"@type":"WebSite","@id":"https:\/\/ellington-photo.com\/ErosWalker\/#website","url":"https:\/\/ellington-photo.com\/ErosWalker\/","name":"Eros Walker Stories","description":"Litt\u00e9rature et images","publisher":{"@id":"https:\/\/ellington-photo.com\/ErosWalker\/#organization"},"potentialAction":[{"@type":"SearchAction","target":{"@type":"EntryPoint","urlTemplate":"https:\/\/ellington-photo.com\/ErosWalker\/?s={search_term_string}"},"query-input":{"@type":"PropertyValueSpecification","valueRequired":true,"valueName":"search_term_string"}}],"inLanguage":"fr-FR"},{"@type":"Organization","@id":"https:\/\/ellington-photo.com\/ErosWalker\/#organization","name":"Eros Walker Stories","url":"https:\/\/ellington-photo.com\/ErosWalker\/","logo":{"@type":"ImageObject","inLanguage":"fr-FR","@id":"https:\/\/ellington-photo.com\/ErosWalker\/#\/schema\/logo\/image\/","url":"https:\/\/ellington-photo.com\/ErosWalker\/wp-content\/uploads\/2025\/05\/Chat-Noir.jpg","contentUrl":"https:\/\/ellington-photo.com\/ErosWalker\/wp-content\/uploads\/2025\/05\/Chat-Noir.jpg","width":400,"height":391,"caption":"Eros Walker Stories"},"image":{"@id":"https:\/\/ellington-photo.com\/ErosWalker\/#\/schema\/logo\/image\/"},"sameAs":["https:\/\/www.linkedin.com\/in\/eros-walker-ab710a298\/"]}]}},"_links":{"self":[{"href":"https:\/\/ellington-photo.com\/ErosWalker\/wp-json\/wp\/v2\/pages\/468","targetHints":{"allow":["GET"]}}],"collection":[{"href":"https:\/\/ellington-photo.com\/ErosWalker\/wp-json\/wp\/v2\/pages"}],"about":[{"href":"https:\/\/ellington-photo.com\/ErosWalker\/wp-json\/wp\/v2\/types\/page"}],"author":[{"embeddable":true,"href":"https:\/\/ellington-photo.com\/ErosWalker\/wp-json\/wp\/v2\/users\/1"}],"replies":[{"embeddable":true,"href":"https:\/\/ellington-photo.com\/ErosWalker\/wp-json\/wp\/v2\/comments?post=468"}],"version-history":[{"count":2,"href":"https:\/\/ellington-photo.com\/ErosWalker\/wp-json\/wp\/v2\/pages\/468\/revisions"}],"predecessor-version":[{"id":476,"href":"https:\/\/ellington-photo.com\/ErosWalker\/wp-json\/wp\/v2\/pages\/468\/revisions\/476"}],"wp:featuredmedia":[{"embeddable":true,"href":"https:\/\/ellington-photo.com\/ErosWalker\/wp-json\/wp\/v2\/media\/470"}],"wp:attachment":[{"href":"https:\/\/ellington-photo.com\/ErosWalker\/wp-json\/wp\/v2\/media?parent=468"}],"curies":[{"name":"wp","href":"https:\/\/api.w.org\/{rel}","templated":true}]}}