{"id":452,"date":"2025-04-25T09:00:50","date_gmt":"2025-04-25T07:00:50","guid":{"rendered":"https:\/\/ellington-photo.com\/ErosWalker\/?page_id=452"},"modified":"2025-04-28T11:14:15","modified_gmt":"2025-04-28T09:14:15","slug":"dernier-set-5","status":"publish","type":"page","link":"https:\/\/ellington-photo.com\/ErosWalker\/dernier-set-5\/","title":{"rendered":"Dernier Set (5)"},"content":{"rendered":"\n<h1 class=\"wp-block-heading\"><a>Bikers<\/a><\/h1>\n\n\n\n<p><strong>San Pedro, Los Angeles<\/strong><\/p>\n\n\n\n<p>Le chemin le plus direct pour rejoindre le port de Long Beach \u00e9tait de prendre l\u2019I-110 plein sud, trente miles d\u2019une autoroute toujours charg\u00e9e. Nash opta pour l\u2019acc\u00e8s par la 4e rue, plut\u00f4t que l\u2019\u00e9changeur avec la I-101. Il engagea sa Harley dans le trafic en restant \u00e0 vitesse mod\u00e9r\u00e9e. Sa machine, totalement custom, n\u2019\u00e9tait pas trop adapt\u00e9e \u00e0 la circulation en zone urbaine et s\u2019accommodait mieux des grands espaces de Mojave, mais il ne pouvait se r\u00e9soudre \u00e0 rouler en voiture quand il pouvait faire autrement.<\/p>\n\n\n\n<p>Apr\u00e8s leur rencontre avec Mike, Saka et Nash avaient d\u00e9cid\u00e9 que leur priorit\u00e9 serait d\u2019identifier la voiture mentionn\u00e9e par le pianiste et par l\u00e0 de remonter \u00e0 son propri\u00e9taire. Ils avaient choisi de travailler en parall\u00e8le, Mary se concentrant sur les concessionnaires et le fichier du DMV<a href=\"#_ftn1\" id=\"_ftnref1\">[1]<\/a>, Nash allant chercher des infos \u00e0 la source, autour du port. Apr\u00e8s quelques coups de fil, un indicateur avait accept\u00e9 de le rencontrer dans un bar de San Pedro, \u00e0 proximit\u00e9 de Long Beach Terminal Island.<\/p>\n\n\n\n<p>Nash roula pr\u00e8s d\u2019une demi-heure avant de caler la moto sur sa b\u00e9quille, devant un b\u00e2timent bas, \u00e0 la fa\u00e7ade d\u00e9cor\u00e9e d\u2019enseignes de bi\u00e8res et de marques de lubrifiants. Une dizaine d\u2019autres machines \u00e9taient soigneusement align\u00e9es, pr\u00eates \u00e0 reprendre la route. Le priv\u00e9 \u00e9tait trop ind\u00e9pendant pour avoir jamais adh\u00e9r\u00e9 \u00e0 aucune fraternit\u00e9 de bikers, mais il entretenait des relations amicales avaient plusieurs d\u2019entre elles, maintenant l\u2019\u00e9quilibre par des \u00e9changes \u00e9quitables d\u2019informations et de services. Pas question toutefois de frayer avec les Hells Angels ou les Bandidos, ces organisations \u00e9tant trop dangereuses \u00e0 fr\u00e9quenter.<\/p>\n\n\n\n<p>L\u2019homme avec qui il avait rendez-vous se faisait appeler Sam Feelgood. Il avait son quartier g\u00e9n\u00e9ral \u00e0 proximit\u00e9 du port et passait pour \u00eatre bien inform\u00e9 sur tout ce qui entrait et sortait de la zone, surtout si les services des Douanes n\u2019en avaient pas connaissance. Nash n\u2019avait pas encore eu l\u2019occasion de rencontrer Sam, mais son nom lui avait \u00e9t\u00e9 communiqu\u00e9 par une relation commune, Bob Linker. L\u2019homme derri\u00e8re le bar leva les yeux de son smartphone quand Nash entra dans la salle commune.<\/p>\n\n\n\n<p>\u00ab Je viens de la part de Linker, annon\u00e7a Nash, en guise de pr\u00e9sentation. J\u2019ai rendez-vous avec Sam.<\/p>\n\n\n\n<p>\u2014 Dans la salle au fond, r\u00e9pondit l\u2019homme apr\u00e8s avoir examin\u00e9 le nouveau venu d\u2019un regard suspicieux. \u00bb<\/p>\n\n\n\n<p>En se rapprochant de la porte indiqu\u00e9e, Nash entendit les \u00e9clats de voix des hommes ainsi que le claquement des boules de billard. Une douzaine de types, portant pour la plupart de longues barbes, la t\u00eate couverte d\u2019un bandana, le regard\u00e8rent entrer. Le silence se fit soudain. Une voix monta d\u2019une table dans un angle de la pi\u00e8ce.<\/p>\n\n\n\n<p>\u00ab Tu dois \u00eatre Nash ! Bob m\u2019a annonc\u00e9 ta venue. Approche ! Qu\u2019est-ce qui t\u2019am\u00e8ne chez nous ?<\/p>\n\n\n\n<p>\u2014 Je cherche une voiture, sur le port.&nbsp;\u00bb<\/p>\n\n\n\n<p>Nash entendit des \u00e9clats de rire derri\u00e8re lui.<\/p>\n\n\n\n<p>\u00ab&nbsp;T\u2019as pas remarqu\u00e9 les b\u00e9canes devant l\u2019entr\u00e9e ? Les bagnoles c\u2019est pas trop notre truc !<\/p>\n\n\n\n<p>\u2014 Moi non plus, en fait c\u2019est le proprio qui m\u2019int\u00e9resse, mais je n\u2019ai pas grand-chose d\u2019autre pour le retrouver.<\/p>\n\n\n\n<p>\u2014 Et qu\u2019est-ce qui te fait croire qu\u2019on pourrait y arriver, nous ?<\/p>\n\n\n\n<p>\u2014 Ce type conduit des caisses qui ne passent pas inaper\u00e7ues. Ces derniers jours, il roulerait en Lamborghini et un peu avant il conduisait une Aston Martin. \u00c7a change un peu des F150<a href=\"#_ftn2\" id=\"_ftnref2\">[2]<\/a>, non ? Je ne demande pas de me donner un nom tout de suite, mais si tu pouvais faire passer le mot \u00e0 tes gars\u2026<\/p>\n\n\n\n<p>\u2014 Ouais, \u00e7a pourrait s\u00fbrement se faire, r\u00e9pondit Sam apr\u00e8s quelques instants. Linker dit que t\u2019es r\u00e9glo, mais qu\u2019est-ce que je gagne en \u00e9change ?<\/p>\n\n\n\n<p>\u2014 Je connais pas mal de monde, des avocats, des interm\u00e9diaires, des n\u00e9gociants. Je peux te renvoyer l\u2019ascenseur \u00e0 la demande.<\/p>\n\n\n\n<p>\u2014 T\u2019es pas flic au moins ?&nbsp;\u00bb<\/p>\n\n\n\n<p>Nouvel \u00e9clat de rire dans la salle.<\/p>\n\n\n\n<p>\u00ab&nbsp;Je suis priv\u00e9, r\u00e9pondit Nash en tendant une carte de visite. En fait, ce type cherche des noises \u00e0 un de mes amis et j\u2019ai promis de l\u2019aider.<\/p>\n\n\n\n<p>\u2014 Je garde ta carte, on ne sait jamais, \u00e0 charge de revanche. Je vais voir ce que je peux trouver. Repasse demain \u00e0 la m\u00eame heure, je ne me sers jamais du t\u00e9l\u00e9phone pour les affaires. T\u2019es de quel chapter<a href=\"#_ftn3\" id=\"_ftnref3\">[3]<\/a> ?<\/p>\n\n\n\n<p>\u2014 Free-lance, trop de sang indien pour entrer dans une organisation !<\/p>\n\n\n\n<p>\u2014 Dommage, t\u2019as l\u2019air d\u2019un type bien. Si tu changes d\u2019avis, on peut en reparler. Tu veux une bi\u00e8re avant de partir ? \u00bb<\/p>\n\n\n\n<hr class=\"wp-block-separator has-alpha-channel-opacity\"\/>\n\n\n\n<p><a href=\"#_ftnref1\" id=\"_ftn1\">[1]<\/a> DMV : Department of Motor Vehicles<\/p>\n\n\n\n<p><a href=\"#_ftnref2\" id=\"_ftn2\">[2]<\/a> F150 : le pick-up Ford, v\u00e9hicule le plus vendu aux USA<\/p>\n\n\n\n<p><a href=\"#_ftnref3\" id=\"_ftn3\">[3]<\/a> Chapter : organisation locale de motards<\/p>\n\n\n\n<p><\/p>\n\n\n\n<p>Chapitre suivant : <a href=\"https:\/\/ellington-photo.com\/ErosWalker\/dernier-set-4\/\"><\/a><a href=\"https:\/\/ellington-photo.com\/ErosWalker\/dernier-set-6\/\">https:\/\/ellington-photo.com\/ErosWalker\/dernier-set-<\/a>6<a href=\"https:\/\/ellington-photo.com\/ErosWalker\/dernier-set-6\/\">\/<\/a><\/p>\n\n\n\n<p><\/p>\n","protected":false},"excerpt":{"rendered":"<p>Bikers San Pedro, Los Angeles Le chemin le plus direct pour rejoindre le port de Long Beach \u00e9tait de prendre l\u2019I-110 plein sud, trente miles d\u2019une autoroute toujours charg\u00e9e. Nash opta pour l\u2019acc\u00e8s par la 4e rue, plut\u00f4t que l\u2019\u00e9changeur avec la I-101. Il engagea &hellip; <\/p>\n","protected":false},"author":1,"featured_media":456,"parent":0,"menu_order":0,"comment_status":"closed","ping_status":"closed","template":"","meta":{"footnotes":""},"class_list":["post-452","page","type-page","status-publish","has-post-thumbnail","hentry"],"yoast_head":"<!-- This site is optimized with the Yoast SEO plugin v27.4 - https:\/\/yoast.com\/product\/yoast-seo-wordpress\/ -->\n<title>Dernier Set (5) - Eros Walker Stories<\/title>\n<meta name=\"robots\" content=\"index, follow, max-snippet:-1, max-image-preview:large, max-video-preview:-1\" \/>\n<link rel=\"canonical\" href=\"https:\/\/ellington-photo.com\/ErosWalker\/dernier-set-5\/\" \/>\n<meta property=\"og:locale\" content=\"fr_FR\" \/>\n<meta property=\"og:type\" content=\"article\" \/>\n<meta property=\"og:title\" content=\"Dernier Set (5) - Eros Walker Stories\" \/>\n<meta property=\"og:description\" content=\"Bikers San Pedro, Los Angeles Le chemin le plus direct pour rejoindre le port de Long Beach \u00e9tait de prendre l\u2019I-110 plein sud, trente miles d\u2019une autoroute toujours charg\u00e9e. Nash opta pour l\u2019acc\u00e8s par la 4e rue, plut\u00f4t que l\u2019\u00e9changeur avec la I-101. Il engagea &hellip;\" \/>\n<meta property=\"og:url\" content=\"https:\/\/ellington-photo.com\/ErosWalker\/dernier-set-5\/\" \/>\n<meta property=\"og:site_name\" content=\"Eros Walker Stories\" \/>\n<meta property=\"article:modified_time\" content=\"2025-04-28T09:14:15+00:00\" \/>\n<meta property=\"og:image\" content=\"https:\/\/ellington-photo.com\/ErosWalker\/wp-content\/uploads\/2025\/04\/Dernier-Set-5.jpg\" \/>\n\t<meta property=\"og:image:width\" content=\"2368\" \/>\n\t<meta property=\"og:image:height\" content=\"1792\" \/>\n\t<meta property=\"og:image:type\" content=\"image\/jpeg\" \/>\n<meta name=\"twitter:card\" content=\"summary_large_image\" \/>\n<meta name=\"twitter:label1\" content=\"Dur\u00e9e de lecture estim\u00e9e\" \/>\n\t<meta name=\"twitter:data1\" content=\"4 minutes\" \/>\n<script type=\"application\/ld+json\" class=\"yoast-schema-graph\">{\"@context\":\"https:\\\/\\\/schema.org\",\"@graph\":[{\"@type\":\"WebPage\",\"@id\":\"https:\\\/\\\/ellington-photo.com\\\/ErosWalker\\\/dernier-set-5\\\/\",\"url\":\"https:\\\/\\\/ellington-photo.com\\\/ErosWalker\\\/dernier-set-5\\\/\",\"name\":\"Dernier Set (5) - Eros Walker Stories\",\"isPartOf\":{\"@id\":\"https:\\\/\\\/ellington-photo.com\\\/ErosWalker\\\/#website\"},\"primaryImageOfPage\":{\"@id\":\"https:\\\/\\\/ellington-photo.com\\\/ErosWalker\\\/dernier-set-5\\\/#primaryimage\"},\"image\":{\"@id\":\"https:\\\/\\\/ellington-photo.com\\\/ErosWalker\\\/dernier-set-5\\\/#primaryimage\"},\"thumbnailUrl\":\"https:\\\/\\\/ellington-photo.com\\\/ErosWalker\\\/wp-content\\\/uploads\\\/2025\\\/04\\\/Dernier-Set-5.jpg\",\"datePublished\":\"2025-04-25T07:00:50+00:00\",\"dateModified\":\"2025-04-28T09:14:15+00:00\",\"breadcrumb\":{\"@id\":\"https:\\\/\\\/ellington-photo.com\\\/ErosWalker\\\/dernier-set-5\\\/#breadcrumb\"},\"inLanguage\":\"fr-FR\",\"potentialAction\":[{\"@type\":\"ReadAction\",\"target\":[\"https:\\\/\\\/ellington-photo.com\\\/ErosWalker\\\/dernier-set-5\\\/\"]}]},{\"@type\":\"ImageObject\",\"inLanguage\":\"fr-FR\",\"@id\":\"https:\\\/\\\/ellington-photo.com\\\/ErosWalker\\\/dernier-set-5\\\/#primaryimage\",\"url\":\"https:\\\/\\\/ellington-photo.com\\\/ErosWalker\\\/wp-content\\\/uploads\\\/2025\\\/04\\\/Dernier-Set-5.jpg\",\"contentUrl\":\"https:\\\/\\\/ellington-photo.com\\\/ErosWalker\\\/wp-content\\\/uploads\\\/2025\\\/04\\\/Dernier-Set-5.jpg\",\"width\":2368,\"height\":1792},{\"@type\":\"BreadcrumbList\",\"@id\":\"https:\\\/\\\/ellington-photo.com\\\/ErosWalker\\\/dernier-set-5\\\/#breadcrumb\",\"itemListElement\":[{\"@type\":\"ListItem\",\"position\":1,\"name\":\"Accueil\",\"item\":\"https:\\\/\\\/ellington-photo.com\\\/ErosWalker\\\/\"},{\"@type\":\"ListItem\",\"position\":2,\"name\":\"Dernier Set (5)\"}]},{\"@type\":\"WebSite\",\"@id\":\"https:\\\/\\\/ellington-photo.com\\\/ErosWalker\\\/#website\",\"url\":\"https:\\\/\\\/ellington-photo.com\\\/ErosWalker\\\/\",\"name\":\"Eros Walker Stories\",\"description\":\"Litt\u00e9rature et images\",\"publisher\":{\"@id\":\"https:\\\/\\\/ellington-photo.com\\\/ErosWalker\\\/#organization\"},\"potentialAction\":[{\"@type\":\"SearchAction\",\"target\":{\"@type\":\"EntryPoint\",\"urlTemplate\":\"https:\\\/\\\/ellington-photo.com\\\/ErosWalker\\\/?s={search_term_string}\"},\"query-input\":{\"@type\":\"PropertyValueSpecification\",\"valueRequired\":true,\"valueName\":\"search_term_string\"}}],\"inLanguage\":\"fr-FR\"},{\"@type\":\"Organization\",\"@id\":\"https:\\\/\\\/ellington-photo.com\\\/ErosWalker\\\/#organization\",\"name\":\"Eros Walker Stories\",\"url\":\"https:\\\/\\\/ellington-photo.com\\\/ErosWalker\\\/\",\"logo\":{\"@type\":\"ImageObject\",\"inLanguage\":\"fr-FR\",\"@id\":\"https:\\\/\\\/ellington-photo.com\\\/ErosWalker\\\/#\\\/schema\\\/logo\\\/image\\\/\",\"url\":\"https:\\\/\\\/ellington-photo.com\\\/ErosWalker\\\/wp-content\\\/uploads\\\/2025\\\/05\\\/Chat-Noir.jpg\",\"contentUrl\":\"https:\\\/\\\/ellington-photo.com\\\/ErosWalker\\\/wp-content\\\/uploads\\\/2025\\\/05\\\/Chat-Noir.jpg\",\"width\":400,\"height\":391,\"caption\":\"Eros Walker Stories\"},\"image\":{\"@id\":\"https:\\\/\\\/ellington-photo.com\\\/ErosWalker\\\/#\\\/schema\\\/logo\\\/image\\\/\"},\"sameAs\":[\"https:\\\/\\\/www.linkedin.com\\\/in\\\/eros-walker-ab710a298\\\/\"]}]}<\/script>\n<!-- \/ Yoast SEO plugin. -->","yoast_head_json":{"title":"Dernier Set (5) - Eros Walker Stories","robots":{"index":"index","follow":"follow","max-snippet":"max-snippet:-1","max-image-preview":"max-image-preview:large","max-video-preview":"max-video-preview:-1"},"canonical":"https:\/\/ellington-photo.com\/ErosWalker\/dernier-set-5\/","og_locale":"fr_FR","og_type":"article","og_title":"Dernier Set (5) - Eros Walker Stories","og_description":"Bikers San Pedro, Los Angeles Le chemin le plus direct pour rejoindre le port de Long Beach \u00e9tait de prendre l\u2019I-110 plein sud, trente miles d\u2019une autoroute toujours charg\u00e9e. Nash opta pour l\u2019acc\u00e8s par la 4e rue, plut\u00f4t que l\u2019\u00e9changeur avec la I-101. Il engagea &hellip;","og_url":"https:\/\/ellington-photo.com\/ErosWalker\/dernier-set-5\/","og_site_name":"Eros Walker Stories","article_modified_time":"2025-04-28T09:14:15+00:00","og_image":[{"width":2368,"height":1792,"url":"https:\/\/ellington-photo.com\/ErosWalker\/wp-content\/uploads\/2025\/04\/Dernier-Set-5.jpg","type":"image\/jpeg"}],"twitter_card":"summary_large_image","twitter_misc":{"Dur\u00e9e de lecture estim\u00e9e":"4 minutes"},"schema":{"@context":"https:\/\/schema.org","@graph":[{"@type":"WebPage","@id":"https:\/\/ellington-photo.com\/ErosWalker\/dernier-set-5\/","url":"https:\/\/ellington-photo.com\/ErosWalker\/dernier-set-5\/","name":"Dernier Set (5) - Eros Walker Stories","isPartOf":{"@id":"https:\/\/ellington-photo.com\/ErosWalker\/#website"},"primaryImageOfPage":{"@id":"https:\/\/ellington-photo.com\/ErosWalker\/dernier-set-5\/#primaryimage"},"image":{"@id":"https:\/\/ellington-photo.com\/ErosWalker\/dernier-set-5\/#primaryimage"},"thumbnailUrl":"https:\/\/ellington-photo.com\/ErosWalker\/wp-content\/uploads\/2025\/04\/Dernier-Set-5.jpg","datePublished":"2025-04-25T07:00:50+00:00","dateModified":"2025-04-28T09:14:15+00:00","breadcrumb":{"@id":"https:\/\/ellington-photo.com\/ErosWalker\/dernier-set-5\/#breadcrumb"},"inLanguage":"fr-FR","potentialAction":[{"@type":"ReadAction","target":["https:\/\/ellington-photo.com\/ErosWalker\/dernier-set-5\/"]}]},{"@type":"ImageObject","inLanguage":"fr-FR","@id":"https:\/\/ellington-photo.com\/ErosWalker\/dernier-set-5\/#primaryimage","url":"https:\/\/ellington-photo.com\/ErosWalker\/wp-content\/uploads\/2025\/04\/Dernier-Set-5.jpg","contentUrl":"https:\/\/ellington-photo.com\/ErosWalker\/wp-content\/uploads\/2025\/04\/Dernier-Set-5.jpg","width":2368,"height":1792},{"@type":"BreadcrumbList","@id":"https:\/\/ellington-photo.com\/ErosWalker\/dernier-set-5\/#breadcrumb","itemListElement":[{"@type":"ListItem","position":1,"name":"Accueil","item":"https:\/\/ellington-photo.com\/ErosWalker\/"},{"@type":"ListItem","position":2,"name":"Dernier Set (5)"}]},{"@type":"WebSite","@id":"https:\/\/ellington-photo.com\/ErosWalker\/#website","url":"https:\/\/ellington-photo.com\/ErosWalker\/","name":"Eros Walker Stories","description":"Litt\u00e9rature et images","publisher":{"@id":"https:\/\/ellington-photo.com\/ErosWalker\/#organization"},"potentialAction":[{"@type":"SearchAction","target":{"@type":"EntryPoint","urlTemplate":"https:\/\/ellington-photo.com\/ErosWalker\/?s={search_term_string}"},"query-input":{"@type":"PropertyValueSpecification","valueRequired":true,"valueName":"search_term_string"}}],"inLanguage":"fr-FR"},{"@type":"Organization","@id":"https:\/\/ellington-photo.com\/ErosWalker\/#organization","name":"Eros Walker Stories","url":"https:\/\/ellington-photo.com\/ErosWalker\/","logo":{"@type":"ImageObject","inLanguage":"fr-FR","@id":"https:\/\/ellington-photo.com\/ErosWalker\/#\/schema\/logo\/image\/","url":"https:\/\/ellington-photo.com\/ErosWalker\/wp-content\/uploads\/2025\/05\/Chat-Noir.jpg","contentUrl":"https:\/\/ellington-photo.com\/ErosWalker\/wp-content\/uploads\/2025\/05\/Chat-Noir.jpg","width":400,"height":391,"caption":"Eros Walker Stories"},"image":{"@id":"https:\/\/ellington-photo.com\/ErosWalker\/#\/schema\/logo\/image\/"},"sameAs":["https:\/\/www.linkedin.com\/in\/eros-walker-ab710a298\/"]}]}},"_links":{"self":[{"href":"https:\/\/ellington-photo.com\/ErosWalker\/wp-json\/wp\/v2\/pages\/452","targetHints":{"allow":["GET"]}}],"collection":[{"href":"https:\/\/ellington-photo.com\/ErosWalker\/wp-json\/wp\/v2\/pages"}],"about":[{"href":"https:\/\/ellington-photo.com\/ErosWalker\/wp-json\/wp\/v2\/types\/page"}],"author":[{"embeddable":true,"href":"https:\/\/ellington-photo.com\/ErosWalker\/wp-json\/wp\/v2\/users\/1"}],"replies":[{"embeddable":true,"href":"https:\/\/ellington-photo.com\/ErosWalker\/wp-json\/wp\/v2\/comments?post=452"}],"version-history":[{"count":2,"href":"https:\/\/ellington-photo.com\/ErosWalker\/wp-json\/wp\/v2\/pages\/452\/revisions"}],"predecessor-version":[{"id":458,"href":"https:\/\/ellington-photo.com\/ErosWalker\/wp-json\/wp\/v2\/pages\/452\/revisions\/458"}],"wp:featuredmedia":[{"embeddable":true,"href":"https:\/\/ellington-photo.com\/ErosWalker\/wp-json\/wp\/v2\/media\/456"}],"wp:attachment":[{"href":"https:\/\/ellington-photo.com\/ErosWalker\/wp-json\/wp\/v2\/media?parent=452"}],"curies":[{"name":"wp","href":"https:\/\/api.w.org\/{rel}","templated":true}]}}