{"id":41,"date":"2022-02-27T15:11:28","date_gmt":"2022-02-27T14:11:28","guid":{"rendered":"http:\/\/ellington-photo.com\/ErosWalker\/?page_id=41"},"modified":"2026-01-29T17:23:55","modified_gmt":"2026-01-29T16:23:55","slug":"romans-nouvelles-contes-erotiques","status":"publish","type":"page","link":"https:\/\/ellington-photo.com\/ErosWalker\/","title":{"rendered":"Eros Walker, P\u00e8ire Cazals, Ellington &#8211; Trois univers"},"content":{"rendered":"\n<p class=\"has-medium-font-size\">Bienvenue sur ce site qui pr\u00e9sente les travaux d&rsquo;\u00e9criture d&rsquo;Eros Walker, ainsi que ceux de P\u00e8ire Cazals. Vous y trouverez \u00e9galement les images d&rsquo;Ellington, photographe de charme.<\/p>\n\n\n\n<p><\/p>\n\n\n\n<p><em>Eros Walker explore les recoins de l\u2019imaginaire \u00e9rotique et policier, m\u00ealant histoire et modernit\u00e9. Ses contes pour adultes revisitent les classiques avec audace, tandis que ses romans policiers, captivent par leur r\u00e9alisme et leur tension narrative. P\u00e8ire Cazals vous fera voyager dans l&rsquo;Am\u00e9rique des ann\u00e9es 80 ou de nos jours. D\u00e9couvrez aussi les galeries photo d\u2019Ellington, o\u00f9 chaque image raconte une histoire de d\u00e9sir et de fantasme.<\/em><\/p>\n\n\n\n<p class=\"has-medium-font-size\">Vous pourrez d\u00e9couvrir ici des <a rel=\"noreferrer noopener\" href=\"https:\/\/ellington-photo.com\/ErosWalker\/contes-revisites\/\" target=\"_blank\">contes pour adultes<\/a>, inspir\u00e9s des textes classiques, mais revisit\u00e9s pour des lecteurs avertis. Suivront quelques <a rel=\"noreferrer noopener\" href=\"https:\/\/ellington-photo.com\/ErosWalker\/nouvelles-et-histoires-courtes\/\" target=\"_blank\">nouvelles \u00e9rotiques<\/a> ainsi que des <a href=\"https:\/\/ellington-photo.com\/ErosWalker\/romans-et-nouvelles\/\" target=\"_blank\" rel=\"noreferrer noopener\">romans<\/a> \u00e0 dominante polici\u00e8re.<\/p>\n\n\n\n<p class=\"has-medium-font-size\">Dans la section <a href=\"https:\/\/ellington-photo.com\/ErosWalker\/ellington-photo\/\" target=\"_blank\" rel=\"noreferrer noopener\">Images<\/a> (en cours de d\u00e9ploiement), vous trouverez des galeries de photos de charme, r\u00e9sumant les fantasmes du photographe.<\/p>\n\n\n\n<p class=\"has-medium-font-size\">Nous vous souhaitons une agr\u00e9able visite.<\/p>\n\n\n\n<p class=\"has-medium-font-size\">Vous pouvez vous inscrire \u00e0 la <a href=\"https:\/\/ellington-photo.com\/ErosWalker\/newsletter\/\" target=\"_blank\" rel=\"noreferrer noopener\">Newsletter<\/a> pour \u00eatre tenu inform\u00e9 des nouvelles publications ou laisser vos <a href=\"https:\/\/ellington-photo.com\/ErosWalker\/2022\/03\/13\/commentaires\/\" target=\"_blank\" rel=\"noreferrer noopener\">commentaires ici<\/a>.<\/p>\n\n\n\n<p>Vous pouvez \u00e9galement retrouver les romans publi\u00e9s sur Amazon en format Kindle ou papier :<\/p>\n\n\n\n<figure class=\"wp-block-embed is-type-rich is-provider-amazon wp-block-embed-amazon\"><div class=\"wp-block-embed__wrapper\">\n<iframe loading=\"lazy\" title=\"Affaire sous surveillance (Ange S\u00e9gafredi t. 1)\" type=\"text\/html\" width=\"750\" height=\"550\" frameborder=\"0\" allowfullscreen style=\"max-width:100%\" src=\"https:\/\/lire.amazon.fr\/kp\/card?preview=inline&#038;linkCode=kpd&#038;ref_=k4w_oembed_0akXc5oZpRgQK2&#038;asin=B0BQRRZ12H&#038;tag=kpembed-20\"><\/iframe>\n<\/div><\/figure>\n\n\n\n<figure class=\"wp-block-embed is-type-rich is-provider-amazon wp-block-embed-amazon\"><div class=\"wp-block-embed__wrapper\">\n<iframe loading=\"lazy\" title=\"Route 66 (Ange S\u00e9gafredi t. 2)\" type=\"text\/html\" width=\"750\" height=\"550\" frameborder=\"0\" allowfullscreen style=\"max-width:100%\" src=\"https:\/\/lire.amazon.fr\/kp\/card?preview=inline&#038;linkCode=kpd&#038;ref_=k4w_oembed_Rgj38RGIlIjFuA&#038;asin=B0BQJL2SGR&#038;tag=kpembed-20\"><\/iframe>\n<\/div><\/figure>\n\n\n\n<figure class=\"wp-block-embed is-type-rich is-provider-amazon wp-block-embed-amazon\"><div class=\"wp-block-embed__wrapper\">\n<iframe loading=\"lazy\" title=\"M\u00e9lodie au couvent (Ange S\u00e9gafredi t. 3)\" type=\"text\/html\" width=\"750\" height=\"550\" frameborder=\"0\" allowfullscreen style=\"max-width:100%\" src=\"https:\/\/lire.amazon.fr\/kp\/card?preview=inline&#038;linkCode=kpd&#038;ref_=k4w_oembed_DWJPxewNLVBiCk&#038;asin=B0BQX6QKN6&#038;tag=kpembed-20\"><\/iframe>\n<\/div><\/figure>\n\n\n\n<figure class=\"wp-block-embed is-type-rich is-provider-amazon wp-block-embed-amazon\"><div class=\"wp-block-embed__wrapper\">\n<iframe loading=\"lazy\" title=\"Moscou-sur-Garonne\" type=\"text\/html\" width=\"750\" height=\"550\" frameborder=\"0\" allowfullscreen style=\"max-width:100%\" src=\"https:\/\/lire.amazon.fr\/kp\/card?preview=inline&#038;linkCode=kpd&#038;ref_=k4w_oembed_OwdGAJ01B7d0Yz&#038;asin=B0CQ3KWG7N&#038;tag=kpembed-20\"><\/iframe>\n<\/div><\/figure>\n\n\n\n<figure class=\"wp-block-embed is-type-rich is-provider-amazon wp-block-embed-amazon\"><div class=\"wp-block-embed__wrapper\">\n<iframe loading=\"lazy\" title=\"On the road again: M\u00e9fiez-vous des blondes\" type=\"text\/html\" width=\"750\" height=\"550\" frameborder=\"0\" allowfullscreen style=\"max-width:100%\" src=\"https:\/\/lire.amazon.fr\/kp\/card?preview=inline&#038;linkCode=kpd&#038;ref_=k4w_oembed_hsHFHR2h0DsAfA&#038;asin=B0BQZ4XYSC&#038;tag=kpembed-20\"><\/iframe>\n<\/div><\/figure>\n\n\n\n<figure class=\"wp-block-embed is-type-rich is-provider-amazon wp-block-embed-amazon\"><div class=\"wp-block-embed__wrapper\">\n<iframe loading=\"lazy\" title=\"Retour dans le Sud\" type=\"text\/html\" width=\"750\" height=\"550\" frameborder=\"0\" allowfullscreen style=\"max-width:100%\" src=\"https:\/\/lire.amazon.fr\/kp\/card?preview=inline&#038;linkCode=kpd&#038;ref_=k4w_oembed_nsJzOaZBctiTOQ&#038;asin=B0BR8GJL25&#038;tag=kpembed-20\"><\/iframe>\n<\/div><\/figure>\n","protected":false},"excerpt":{"rendered":"<p>Bienvenue sur ce site qui pr\u00e9sente les travaux d&rsquo;\u00e9criture d&rsquo;Eros Walker, ainsi que ceux de P\u00e8ire Cazals. Vous y trouverez \u00e9galement les images d&rsquo;Ellington, photographe de charme. Eros Walker explore les recoins de l\u2019imaginaire \u00e9rotique et policier, m\u00ealant histoire et modernit\u00e9. Ses contes pour adultes &hellip; <\/p>\n","protected":false},"author":1,"featured_media":198,"parent":0,"menu_order":0,"comment_status":"open","ping_status":"closed","template":"template-home.php","meta":{"footnotes":""},"class_list":["post-41","page","type-page","status-publish","has-post-thumbnail","hentry"],"yoast_head":"<!-- This site is optimized with the Yoast SEO plugin v27.4 - https:\/\/yoast.com\/product\/yoast-seo-wordpress\/ -->\n<title>Eros Walker, P\u00e8ire Cazals, Ellington - Trois univers - Eros Walker Stories<\/title>\n<meta name=\"description\" content=\"Contes Erotiques, Nouvelles Erotiques, Romans policiers D\u00e9couvrez les contes pour adultes, nouvelles \u00e9rotiques et romans policiers d\u2019Eros Walker et P\u00e8ire Cazals. Plongez dans un univers litt\u00e9raire audacieux et sensuel, accompagn\u00e9 des images de charme d\u2019Ellington\" \/>\n<meta name=\"robots\" content=\"index, follow, max-snippet:-1, max-image-preview:large, max-video-preview:-1\" \/>\n<link rel=\"canonical\" href=\"https:\/\/ellington-photo.com\/ErosWalker\/\" \/>\n<meta property=\"og:locale\" content=\"fr_FR\" \/>\n<meta property=\"og:type\" content=\"article\" \/>\n<meta property=\"og:title\" content=\"Eros Walker, P\u00e8ire Cazals, Ellington - Trois univers - Eros Walker Stories\" \/>\n<meta property=\"og:description\" content=\"Contes Erotiques, Nouvelles Erotiques, Romans policiers D\u00e9couvrez les contes pour adultes, nouvelles \u00e9rotiques et romans policiers d\u2019Eros Walker et P\u00e8ire Cazals. Plongez dans un univers litt\u00e9raire audacieux et sensuel, accompagn\u00e9 des images de charme d\u2019Ellington\" \/>\n<meta property=\"og:url\" content=\"https:\/\/ellington-photo.com\/ErosWalker\/\" \/>\n<meta property=\"og:site_name\" content=\"Eros Walker Stories\" \/>\n<meta property=\"article:modified_time\" content=\"2026-01-29T16:23:55+00:00\" \/>\n<meta property=\"og:image\" content=\"https:\/\/ellington-photo.com\/ErosWalker\/wp-content\/uploads\/2022\/03\/char-101.jpg\" \/>\n\t<meta property=\"og:image:width\" content=\"419\" \/>\n\t<meta property=\"og:image:height\" content=\"600\" \/>\n\t<meta property=\"og:image:type\" content=\"image\/jpeg\" \/>\n<meta name=\"twitter:card\" content=\"summary_large_image\" \/>\n<meta name=\"twitter:label1\" content=\"Dur\u00e9e de lecture estim\u00e9e\" \/>\n\t<meta name=\"twitter:data1\" content=\"2 minutes\" \/>\n<script type=\"application\/ld+json\" class=\"yoast-schema-graph\">{\"@context\":\"https:\\\/\\\/schema.org\",\"@graph\":[{\"@type\":\"WebPage\",\"@id\":\"https:\\\/\\\/ellington-photo.com\\\/ErosWalker\\\/\",\"url\":\"https:\\\/\\\/ellington-photo.com\\\/ErosWalker\\\/\",\"name\":\"Eros Walker, P\u00e8ire Cazals, Ellington - Trois univers - Eros Walker Stories\",\"isPartOf\":{\"@id\":\"https:\\\/\\\/ellington-photo.com\\\/ErosWalker\\\/#website\"},\"primaryImageOfPage\":{\"@id\":\"https:\\\/\\\/ellington-photo.com\\\/ErosWalker\\\/#primaryimage\"},\"image\":{\"@id\":\"https:\\\/\\\/ellington-photo.com\\\/ErosWalker\\\/#primaryimage\"},\"thumbnailUrl\":\"https:\\\/\\\/ellington-photo.com\\\/ErosWalker\\\/wp-content\\\/uploads\\\/2022\\\/03\\\/char-101.jpg\",\"datePublished\":\"2022-02-27T14:11:28+00:00\",\"dateModified\":\"2026-01-29T16:23:55+00:00\",\"description\":\"Contes Erotiques, Nouvelles Erotiques, Romans policiers D\u00e9couvrez les contes pour adultes, nouvelles \u00e9rotiques et romans policiers d\u2019Eros Walker et P\u00e8ire Cazals. Plongez dans un univers litt\u00e9raire audacieux et sensuel, accompagn\u00e9 des images de charme d\u2019Ellington\",\"breadcrumb\":{\"@id\":\"https:\\\/\\\/ellington-photo.com\\\/ErosWalker\\\/#breadcrumb\"},\"inLanguage\":\"fr-FR\",\"potentialAction\":[{\"@type\":\"ReadAction\",\"target\":[\"https:\\\/\\\/ellington-photo.com\\\/ErosWalker\\\/\"]}]},{\"@type\":\"ImageObject\",\"inLanguage\":\"fr-FR\",\"@id\":\"https:\\\/\\\/ellington-photo.com\\\/ErosWalker\\\/#primaryimage\",\"url\":\"https:\\\/\\\/ellington-photo.com\\\/ErosWalker\\\/wp-content\\\/uploads\\\/2022\\\/03\\\/char-101.jpg\",\"contentUrl\":\"https:\\\/\\\/ellington-photo.com\\\/ErosWalker\\\/wp-content\\\/uploads\\\/2022\\\/03\\\/char-101.jpg\",\"width\":419,\"height\":600,\"caption\":\"Visitez l'univers de charme du photographe Ellington\"},{\"@type\":\"BreadcrumbList\",\"@id\":\"https:\\\/\\\/ellington-photo.com\\\/ErosWalker\\\/#breadcrumb\",\"itemListElement\":[{\"@type\":\"ListItem\",\"position\":1,\"name\":\"Accueil\",\"item\":\"https:\\\/\\\/ellington-photo.com\\\/ErosWalker\\\/\"},{\"@type\":\"ListItem\",\"position\":2,\"name\":\"Eros Walker, P\u00e8ire Cazals, Ellington &#8211; Trois univers\"}]},{\"@type\":\"WebSite\",\"@id\":\"https:\\\/\\\/ellington-photo.com\\\/ErosWalker\\\/#website\",\"url\":\"https:\\\/\\\/ellington-photo.com\\\/ErosWalker\\\/\",\"name\":\"Eros Walker Stories\",\"description\":\"Litt\u00e9rature et images\",\"publisher\":{\"@id\":\"https:\\\/\\\/ellington-photo.com\\\/ErosWalker\\\/#organization\"},\"potentialAction\":[{\"@type\":\"SearchAction\",\"target\":{\"@type\":\"EntryPoint\",\"urlTemplate\":\"https:\\\/\\\/ellington-photo.com\\\/ErosWalker\\\/?s={search_term_string}\"},\"query-input\":{\"@type\":\"PropertyValueSpecification\",\"valueRequired\":true,\"valueName\":\"search_term_string\"}}],\"inLanguage\":\"fr-FR\"},{\"@type\":\"Organization\",\"@id\":\"https:\\\/\\\/ellington-photo.com\\\/ErosWalker\\\/#organization\",\"name\":\"Eros Walker Stories\",\"url\":\"https:\\\/\\\/ellington-photo.com\\\/ErosWalker\\\/\",\"logo\":{\"@type\":\"ImageObject\",\"inLanguage\":\"fr-FR\",\"@id\":\"https:\\\/\\\/ellington-photo.com\\\/ErosWalker\\\/#\\\/schema\\\/logo\\\/image\\\/\",\"url\":\"https:\\\/\\\/ellington-photo.com\\\/ErosWalker\\\/wp-content\\\/uploads\\\/2025\\\/05\\\/Chat-Noir.jpg\",\"contentUrl\":\"https:\\\/\\\/ellington-photo.com\\\/ErosWalker\\\/wp-content\\\/uploads\\\/2025\\\/05\\\/Chat-Noir.jpg\",\"width\":400,\"height\":391,\"caption\":\"Eros Walker Stories\"},\"image\":{\"@id\":\"https:\\\/\\\/ellington-photo.com\\\/ErosWalker\\\/#\\\/schema\\\/logo\\\/image\\\/\"},\"sameAs\":[\"https:\\\/\\\/www.linkedin.com\\\/in\\\/eros-walker-ab710a298\\\/\"]}]}<\/script>\n<!-- \/ Yoast SEO plugin. -->","yoast_head_json":{"title":"Eros Walker, P\u00e8ire Cazals, Ellington - Trois univers - Eros Walker Stories","description":"Contes Erotiques, Nouvelles Erotiques, Romans policiers D\u00e9couvrez les contes pour adultes, nouvelles \u00e9rotiques et romans policiers d\u2019Eros Walker et P\u00e8ire Cazals. Plongez dans un univers litt\u00e9raire audacieux et sensuel, accompagn\u00e9 des images de charme d\u2019Ellington","robots":{"index":"index","follow":"follow","max-snippet":"max-snippet:-1","max-image-preview":"max-image-preview:large","max-video-preview":"max-video-preview:-1"},"canonical":"https:\/\/ellington-photo.com\/ErosWalker\/","og_locale":"fr_FR","og_type":"article","og_title":"Eros Walker, P\u00e8ire Cazals, Ellington - Trois univers - Eros Walker Stories","og_description":"Contes Erotiques, Nouvelles Erotiques, Romans policiers D\u00e9couvrez les contes pour adultes, nouvelles \u00e9rotiques et romans policiers d\u2019Eros Walker et P\u00e8ire Cazals. Plongez dans un univers litt\u00e9raire audacieux et sensuel, accompagn\u00e9 des images de charme d\u2019Ellington","og_url":"https:\/\/ellington-photo.com\/ErosWalker\/","og_site_name":"Eros Walker Stories","article_modified_time":"2026-01-29T16:23:55+00:00","og_image":[{"width":419,"height":600,"url":"https:\/\/ellington-photo.com\/ErosWalker\/wp-content\/uploads\/2022\/03\/char-101.jpg","type":"image\/jpeg"}],"twitter_card":"summary_large_image","twitter_misc":{"Dur\u00e9e de lecture estim\u00e9e":"2 minutes"},"schema":{"@context":"https:\/\/schema.org","@graph":[{"@type":"WebPage","@id":"https:\/\/ellington-photo.com\/ErosWalker\/","url":"https:\/\/ellington-photo.com\/ErosWalker\/","name":"Eros Walker, P\u00e8ire Cazals, Ellington - Trois univers - Eros Walker Stories","isPartOf":{"@id":"https:\/\/ellington-photo.com\/ErosWalker\/#website"},"primaryImageOfPage":{"@id":"https:\/\/ellington-photo.com\/ErosWalker\/#primaryimage"},"image":{"@id":"https:\/\/ellington-photo.com\/ErosWalker\/#primaryimage"},"thumbnailUrl":"https:\/\/ellington-photo.com\/ErosWalker\/wp-content\/uploads\/2022\/03\/char-101.jpg","datePublished":"2022-02-27T14:11:28+00:00","dateModified":"2026-01-29T16:23:55+00:00","description":"Contes Erotiques, Nouvelles Erotiques, Romans policiers D\u00e9couvrez les contes pour adultes, nouvelles \u00e9rotiques et romans policiers d\u2019Eros Walker et P\u00e8ire Cazals. Plongez dans un univers litt\u00e9raire audacieux et sensuel, accompagn\u00e9 des images de charme d\u2019Ellington","breadcrumb":{"@id":"https:\/\/ellington-photo.com\/ErosWalker\/#breadcrumb"},"inLanguage":"fr-FR","potentialAction":[{"@type":"ReadAction","target":["https:\/\/ellington-photo.com\/ErosWalker\/"]}]},{"@type":"ImageObject","inLanguage":"fr-FR","@id":"https:\/\/ellington-photo.com\/ErosWalker\/#primaryimage","url":"https:\/\/ellington-photo.com\/ErosWalker\/wp-content\/uploads\/2022\/03\/char-101.jpg","contentUrl":"https:\/\/ellington-photo.com\/ErosWalker\/wp-content\/uploads\/2022\/03\/char-101.jpg","width":419,"height":600,"caption":"Visitez l'univers de charme du photographe Ellington"},{"@type":"BreadcrumbList","@id":"https:\/\/ellington-photo.com\/ErosWalker\/#breadcrumb","itemListElement":[{"@type":"ListItem","position":1,"name":"Accueil","item":"https:\/\/ellington-photo.com\/ErosWalker\/"},{"@type":"ListItem","position":2,"name":"Eros Walker, P\u00e8ire Cazals, Ellington &#8211; Trois univers"}]},{"@type":"WebSite","@id":"https:\/\/ellington-photo.com\/ErosWalker\/#website","url":"https:\/\/ellington-photo.com\/ErosWalker\/","name":"Eros Walker Stories","description":"Litt\u00e9rature et images","publisher":{"@id":"https:\/\/ellington-photo.com\/ErosWalker\/#organization"},"potentialAction":[{"@type":"SearchAction","target":{"@type":"EntryPoint","urlTemplate":"https:\/\/ellington-photo.com\/ErosWalker\/?s={search_term_string}"},"query-input":{"@type":"PropertyValueSpecification","valueRequired":true,"valueName":"search_term_string"}}],"inLanguage":"fr-FR"},{"@type":"Organization","@id":"https:\/\/ellington-photo.com\/ErosWalker\/#organization","name":"Eros Walker Stories","url":"https:\/\/ellington-photo.com\/ErosWalker\/","logo":{"@type":"ImageObject","inLanguage":"fr-FR","@id":"https:\/\/ellington-photo.com\/ErosWalker\/#\/schema\/logo\/image\/","url":"https:\/\/ellington-photo.com\/ErosWalker\/wp-content\/uploads\/2025\/05\/Chat-Noir.jpg","contentUrl":"https:\/\/ellington-photo.com\/ErosWalker\/wp-content\/uploads\/2025\/05\/Chat-Noir.jpg","width":400,"height":391,"caption":"Eros Walker Stories"},"image":{"@id":"https:\/\/ellington-photo.com\/ErosWalker\/#\/schema\/logo\/image\/"},"sameAs":["https:\/\/www.linkedin.com\/in\/eros-walker-ab710a298\/"]}]}},"_links":{"self":[{"href":"https:\/\/ellington-photo.com\/ErosWalker\/wp-json\/wp\/v2\/pages\/41","targetHints":{"allow":["GET"]}}],"collection":[{"href":"https:\/\/ellington-photo.com\/ErosWalker\/wp-json\/wp\/v2\/pages"}],"about":[{"href":"https:\/\/ellington-photo.com\/ErosWalker\/wp-json\/wp\/v2\/types\/page"}],"author":[{"embeddable":true,"href":"https:\/\/ellington-photo.com\/ErosWalker\/wp-json\/wp\/v2\/users\/1"}],"replies":[{"embeddable":true,"href":"https:\/\/ellington-photo.com\/ErosWalker\/wp-json\/wp\/v2\/comments?post=41"}],"version-history":[{"count":19,"href":"https:\/\/ellington-photo.com\/ErosWalker\/wp-json\/wp\/v2\/pages\/41\/revisions"}],"predecessor-version":[{"id":565,"href":"https:\/\/ellington-photo.com\/ErosWalker\/wp-json\/wp\/v2\/pages\/41\/revisions\/565"}],"wp:featuredmedia":[{"embeddable":true,"href":"https:\/\/ellington-photo.com\/ErosWalker\/wp-json\/wp\/v2\/media\/198"}],"wp:attachment":[{"href":"https:\/\/ellington-photo.com\/ErosWalker\/wp-json\/wp\/v2\/media?parent=41"}],"curies":[{"name":"wp","href":"https:\/\/api.w.org\/{rel}","templated":true}]}}