{"id":384,"date":"2025-01-09T14:15:53","date_gmt":"2025-01-09T13:15:53","guid":{"rendered":"https:\/\/ellington-photo.com\/ErosWalker\/?page_id=384"},"modified":"2025-01-14T18:04:43","modified_gmt":"2025-01-14T17:04:43","slug":"mortelle-cavale-29","status":"publish","type":"page","link":"https:\/\/ellington-photo.com\/ErosWalker\/mortelle-cavale-29\/","title":{"rendered":"Mortelle Cavale (29)"},"content":{"rendered":"\n<p><strong>L&rsquo;arme vol\u00e9e<\/strong><\/p>\n\n\n\n<p><strong>Claremore, Oklahoma<\/strong><\/p>\n\n\n\n<p><strong>Vendredi 7 novembre 1980, 8h00<\/strong><\/p>\n\n\n\n<p>Lorsque Tsali Sands entra dans les locaux du sh\u00e9rif, la r\u00e9ceptionniste l\u2019interpella en lui tendant une feuille imprim\u00e9e.<\/p>\n\n\n\n<p>\u00ab J\u2019ai trouv\u00e9 cela sur le fax en arrivant ce matin. C\u2019est adress\u00e9 au sergent Lobster, mais comme il n\u2019est pas encore arriv\u00e9\u2026<\/p>\n\n\n\n<p>\u2014 Merci Maureen, r\u00e9pondit l\u2019adjoint en prenant le document. \u00bb<\/p>\n\n\n\n<p>Sa curiosit\u00e9 fut imm\u00e9diatement \u00e9veill\u00e9e en d\u00e9cryptant l\u2019en-t\u00eate du fax : Bureau du Sh\u00e9rif de la paroisse d\u2019Iberville, Louisiane. Sans grand espoir, en d\u00e9pit des r\u00e9ticences de son coll\u00e8gue, le jeune policier avait envoy\u00e9 quelques demandes d\u2019information aux diff\u00e9rents services de police de la r\u00e9gion de B\u00e2ton-Rouge, \u00e9voquant son int\u00e9r\u00eat pour une certaine Jennifer Boudreaux. C\u2019\u00e9tait la premi\u00e8re r\u00e9ponse qu\u2019il recevait.<\/p>\n\n\n\n<p>Le texte \u00e9tait court, il sugg\u00e9rait au demandeur de prendre contact directement avec le sh\u00e9rif. C\u2019\u00e9tait sign\u00e9 John W. Pfeiffer. Le jeune officier d\u00fbt faire un effort pour r\u00e9sister \u00e0 l\u2019envie de d\u00e9crocher son t\u00e9l\u00e9phone, mais il pr\u00e9f\u00e9ra attendre son partenaire et mentor.<\/p>\n\n\n\n<p>Mark Lobster arriva quelques minutes plus tard. Apr\u00e8s quelques \u00e9changes de banalit\u00e9s, Tsali lui tendit le fax.<\/p>\n\n\n\n<p>\u00ab Nous avons re\u00e7u une r\u00e9ponse de Louisiane, j\u2019ai pr\u00e9f\u00e9r\u00e9 attendre avant de les rappeler.<\/p>\n\n\n\n<p>\u2014 Tu as bien fait, tu te souviens de ce que je t\u2019ai dit lundi ?<\/p>\n\n\n\n<p>\u2014 Oui, je sais, mais un coup de fil, \u00e7a ne prendra que quelques minutes.<\/p>\n\n\n\n<p>\u2014 Ok, ok ! conc\u00e9da le sergent. Appelle-les, tu auras la conscience tranquille. \u00bb<\/p>\n\n\n\n<p>La premi\u00e8re tentative de Tsali Sands fut infructueuse, son correspondant lui expliqua que le sh\u00e9rif Pfeiffer n\u2019\u00e9tait pas encore arriv\u00e9 et sugg\u00e9ra de rappeler vers dix heures. \u00c0 l\u2019heure dite, il eut plus de chance, apr\u00e8s quelques minutes d\u2019attente, il eut le sh\u00e9rif en ligne. Il fallut quelques instants au jeune policier pour assimiler le parler trainant de son correspondant. Lorsqu\u2019il eut expliqu\u00e9 l\u2019objet de ses recherches, il entendit un grand \u00e9clat de rire \u00e0 l\u2019autre bout du fil.<\/p>\n\n\n\n<p>\u00ab Comme \u00e7a cette imb\u00e9cile de Jenny Boudreaux est all\u00e9e se foutre dans la merde dans votre bled ! Remarquez, \u00e7a ne m\u2019\u00e9tonne pas. Il fallait bien qu\u2019elle se fasse choper quelque part.<\/p>\n\n\n\n<p>\u2014 Qu\u2019est-ce que vous voulez dire ? demanda Sands.<\/p>\n\n\n\n<p>\u2014 Ce que je vais te dire, mon gars, j\u2019en suis pas sp\u00e9cialement fier, mais bon, entre flics on doit bien collaborer\u2026 Cette nana a fil\u00e9 entre les pattes de l\u2019un de mes adjoints il y a quelques semaines, et avec une voiture quasiment vol\u00e9e. Et comme \u00e7a ne suffisait pas, elle a trouv\u00e9 le moyen de lui piquer son flingue.<\/p>\n\n\n\n<p>\u2014 Un .38 Sp\u00e9cial ?<\/p>\n\n\n\n<p>\u2014 Oui, en effet, pourquoi tu me demandes \u00e7a ?<\/p>\n\n\n\n<p>\u2014 Il se pourrait bien qu\u2019il ait \u00e9t\u00e9 utilis\u00e9 chez nous ! \u00bb<\/p>\n\n\n\n<p>Sands relata l\u2019accident survenu le samedi pr\u00e9c\u00e9dent.<\/p>\n\n\n\n<p>\u00ab Le coroner a extrait la balle, c\u2019\u00e9tait bien du calibre 38 et quand j\u2019ai montr\u00e9 mon arme de service \u00e0 l\u2019un des t\u00e9moins, il a reconnu le mod\u00e8le.<\/p>\n\n\n\n<p>\u2014 Ah merde ! siffla Pfeiffer, c\u2019est du s\u00e9rieux \u00e7a. Et c\u2019est Jenny Boudreaux qui a tir\u00e9 ?<\/p>\n\n\n\n<p>\u2014 Non, c\u2019est une de ses amies qui vit avec elle.<\/p>\n\n\n\n<p>\u2014 Elle \u00e9tait seule quand elle a quitt\u00e9 la Louisiane, pr\u00e9cisa le Sh\u00e9rif. Et elles sont o\u00f9, maintenant ?<\/p>\n\n\n\n<p>\u2014 On n\u2019en sait rien pour le moment, en cavale. Mon partenaire a crois\u00e9 cette Jenny au pied de son immeuble quand il a fait ses premi\u00e8res investigations, mais \u00e0 ce moment, ce n\u2019\u00e9tait pas elle qui \u00e9tait recherch\u00e9e. Quand nous y sommes retourn\u00e9s, les filles s\u2019\u00e9taient fait la belle. Elles peuvent \u00eatre n\u2019importe o\u00f9, Tulsa n\u2019est qu\u2019\u00e0 une heure de la fronti\u00e8re du Kansas.<\/p>\n\n\n\n<p>\u2014 Et bien bon courage, les gars, conclut le sh\u00e9rif Pfeiffer avant de raccrocher. \u00bb<\/p>\n\n\n\n<p>Sands prit le temps de noter les \u00e9l\u00e9ments qu\u2019il avait r\u00e9colt\u00e9s avant de partager ces informations avec le sergent.<\/p>\n\n\n\n<p>\u00ab \u00c7a ne changera pas grand-chose, mais on est \u00e0 peu pr\u00e8s s\u00fbrs que le m\u00f4me a \u00e9t\u00e9 tu\u00e9 par une arme vol\u00e9e \u00e0 un policier de Louisiane il y a quelques semaines. \u00bb<\/p>\n\n\n\n<p>Sands rapporta l\u2019\u00e9change qu\u2019il venait d\u2019avoir avec le sh\u00e9rif Pfeiffer.<\/p>\n\n\n\n<p>\u00ab Je te l\u2019avais bien dit, Tsali, tout cela nous d\u00e9passe. Si ces filles ont commis des crimes dans plusieurs \u00c9tats, c\u2019est au FBI de reprendre le dossier. On va aller voir le Chef, mais je suis \u00e0 peu pr\u00e8s certain qu\u2019il nous confirmera cela. \u00bb<\/p>\n\n\n\n<p><\/p>\n\n\n\n<p>Continuer la lecture : <a href=\"https:\/\/ellington-photo.com\/ErosWalker\/mortelle-cavale-30\/\">https:\/\/ellington-photo.com\/ErosWalker\/mortelle-cavale-30\/<\/a><\/p>\n\n\n\n<p><\/p>\n","protected":false},"excerpt":{"rendered":"<p>L&rsquo;arme vol\u00e9e Claremore, Oklahoma Vendredi 7 novembre 1980, 8h00 Lorsque Tsali Sands entra dans les locaux du sh\u00e9rif, la r\u00e9ceptionniste l\u2019interpella en lui tendant une feuille imprim\u00e9e. \u00ab J\u2019ai trouv\u00e9 cela sur le fax en arrivant ce matin. C\u2019est adress\u00e9 au sergent Lobster, mais comme &hellip; <\/p>\n","protected":false},"author":1,"featured_media":387,"parent":0,"menu_order":0,"comment_status":"closed","ping_status":"closed","template":"","meta":{"footnotes":""},"class_list":["post-384","page","type-page","status-publish","has-post-thumbnail","hentry"],"yoast_head":"<!-- This site is optimized with the Yoast SEO plugin v27.4 - https:\/\/yoast.com\/product\/yoast-seo-wordpress\/ -->\n<title>Mortelle Cavale (29) - Eros Walker Stories<\/title>\n<meta name=\"robots\" content=\"index, follow, max-snippet:-1, max-image-preview:large, max-video-preview:-1\" \/>\n<link rel=\"canonical\" href=\"https:\/\/ellington-photo.com\/ErosWalker\/mortelle-cavale-29\/\" \/>\n<meta property=\"og:locale\" content=\"fr_FR\" \/>\n<meta property=\"og:type\" content=\"article\" \/>\n<meta property=\"og:title\" content=\"Mortelle Cavale (29) - Eros Walker Stories\" \/>\n<meta property=\"og:description\" content=\"L&rsquo;arme vol\u00e9e Claremore, Oklahoma Vendredi 7 novembre 1980, 8h00 Lorsque Tsali Sands entra dans les locaux du sh\u00e9rif, la r\u00e9ceptionniste l\u2019interpella en lui tendant une feuille imprim\u00e9e. \u00ab J\u2019ai trouv\u00e9 cela sur le fax en arrivant ce matin. C\u2019est adress\u00e9 au sergent Lobster, mais comme &hellip;\" \/>\n<meta property=\"og:url\" content=\"https:\/\/ellington-photo.com\/ErosWalker\/mortelle-cavale-29\/\" \/>\n<meta property=\"og:site_name\" content=\"Eros Walker Stories\" \/>\n<meta property=\"article:modified_time\" content=\"2025-01-14T17:04:43+00:00\" \/>\n<meta property=\"og:image\" content=\"https:\/\/ellington-photo.com\/ErosWalker\/wp-content\/uploads\/2025\/01\/Designer-42.jpeg\" \/>\n\t<meta property=\"og:image:width\" content=\"1024\" \/>\n\t<meta property=\"og:image:height\" content=\"1024\" \/>\n\t<meta property=\"og:image:type\" content=\"image\/jpeg\" \/>\n<meta name=\"twitter:card\" content=\"summary_large_image\" \/>\n<meta name=\"twitter:label1\" content=\"Dur\u00e9e de lecture estim\u00e9e\" \/>\n\t<meta name=\"twitter:data1\" content=\"4 minutes\" \/>\n<script type=\"application\/ld+json\" class=\"yoast-schema-graph\">{\"@context\":\"https:\\\/\\\/schema.org\",\"@graph\":[{\"@type\":\"WebPage\",\"@id\":\"https:\\\/\\\/ellington-photo.com\\\/ErosWalker\\\/mortelle-cavale-29\\\/\",\"url\":\"https:\\\/\\\/ellington-photo.com\\\/ErosWalker\\\/mortelle-cavale-29\\\/\",\"name\":\"Mortelle Cavale (29) - Eros Walker Stories\",\"isPartOf\":{\"@id\":\"https:\\\/\\\/ellington-photo.com\\\/ErosWalker\\\/#website\"},\"primaryImageOfPage\":{\"@id\":\"https:\\\/\\\/ellington-photo.com\\\/ErosWalker\\\/mortelle-cavale-29\\\/#primaryimage\"},\"image\":{\"@id\":\"https:\\\/\\\/ellington-photo.com\\\/ErosWalker\\\/mortelle-cavale-29\\\/#primaryimage\"},\"thumbnailUrl\":\"https:\\\/\\\/ellington-photo.com\\\/ErosWalker\\\/wp-content\\\/uploads\\\/2025\\\/01\\\/Designer-42.jpeg\",\"datePublished\":\"2025-01-09T13:15:53+00:00\",\"dateModified\":\"2025-01-14T17:04:43+00:00\",\"breadcrumb\":{\"@id\":\"https:\\\/\\\/ellington-photo.com\\\/ErosWalker\\\/mortelle-cavale-29\\\/#breadcrumb\"},\"inLanguage\":\"fr-FR\",\"potentialAction\":[{\"@type\":\"ReadAction\",\"target\":[\"https:\\\/\\\/ellington-photo.com\\\/ErosWalker\\\/mortelle-cavale-29\\\/\"]}]},{\"@type\":\"ImageObject\",\"inLanguage\":\"fr-FR\",\"@id\":\"https:\\\/\\\/ellington-photo.com\\\/ErosWalker\\\/mortelle-cavale-29\\\/#primaryimage\",\"url\":\"https:\\\/\\\/ellington-photo.com\\\/ErosWalker\\\/wp-content\\\/uploads\\\/2025\\\/01\\\/Designer-42.jpeg\",\"contentUrl\":\"https:\\\/\\\/ellington-photo.com\\\/ErosWalker\\\/wp-content\\\/uploads\\\/2025\\\/01\\\/Designer-42.jpeg\",\"width\":1024,\"height\":1024},{\"@type\":\"BreadcrumbList\",\"@id\":\"https:\\\/\\\/ellington-photo.com\\\/ErosWalker\\\/mortelle-cavale-29\\\/#breadcrumb\",\"itemListElement\":[{\"@type\":\"ListItem\",\"position\":1,\"name\":\"Accueil\",\"item\":\"https:\\\/\\\/ellington-photo.com\\\/ErosWalker\\\/\"},{\"@type\":\"ListItem\",\"position\":2,\"name\":\"Mortelle Cavale (29)\"}]},{\"@type\":\"WebSite\",\"@id\":\"https:\\\/\\\/ellington-photo.com\\\/ErosWalker\\\/#website\",\"url\":\"https:\\\/\\\/ellington-photo.com\\\/ErosWalker\\\/\",\"name\":\"Eros Walker Stories\",\"description\":\"Litt\u00e9rature et images\",\"publisher\":{\"@id\":\"https:\\\/\\\/ellington-photo.com\\\/ErosWalker\\\/#organization\"},\"potentialAction\":[{\"@type\":\"SearchAction\",\"target\":{\"@type\":\"EntryPoint\",\"urlTemplate\":\"https:\\\/\\\/ellington-photo.com\\\/ErosWalker\\\/?s={search_term_string}\"},\"query-input\":{\"@type\":\"PropertyValueSpecification\",\"valueRequired\":true,\"valueName\":\"search_term_string\"}}],\"inLanguage\":\"fr-FR\"},{\"@type\":\"Organization\",\"@id\":\"https:\\\/\\\/ellington-photo.com\\\/ErosWalker\\\/#organization\",\"name\":\"Eros Walker Stories\",\"url\":\"https:\\\/\\\/ellington-photo.com\\\/ErosWalker\\\/\",\"logo\":{\"@type\":\"ImageObject\",\"inLanguage\":\"fr-FR\",\"@id\":\"https:\\\/\\\/ellington-photo.com\\\/ErosWalker\\\/#\\\/schema\\\/logo\\\/image\\\/\",\"url\":\"https:\\\/\\\/ellington-photo.com\\\/ErosWalker\\\/wp-content\\\/uploads\\\/2025\\\/05\\\/Chat-Noir.jpg\",\"contentUrl\":\"https:\\\/\\\/ellington-photo.com\\\/ErosWalker\\\/wp-content\\\/uploads\\\/2025\\\/05\\\/Chat-Noir.jpg\",\"width\":400,\"height\":391,\"caption\":\"Eros Walker Stories\"},\"image\":{\"@id\":\"https:\\\/\\\/ellington-photo.com\\\/ErosWalker\\\/#\\\/schema\\\/logo\\\/image\\\/\"},\"sameAs\":[\"https:\\\/\\\/www.linkedin.com\\\/in\\\/eros-walker-ab710a298\\\/\"]}]}<\/script>\n<!-- \/ Yoast SEO plugin. -->","yoast_head_json":{"title":"Mortelle Cavale (29) - Eros Walker Stories","robots":{"index":"index","follow":"follow","max-snippet":"max-snippet:-1","max-image-preview":"max-image-preview:large","max-video-preview":"max-video-preview:-1"},"canonical":"https:\/\/ellington-photo.com\/ErosWalker\/mortelle-cavale-29\/","og_locale":"fr_FR","og_type":"article","og_title":"Mortelle Cavale (29) - Eros Walker Stories","og_description":"L&rsquo;arme vol\u00e9e Claremore, Oklahoma Vendredi 7 novembre 1980, 8h00 Lorsque Tsali Sands entra dans les locaux du sh\u00e9rif, la r\u00e9ceptionniste l\u2019interpella en lui tendant une feuille imprim\u00e9e. \u00ab J\u2019ai trouv\u00e9 cela sur le fax en arrivant ce matin. C\u2019est adress\u00e9 au sergent Lobster, mais comme &hellip;","og_url":"https:\/\/ellington-photo.com\/ErosWalker\/mortelle-cavale-29\/","og_site_name":"Eros Walker Stories","article_modified_time":"2025-01-14T17:04:43+00:00","og_image":[{"width":1024,"height":1024,"url":"https:\/\/ellington-photo.com\/ErosWalker\/wp-content\/uploads\/2025\/01\/Designer-42.jpeg","type":"image\/jpeg"}],"twitter_card":"summary_large_image","twitter_misc":{"Dur\u00e9e de lecture estim\u00e9e":"4 minutes"},"schema":{"@context":"https:\/\/schema.org","@graph":[{"@type":"WebPage","@id":"https:\/\/ellington-photo.com\/ErosWalker\/mortelle-cavale-29\/","url":"https:\/\/ellington-photo.com\/ErosWalker\/mortelle-cavale-29\/","name":"Mortelle Cavale (29) - Eros Walker Stories","isPartOf":{"@id":"https:\/\/ellington-photo.com\/ErosWalker\/#website"},"primaryImageOfPage":{"@id":"https:\/\/ellington-photo.com\/ErosWalker\/mortelle-cavale-29\/#primaryimage"},"image":{"@id":"https:\/\/ellington-photo.com\/ErosWalker\/mortelle-cavale-29\/#primaryimage"},"thumbnailUrl":"https:\/\/ellington-photo.com\/ErosWalker\/wp-content\/uploads\/2025\/01\/Designer-42.jpeg","datePublished":"2025-01-09T13:15:53+00:00","dateModified":"2025-01-14T17:04:43+00:00","breadcrumb":{"@id":"https:\/\/ellington-photo.com\/ErosWalker\/mortelle-cavale-29\/#breadcrumb"},"inLanguage":"fr-FR","potentialAction":[{"@type":"ReadAction","target":["https:\/\/ellington-photo.com\/ErosWalker\/mortelle-cavale-29\/"]}]},{"@type":"ImageObject","inLanguage":"fr-FR","@id":"https:\/\/ellington-photo.com\/ErosWalker\/mortelle-cavale-29\/#primaryimage","url":"https:\/\/ellington-photo.com\/ErosWalker\/wp-content\/uploads\/2025\/01\/Designer-42.jpeg","contentUrl":"https:\/\/ellington-photo.com\/ErosWalker\/wp-content\/uploads\/2025\/01\/Designer-42.jpeg","width":1024,"height":1024},{"@type":"BreadcrumbList","@id":"https:\/\/ellington-photo.com\/ErosWalker\/mortelle-cavale-29\/#breadcrumb","itemListElement":[{"@type":"ListItem","position":1,"name":"Accueil","item":"https:\/\/ellington-photo.com\/ErosWalker\/"},{"@type":"ListItem","position":2,"name":"Mortelle Cavale (29)"}]},{"@type":"WebSite","@id":"https:\/\/ellington-photo.com\/ErosWalker\/#website","url":"https:\/\/ellington-photo.com\/ErosWalker\/","name":"Eros Walker Stories","description":"Litt\u00e9rature et images","publisher":{"@id":"https:\/\/ellington-photo.com\/ErosWalker\/#organization"},"potentialAction":[{"@type":"SearchAction","target":{"@type":"EntryPoint","urlTemplate":"https:\/\/ellington-photo.com\/ErosWalker\/?s={search_term_string}"},"query-input":{"@type":"PropertyValueSpecification","valueRequired":true,"valueName":"search_term_string"}}],"inLanguage":"fr-FR"},{"@type":"Organization","@id":"https:\/\/ellington-photo.com\/ErosWalker\/#organization","name":"Eros Walker Stories","url":"https:\/\/ellington-photo.com\/ErosWalker\/","logo":{"@type":"ImageObject","inLanguage":"fr-FR","@id":"https:\/\/ellington-photo.com\/ErosWalker\/#\/schema\/logo\/image\/","url":"https:\/\/ellington-photo.com\/ErosWalker\/wp-content\/uploads\/2025\/05\/Chat-Noir.jpg","contentUrl":"https:\/\/ellington-photo.com\/ErosWalker\/wp-content\/uploads\/2025\/05\/Chat-Noir.jpg","width":400,"height":391,"caption":"Eros Walker Stories"},"image":{"@id":"https:\/\/ellington-photo.com\/ErosWalker\/#\/schema\/logo\/image\/"},"sameAs":["https:\/\/www.linkedin.com\/in\/eros-walker-ab710a298\/"]}]}},"_links":{"self":[{"href":"https:\/\/ellington-photo.com\/ErosWalker\/wp-json\/wp\/v2\/pages\/384","targetHints":{"allow":["GET"]}}],"collection":[{"href":"https:\/\/ellington-photo.com\/ErosWalker\/wp-json\/wp\/v2\/pages"}],"about":[{"href":"https:\/\/ellington-photo.com\/ErosWalker\/wp-json\/wp\/v2\/types\/page"}],"author":[{"embeddable":true,"href":"https:\/\/ellington-photo.com\/ErosWalker\/wp-json\/wp\/v2\/users\/1"}],"replies":[{"embeddable":true,"href":"https:\/\/ellington-photo.com\/ErosWalker\/wp-json\/wp\/v2\/comments?post=384"}],"version-history":[{"count":3,"href":"https:\/\/ellington-photo.com\/ErosWalker\/wp-json\/wp\/v2\/pages\/384\/revisions"}],"predecessor-version":[{"id":394,"href":"https:\/\/ellington-photo.com\/ErosWalker\/wp-json\/wp\/v2\/pages\/384\/revisions\/394"}],"wp:featuredmedia":[{"embeddable":true,"href":"https:\/\/ellington-photo.com\/ErosWalker\/wp-json\/wp\/v2\/media\/387"}],"wp:attachment":[{"href":"https:\/\/ellington-photo.com\/ErosWalker\/wp-json\/wp\/v2\/media?parent=384"}],"curies":[{"name":"wp","href":"https:\/\/api.w.org\/{rel}","templated":true}]}}