{"id":315,"date":"2024-11-30T14:11:02","date_gmt":"2024-11-30T13:11:02","guid":{"rendered":"https:\/\/ellington-photo.com\/ErosWalker\/?page_id=315"},"modified":"2024-12-30T14:50:34","modified_gmt":"2024-12-30T13:50:34","slug":"mortelle-cavale-21","status":"publish","type":"page","link":"https:\/\/ellington-photo.com\/ErosWalker\/mortelle-cavale-21\/","title":{"rendered":"Mortelle Cavale (21)"},"content":{"rendered":"\n<p><strong>Chaude alerte<\/strong><\/p>\n\n\n\n<p><strong>Tulsa, Oklahoma<\/strong><br><strong>Dimanche 26 octobre 1980, 9h00<\/strong><\/p>\n\n\n\n<p>Lorsque nous sommes rentr\u00e9es hier soir, Becky a fil\u00e9 directement dans sa chambre, sans diner. Je peux la comprendre, elle commence \u00e0 prendre vraiment conscience de sa faute. Il va lui falloir vivre avec \u00e7a dans la t\u00eate. De mon c\u00f4t\u00e9, ce n\u2019est gu\u00e8re plus satisfaisant. Je dois faire un choix difficile. Soit je d\u00e9cide d\u2019abandonner Becky \u00e0 son sort, apr\u00e8s tout, on ne se connait que depuis quelques semaines et rien de fort ne nous lie, \u00e0 part nos ennuis, soit on se bat ensemble. J\u2019ai du mal \u00e0 comprendre le sentiment que j\u2019ai pour cette fille. Peut-\u00eatre est-ce parce que je n\u2019ai moi-m\u00eame pas d\u2019enfant, je me sens oblig\u00e9e de la prot\u00e9ger comme une m\u00e8re. Elle a pourtant presque vingt ans. Ce choix a tourn\u00e9 dans mon esprit pendant une bonne partie de la nuit. Je crois qu\u2019il \u00e9tait tr\u00e8s tard quand j\u2019ai fini par m\u2019endormir. Enfin, ce matin, ma r\u00e9solution est prise. Je commen\u00e7ais \u00e0 me plaire \u00e0 Tulsa, mais il nous faut partir et le plus t\u00f4t sera le mieux. Je prends une douche rapide et je m\u2019habille pour aller faire quelques courses en vue du voyage. Je jette un \u0153il sur Becky, elle dort toujours profond\u00e9ment. Je lui laisse quand m\u00eame un petit mot sur la table.<\/p>\n\n\n\n<p>Lorsque je reviens, une demi-heure plus tard, mon sang ne fait qu\u2019un tour. Une voiture portant les marques du sh\u00e9rif du comt\u00e9 de Rogers est gar\u00e9e devant notre immeuble. Je monte les deux \u00e9tages en essayant de ne pas para\u00eetre trop troubl\u00e9e. Un homme en uniforme est devant la porte. Je m\u2019adresse \u00e0 lui aussi naturellement que possible.<\/p>\n\n\n\n<p>\u00ab Bonjour Officier, j\u2019\u00e9tais sortie faire quelques courses, comme vous le voyez, dis-je en levant mes sacs. Qu\u2019est-ce qui vous am\u00e8ne par ici ?<\/p>\n\n\n\n<p>\u2014 Bonjour, vous \u00eates Becky ? me r\u00e9pond l\u2019homme.<\/p>\n\n\n\n<p>\u2014 Non, ce n\u2019est pas moi, Becky c\u2019est ma co-locataire, mais elle est absente ce week-end. Elle est partie vendredi soir avec des amis. Elle ne m\u2019a pas dit o\u00f9. Elle devrait rentrer dans l\u2019apr\u00e8s-midi. Pourquoi est-ce que vous la cherchez ?<\/p>\n\n\n\n<p>\u2014 Nous aimerions lui parler \u00e0 propos d\u2019une affaire qui s\u2019est produite hier \u00e0 Oologah. Pourriez-vous lui demander de m\u2019appeler \u00e0 ce num\u00e9ro d\u00e8s qu\u2019elle rentrera ? \u00bb<\/p>\n\n\n\n<p>Le flic me tend une carte de visite. <em>Sergent Mark Lobster, brigade criminelle<\/em>.<\/p>\n\n\n\n<p>\u00ab Je ne manquerai pas de lui dire que vous \u00eates pass\u00e9, Sergent Lobster.<\/p>\n\n\n\n<p>\u2014 N\u2019oubliez pas, c\u2019est tr\u00e8s important, Madame\u2026 ?<\/p>\n\n\n\n<p>\u2014 Anderson, Mary Anderson.<\/p>\n\n\n\n<p>\u2014 Madame Anderson, je vous souhaite un bon dimanche, et je compte sur vous pour pr\u00e9venir votre co-locataire. \u00bb<\/p>\n\n\n\n<p>Je commence \u00e0 prendre des reflexes de fugitive. J\u2019ai menti naturellement. Je regarde le flic descendre les marches. Je rentre dans l\u2019appartement et je vais \u00e0 la fen\u00eatre. Je vois sa voiture qui fait demi-tour et s\u2019\u00e9loigne.<\/p>\n\n\n\n<p>\u00ab C\u2019\u00e9tait qui ? fait une voix mal assur\u00e9e derri\u00e8re moi.<\/p>\n\n\n\n<p>\u2014 Un homme du bureau du sh\u00e9rif de Rogers. Il voulait te parler. Je lui ai dit que tu n\u2019\u00e9tais pas l\u00e0.<\/p>\n\n\n\n<p>\u2014 Tu crois qu\u2019il venait pour\u2026<\/p>\n\n\n\n<p>\u2014 Pas pour t\u2019inviter au cin\u00e9ma, \u00e7a c\u2019est s\u00fbr ! Fonce prendre une douche et pr\u00e9pare tes bagages, le minimum vital. On se barre d\u2019ici en vitesse. \u00bb<\/p>\n\n\n\n<p>Pour moi, ce sera rapide, je n\u2019ai pas grand-chose \u00e0 ranger. Toutes mes possessions tiennent dans un grand sac de voyage. En dix minutes j\u2019ai tout emball\u00e9, m\u00eame le linge qui s\u00e9chait dans la salle de bains.<\/p>\n\n\n\n<p>Me voil\u00e0 de retour \u00e0 la case d\u00e9part. Je ne me fais pas d\u2019illusion. Le subterfuge ne durera pas longtemps. Si ce flic est consciencieux, il interrogera le propri\u00e9taire de l\u2019appartement et aura nos identit\u00e9s, mais sans doute pas avant demain. Il va nous falloir \u00e9galement nous d\u00e9barrasser de la voiture. Marcie, la copine de Becky l\u2019a vue et a peut-\u00eatre donn\u00e9 son signalement. Les vieux pick-up Chevrolet, ce n\u2019est pas ce qui manque dans le coin, mais inutile de leur faciliter le travail. Ce flic \u00e9tait en dehors de son comt\u00e9, c\u2019est limite, mais ils ont sans doute des arrangements. Ce qu\u2019il faut, c\u2019est qu\u2019on change d\u2019\u00c9tat, \u00e7a nous donnera du temps.<\/p>\n\n\n\n<p>J\u2019ai trouv\u00e9 une carte Hammond qui couvre l\u2019Oklahoma et le Kansas. En filant plein nord, la fronti\u00e8re est \u00e0 70 miles. On peut y \u00eatre avant midi. Je pr\u00e9viens Becky et lui demande de descendre les bagages pendant que je vais chercher la voiture. Vingt minutes plus tard, apr\u00e8s un passage \u00e0 la station-service, nous sommes en route.<\/p>\n\n\n\n<p><\/p>\n\n\n\n<p>Continuer la lecture : <a href=\"https:\/\/ellington-photo.com\/ErosWalker\/mortelle-cavale-22\/\">https:\/\/ellington-photo.com\/ErosWalker\/mortelle-cavale-22\/<\/a><\/p>\n","protected":false},"excerpt":{"rendered":"<p>Chaude alerte Tulsa, OklahomaDimanche 26 octobre 1980, 9h00 Lorsque nous sommes rentr\u00e9es hier soir, Becky a fil\u00e9 directement dans sa chambre, sans diner. Je peux la comprendre, elle commence \u00e0 prendre vraiment conscience de sa faute. Il va lui falloir vivre avec \u00e7a dans la &hellip; <\/p>\n","protected":false},"author":1,"featured_media":362,"parent":0,"menu_order":0,"comment_status":"closed","ping_status":"closed","template":"","meta":{"footnotes":""},"class_list":["post-315","page","type-page","status-publish","has-post-thumbnail","hentry"],"yoast_head":"<!-- This site is optimized with the Yoast SEO plugin v27.4 - https:\/\/yoast.com\/product\/yoast-seo-wordpress\/ -->\n<title>Mortelle Cavale (21) - Eros Walker Stories<\/title>\n<meta name=\"robots\" content=\"index, follow, max-snippet:-1, max-image-preview:large, max-video-preview:-1\" \/>\n<link rel=\"canonical\" href=\"https:\/\/ellington-photo.com\/ErosWalker\/mortelle-cavale-21\/\" \/>\n<meta property=\"og:locale\" content=\"fr_FR\" \/>\n<meta property=\"og:type\" content=\"article\" \/>\n<meta property=\"og:title\" content=\"Mortelle Cavale (21) - Eros Walker Stories\" \/>\n<meta property=\"og:description\" content=\"Chaude alerte Tulsa, OklahomaDimanche 26 octobre 1980, 9h00 Lorsque nous sommes rentr\u00e9es hier soir, Becky a fil\u00e9 directement dans sa chambre, sans diner. Je peux la comprendre, elle commence \u00e0 prendre vraiment conscience de sa faute. Il va lui falloir vivre avec \u00e7a dans la &hellip;\" \/>\n<meta property=\"og:url\" content=\"https:\/\/ellington-photo.com\/ErosWalker\/mortelle-cavale-21\/\" \/>\n<meta property=\"og:site_name\" content=\"Eros Walker Stories\" \/>\n<meta property=\"article:modified_time\" content=\"2024-12-30T13:50:34+00:00\" \/>\n<meta property=\"og:image\" content=\"https:\/\/ellington-photo.com\/ErosWalker\/wp-content\/uploads\/2024\/12\/Designer-34.jpeg\" \/>\n\t<meta property=\"og:image:width\" content=\"1024\" \/>\n\t<meta property=\"og:image:height\" content=\"1024\" \/>\n\t<meta property=\"og:image:type\" content=\"image\/jpeg\" \/>\n<meta name=\"twitter:card\" content=\"summary_large_image\" \/>\n<meta name=\"twitter:label1\" content=\"Dur\u00e9e de lecture estim\u00e9e\" \/>\n\t<meta name=\"twitter:data1\" content=\"4 minutes\" \/>\n<script type=\"application\/ld+json\" class=\"yoast-schema-graph\">{\"@context\":\"https:\\\/\\\/schema.org\",\"@graph\":[{\"@type\":\"WebPage\",\"@id\":\"https:\\\/\\\/ellington-photo.com\\\/ErosWalker\\\/mortelle-cavale-21\\\/\",\"url\":\"https:\\\/\\\/ellington-photo.com\\\/ErosWalker\\\/mortelle-cavale-21\\\/\",\"name\":\"Mortelle Cavale (21) - Eros Walker Stories\",\"isPartOf\":{\"@id\":\"https:\\\/\\\/ellington-photo.com\\\/ErosWalker\\\/#website\"},\"primaryImageOfPage\":{\"@id\":\"https:\\\/\\\/ellington-photo.com\\\/ErosWalker\\\/mortelle-cavale-21\\\/#primaryimage\"},\"image\":{\"@id\":\"https:\\\/\\\/ellington-photo.com\\\/ErosWalker\\\/mortelle-cavale-21\\\/#primaryimage\"},\"thumbnailUrl\":\"https:\\\/\\\/ellington-photo.com\\\/ErosWalker\\\/wp-content\\\/uploads\\\/2024\\\/12\\\/Designer-34.jpeg\",\"datePublished\":\"2024-11-30T13:11:02+00:00\",\"dateModified\":\"2024-12-30T13:50:34+00:00\",\"breadcrumb\":{\"@id\":\"https:\\\/\\\/ellington-photo.com\\\/ErosWalker\\\/mortelle-cavale-21\\\/#breadcrumb\"},\"inLanguage\":\"fr-FR\",\"potentialAction\":[{\"@type\":\"ReadAction\",\"target\":[\"https:\\\/\\\/ellington-photo.com\\\/ErosWalker\\\/mortelle-cavale-21\\\/\"]}]},{\"@type\":\"ImageObject\",\"inLanguage\":\"fr-FR\",\"@id\":\"https:\\\/\\\/ellington-photo.com\\\/ErosWalker\\\/mortelle-cavale-21\\\/#primaryimage\",\"url\":\"https:\\\/\\\/ellington-photo.com\\\/ErosWalker\\\/wp-content\\\/uploads\\\/2024\\\/12\\\/Designer-34.jpeg\",\"contentUrl\":\"https:\\\/\\\/ellington-photo.com\\\/ErosWalker\\\/wp-content\\\/uploads\\\/2024\\\/12\\\/Designer-34.jpeg\",\"width\":1024,\"height\":1024},{\"@type\":\"BreadcrumbList\",\"@id\":\"https:\\\/\\\/ellington-photo.com\\\/ErosWalker\\\/mortelle-cavale-21\\\/#breadcrumb\",\"itemListElement\":[{\"@type\":\"ListItem\",\"position\":1,\"name\":\"Accueil\",\"item\":\"https:\\\/\\\/ellington-photo.com\\\/ErosWalker\\\/\"},{\"@type\":\"ListItem\",\"position\":2,\"name\":\"Mortelle Cavale (21)\"}]},{\"@type\":\"WebSite\",\"@id\":\"https:\\\/\\\/ellington-photo.com\\\/ErosWalker\\\/#website\",\"url\":\"https:\\\/\\\/ellington-photo.com\\\/ErosWalker\\\/\",\"name\":\"Eros Walker Stories\",\"description\":\"Litt\u00e9rature et images\",\"publisher\":{\"@id\":\"https:\\\/\\\/ellington-photo.com\\\/ErosWalker\\\/#organization\"},\"potentialAction\":[{\"@type\":\"SearchAction\",\"target\":{\"@type\":\"EntryPoint\",\"urlTemplate\":\"https:\\\/\\\/ellington-photo.com\\\/ErosWalker\\\/?s={search_term_string}\"},\"query-input\":{\"@type\":\"PropertyValueSpecification\",\"valueRequired\":true,\"valueName\":\"search_term_string\"}}],\"inLanguage\":\"fr-FR\"},{\"@type\":\"Organization\",\"@id\":\"https:\\\/\\\/ellington-photo.com\\\/ErosWalker\\\/#organization\",\"name\":\"Eros Walker Stories\",\"url\":\"https:\\\/\\\/ellington-photo.com\\\/ErosWalker\\\/\",\"logo\":{\"@type\":\"ImageObject\",\"inLanguage\":\"fr-FR\",\"@id\":\"https:\\\/\\\/ellington-photo.com\\\/ErosWalker\\\/#\\\/schema\\\/logo\\\/image\\\/\",\"url\":\"https:\\\/\\\/ellington-photo.com\\\/ErosWalker\\\/wp-content\\\/uploads\\\/2025\\\/05\\\/Chat-Noir.jpg\",\"contentUrl\":\"https:\\\/\\\/ellington-photo.com\\\/ErosWalker\\\/wp-content\\\/uploads\\\/2025\\\/05\\\/Chat-Noir.jpg\",\"width\":400,\"height\":391,\"caption\":\"Eros Walker Stories\"},\"image\":{\"@id\":\"https:\\\/\\\/ellington-photo.com\\\/ErosWalker\\\/#\\\/schema\\\/logo\\\/image\\\/\"},\"sameAs\":[\"https:\\\/\\\/www.linkedin.com\\\/in\\\/eros-walker-ab710a298\\\/\"]}]}<\/script>\n<!-- \/ Yoast SEO plugin. -->","yoast_head_json":{"title":"Mortelle Cavale (21) - Eros Walker Stories","robots":{"index":"index","follow":"follow","max-snippet":"max-snippet:-1","max-image-preview":"max-image-preview:large","max-video-preview":"max-video-preview:-1"},"canonical":"https:\/\/ellington-photo.com\/ErosWalker\/mortelle-cavale-21\/","og_locale":"fr_FR","og_type":"article","og_title":"Mortelle Cavale (21) - Eros Walker Stories","og_description":"Chaude alerte Tulsa, OklahomaDimanche 26 octobre 1980, 9h00 Lorsque nous sommes rentr\u00e9es hier soir, Becky a fil\u00e9 directement dans sa chambre, sans diner. Je peux la comprendre, elle commence \u00e0 prendre vraiment conscience de sa faute. Il va lui falloir vivre avec \u00e7a dans la &hellip;","og_url":"https:\/\/ellington-photo.com\/ErosWalker\/mortelle-cavale-21\/","og_site_name":"Eros Walker Stories","article_modified_time":"2024-12-30T13:50:34+00:00","og_image":[{"width":1024,"height":1024,"url":"https:\/\/ellington-photo.com\/ErosWalker\/wp-content\/uploads\/2024\/12\/Designer-34.jpeg","type":"image\/jpeg"}],"twitter_card":"summary_large_image","twitter_misc":{"Dur\u00e9e de lecture estim\u00e9e":"4 minutes"},"schema":{"@context":"https:\/\/schema.org","@graph":[{"@type":"WebPage","@id":"https:\/\/ellington-photo.com\/ErosWalker\/mortelle-cavale-21\/","url":"https:\/\/ellington-photo.com\/ErosWalker\/mortelle-cavale-21\/","name":"Mortelle Cavale (21) - Eros Walker Stories","isPartOf":{"@id":"https:\/\/ellington-photo.com\/ErosWalker\/#website"},"primaryImageOfPage":{"@id":"https:\/\/ellington-photo.com\/ErosWalker\/mortelle-cavale-21\/#primaryimage"},"image":{"@id":"https:\/\/ellington-photo.com\/ErosWalker\/mortelle-cavale-21\/#primaryimage"},"thumbnailUrl":"https:\/\/ellington-photo.com\/ErosWalker\/wp-content\/uploads\/2024\/12\/Designer-34.jpeg","datePublished":"2024-11-30T13:11:02+00:00","dateModified":"2024-12-30T13:50:34+00:00","breadcrumb":{"@id":"https:\/\/ellington-photo.com\/ErosWalker\/mortelle-cavale-21\/#breadcrumb"},"inLanguage":"fr-FR","potentialAction":[{"@type":"ReadAction","target":["https:\/\/ellington-photo.com\/ErosWalker\/mortelle-cavale-21\/"]}]},{"@type":"ImageObject","inLanguage":"fr-FR","@id":"https:\/\/ellington-photo.com\/ErosWalker\/mortelle-cavale-21\/#primaryimage","url":"https:\/\/ellington-photo.com\/ErosWalker\/wp-content\/uploads\/2024\/12\/Designer-34.jpeg","contentUrl":"https:\/\/ellington-photo.com\/ErosWalker\/wp-content\/uploads\/2024\/12\/Designer-34.jpeg","width":1024,"height":1024},{"@type":"BreadcrumbList","@id":"https:\/\/ellington-photo.com\/ErosWalker\/mortelle-cavale-21\/#breadcrumb","itemListElement":[{"@type":"ListItem","position":1,"name":"Accueil","item":"https:\/\/ellington-photo.com\/ErosWalker\/"},{"@type":"ListItem","position":2,"name":"Mortelle Cavale (21)"}]},{"@type":"WebSite","@id":"https:\/\/ellington-photo.com\/ErosWalker\/#website","url":"https:\/\/ellington-photo.com\/ErosWalker\/","name":"Eros Walker Stories","description":"Litt\u00e9rature et images","publisher":{"@id":"https:\/\/ellington-photo.com\/ErosWalker\/#organization"},"potentialAction":[{"@type":"SearchAction","target":{"@type":"EntryPoint","urlTemplate":"https:\/\/ellington-photo.com\/ErosWalker\/?s={search_term_string}"},"query-input":{"@type":"PropertyValueSpecification","valueRequired":true,"valueName":"search_term_string"}}],"inLanguage":"fr-FR"},{"@type":"Organization","@id":"https:\/\/ellington-photo.com\/ErosWalker\/#organization","name":"Eros Walker Stories","url":"https:\/\/ellington-photo.com\/ErosWalker\/","logo":{"@type":"ImageObject","inLanguage":"fr-FR","@id":"https:\/\/ellington-photo.com\/ErosWalker\/#\/schema\/logo\/image\/","url":"https:\/\/ellington-photo.com\/ErosWalker\/wp-content\/uploads\/2025\/05\/Chat-Noir.jpg","contentUrl":"https:\/\/ellington-photo.com\/ErosWalker\/wp-content\/uploads\/2025\/05\/Chat-Noir.jpg","width":400,"height":391,"caption":"Eros Walker Stories"},"image":{"@id":"https:\/\/ellington-photo.com\/ErosWalker\/#\/schema\/logo\/image\/"},"sameAs":["https:\/\/www.linkedin.com\/in\/eros-walker-ab710a298\/"]}]}},"_links":{"self":[{"href":"https:\/\/ellington-photo.com\/ErosWalker\/wp-json\/wp\/v2\/pages\/315","targetHints":{"allow":["GET"]}}],"collection":[{"href":"https:\/\/ellington-photo.com\/ErosWalker\/wp-json\/wp\/v2\/pages"}],"about":[{"href":"https:\/\/ellington-photo.com\/ErosWalker\/wp-json\/wp\/v2\/types\/page"}],"author":[{"embeddable":true,"href":"https:\/\/ellington-photo.com\/ErosWalker\/wp-json\/wp\/v2\/users\/1"}],"replies":[{"embeddable":true,"href":"https:\/\/ellington-photo.com\/ErosWalker\/wp-json\/wp\/v2\/comments?post=315"}],"version-history":[{"count":2,"href":"https:\/\/ellington-photo.com\/ErosWalker\/wp-json\/wp\/v2\/pages\/315\/revisions"}],"predecessor-version":[{"id":320,"href":"https:\/\/ellington-photo.com\/ErosWalker\/wp-json\/wp\/v2\/pages\/315\/revisions\/320"}],"wp:featuredmedia":[{"embeddable":true,"href":"https:\/\/ellington-photo.com\/ErosWalker\/wp-json\/wp\/v2\/media\/362"}],"wp:attachment":[{"href":"https:\/\/ellington-photo.com\/ErosWalker\/wp-json\/wp\/v2\/media?parent=315"}],"curies":[{"name":"wp","href":"https:\/\/api.w.org\/{rel}","templated":true}]}}