{"id":257,"date":"2024-11-26T09:31:25","date_gmt":"2024-11-26T08:31:25","guid":{"rendered":"https:\/\/ellington-photo.com\/ErosWalker\/?page_id=257"},"modified":"2024-12-09T17:31:12","modified_gmt":"2024-12-09T16:31:12","slug":"mortelle-cavale-8","status":"publish","type":"page","link":"https:\/\/ellington-photo.com\/ErosWalker\/mortelle-cavale-8\/","title":{"rendered":"Mortelle Cavale (8)"},"content":{"rendered":"\n<p><strong>Sur la route de&nbsp;Memphis<\/strong><\/p>\n\n\n\n<p><strong>De Jackson, Mississipi \u00e0 Memphis, Tennessee<\/strong><br><strong>Lundi 22 septembre 1980, 9h00<\/strong><\/p>\n\n\n\n<p>Ma d\u00e9cision est prise, je vais continuer la route vers le nord. Hier soir, Charles, le patron du Walnut Bar m\u2019a demand\u00e9 si je souhaitais rester plus longtemps. Il a eu le temps d\u2019appr\u00e9cier mes services et aimerait m\u2019offrir un poste \u00e0 plein temps, mais je ne veux pas m\u2019\u00e9terniser au Mississipi. J\u2019ai lu le journal qui trainait sur le comptoir et je n\u2019ai vu aucune information concernant les deux hommes de la for\u00eat. Rien non plus \u00e0 la t\u00e9l\u00e9vision, mais je pr\u00e9f\u00e8re prendre de la distance. Charles m\u2019a permis d\u2019utiliser le t\u00e9l\u00e9phone et j\u2019ai pu parler \u00e0 Billy. Je me suis excus\u00e9e pour mon d\u00e9part pr\u00e9cipit\u00e9 et je lui ai dit qu\u2019il pouvait r\u00e9cup\u00e9rer sa voiture sur le parking de la gare de Vicksburg. J\u2019ai confi\u00e9 les cl\u00e9s \u00e0 Charles. Billy m\u2019a expliqu\u00e9 que Henry, le client que j\u2019ai frapp\u00e9 ne portait pas plainte contre moi et que le sh\u00e9rif avait d\u00e9cid\u00e9 de gommer la m\u00e9saventure de Frankie. Il m\u2019a propos\u00e9 de rentrer et de reprendre le travail. Je l\u2019ai remerci\u00e9 en lui expliquant que j\u2019avais besoin de tourner la page, de changer de vie. Il n\u2019a pas insist\u00e9. Grace au salaire et aux pourboires, je me retrouve avec cent vingt dollars. J\u2019ai de quoi tenir quelques jours.<\/p>\n\n\n\n<p>\u00c0 la gare routi\u00e8re, je constate qu\u2019il n\u2019y a pas de bus direct pour Little Rock. Je peux y arriver en passant par Shreveport, mais \u00e7a fait un grand d\u00e9tour. Je change d\u2019avis sur ma destination et je prends un billet pour Memphis, via Jackson. Pour moi qui ai grandi avec les disques d\u2019Elvis Presley, Memphis c\u2019est la capitale de la musique. Le bus pour Jackson part dans une demi-heure. J\u2019ai le temps d\u2019aller m\u2019acheter de quoi lire durant le trajet. La gare routi\u00e8re h\u00e9berge un petit kiosque. J\u2019ach\u00e8te le dernier roman de Danielle Steel, <em>Une saison de passion<\/em>. Je ne lis pas beaucoup, mais on a beaucoup parl\u00e9 de ce titre ces derniers temps et j\u2019ai quelques heures \u00e0 occuper. Je prends aussi un caf\u00e9 \u00e0 emporter et un muffin. Il est temps, le conducteur appelle les passagers. Il parait un peu surpris quand je lui dit que je n\u2019ai pas de bagages, mais il en a vu d\u2019autres. Je monte dans le v\u00e9hicule et vais m\u2019installer \u00e0 l\u2019arri\u00e8re. Une heure plus tard, nous arrivons \u00e0 Jackson. Nous avons quinze minutes de pause. J\u2019en profite pour faire un tour aux toilettes. Lorsque je reviens, le bus s\u2019est presque rempli. Une jeune femme est install\u00e9e \u00e0 la place voisine de la mienne. Elle se pr\u00e9sente aimablement. Elle s\u2019appelle Rebecca, mais pr\u00e9f\u00e8re qu\u2019on l\u2019appelle Becky. Tr\u00e8s vite, elle engage la conversation, me demandant ce que je vais faire \u00e0 Memphis. Je peux difficilement lui dire que je veux juste m\u2019\u00e9loigner de l\u2019endroit o\u00f9 j\u2019ai tir\u00e9 sur un homme avec une arme vol\u00e9e \u00e0 un policier. J\u2019invente une histoire de parent malade. Elle me raconte sa courte vie, son enfance, son adolescence, qui ressemblent en tous points \u00e0 la mienne. La seule diff\u00e9rence est que sa m\u00e8re s\u2019est remari\u00e9e avec un homme qui avec le temps a trouv\u00e9 la fille plus \u00e0 son go\u00fbt que sa femme. Elle a quitt\u00e9 le domicile familial lorsqu\u2019il est devenu trop pressant. Apr\u00e8s avoir v\u00e9cu un temps dans un foyer d\u2019accueil, elle a d\u00e9cid\u00e9 de tenter sa chance \u00e0 Memphis o\u00f9 elle esp\u00e8re trouver un emploi comme choriste ou danseuse. Je l\u2019\u00e9coute sans trop m\u2019engager, peu d\u00e9sireuse de me livrer \u00e0 mon tour. Je sors mon bouquin, esp\u00e9rant qu\u2019elle comprendra que je cherche un peu de solitude. Elle me laisse tranquille quelques minutes puis ne peut s\u2019emp\u00eacher de m\u2019interroger sur ma lecture. Je lui r\u00e9ponds que je d\u00e9couvre cette auteure et que je commence l\u2019ouvrage. Elle se relance en m\u2019expliquant qu\u2019elle lisait beaucoup de romans quand elle vivait avec ses parents, mais que la vie en collectivit\u00e9 l\u2019avait un peu \u00e9loign\u00e9e des livres. Je lui lis la quatri\u00e8me de couverture. C\u2019est tout ce que je peux faire. Il est question d\u2019une jeune femme qui vit recluse apr\u00e8s un drame personnel. Par chance, elle finit par somnoler et je peux reprendre mon occupation. Bien s\u00fbr, l\u2019arr\u00eat \u00e0 Winona la r\u00e9veille. Quand nous repartons, il reste encore plus de deux heures de route. Becky semble d\u00e9cid\u00e9e \u00e0 les passer \u00e0 bavarder. Je capitule et range le bouquin dans mon sac. Je jette un \u0153il par la fen\u00eatre, nous traversons les plaines du delta. Nous sommes dans la p\u00e9riode de r\u00e9colte du coton et il y a de l\u2019activit\u00e9 dans les champs. Les voitures des cueilleurs s\u2019alignent en bordure des parcelles et les camions attendent leurs chargements sur les chemins. Becky me demande soudain si j\u2019ai un endroit pour dormir \u00e0 Memphis.<\/p>\n\n\n\n<p>La question est pertinente, j\u2019ai certes de quoi payer quelques nuits dans une pension ou un h\u00f4tel bon march\u00e9, mais gu\u00e8re plus. Becky sugg\u00e8re de partager une chambre, car elle non plus n\u2019a pas de point de chute. Son p\u00e9cule est \u00e0 peine plus gonfl\u00e9 que le mien. Elle a pu \u00e9conomiser cent cinquante dollars, dont elle a d\u00e9j\u00e0 soustrait le prix du ticket. Je n\u2019h\u00e9site pas longtemps avant de lui donner mon accord. Elle est toute heureuse et me colle un gros baiser sur la joue.<\/p>\n\n\n\n<p>\u00ab On pourra dire qu\u2019on est s\u0153urs ! Comme \u00e7a, on ne me posera pas de questions. \u00bb<\/p>\n\n\n\n<p>Elle m\u2019explique qu\u2019au Mississipi, la majorit\u00e9 est \u00e0 vingt et un ans. Elle n\u2019en a que vingt. Je soupire. Me voil\u00e0 avec une enfant \u00e0 charge. Par chance, au Tennessee, c\u2019est dix-huit ans. Je me sens tout de m\u00eame investie d\u2019une nouvelle responsabilit\u00e9, je n\u2019ai pas besoin de \u00e7a.<\/p>\n\n\n\n<p><\/p>\n\n\n\n<p>Continuer la lecture : <a href=\"https:\/\/ellington-photo.com\/ErosWalker\/mortelle-cavale-9\/\">https:\/\/ellington-photo.com\/ErosWalker\/mortelle-cavale-9\/<\/a><\/p>\n\n\n\n<p><\/p>\n","protected":false},"excerpt":{"rendered":"<p>Sur la route de&nbsp;Memphis De Jackson, Mississipi \u00e0 Memphis, TennesseeLundi 22 septembre 1980, 9h00 Ma d\u00e9cision est prise, je vais continuer la route vers le nord. Hier soir, Charles, le patron du Walnut Bar m\u2019a demand\u00e9 si je souhaitais rester plus longtemps. Il a eu &hellip; <\/p>\n","protected":false},"author":1,"featured_media":336,"parent":0,"menu_order":0,"comment_status":"closed","ping_status":"closed","template":"","meta":{"footnotes":""},"class_list":["post-257","page","type-page","status-publish","has-post-thumbnail","hentry"],"yoast_head":"<!-- This site is optimized with the Yoast SEO plugin v27.4 - https:\/\/yoast.com\/product\/yoast-seo-wordpress\/ -->\n<title>Mortelle Cavale (8) - Eros Walker Stories<\/title>\n<meta name=\"robots\" content=\"index, follow, max-snippet:-1, max-image-preview:large, max-video-preview:-1\" \/>\n<link rel=\"canonical\" href=\"https:\/\/ellington-photo.com\/ErosWalker\/mortelle-cavale-8\/\" \/>\n<meta property=\"og:locale\" content=\"fr_FR\" \/>\n<meta property=\"og:type\" content=\"article\" \/>\n<meta property=\"og:title\" content=\"Mortelle Cavale (8) - Eros Walker Stories\" \/>\n<meta property=\"og:description\" content=\"Sur la route de&nbsp;Memphis De Jackson, Mississipi \u00e0 Memphis, TennesseeLundi 22 septembre 1980, 9h00 Ma d\u00e9cision est prise, je vais continuer la route vers le nord. Hier soir, Charles, le patron du Walnut Bar m\u2019a demand\u00e9 si je souhaitais rester plus longtemps. Il a eu &hellip;\" \/>\n<meta property=\"og:url\" content=\"https:\/\/ellington-photo.com\/ErosWalker\/mortelle-cavale-8\/\" \/>\n<meta property=\"og:site_name\" content=\"Eros Walker Stories\" \/>\n<meta property=\"article:modified_time\" content=\"2024-12-09T16:31:12+00:00\" \/>\n<meta property=\"og:image\" content=\"https:\/\/ellington-photo.com\/ErosWalker\/wp-content\/uploads\/2024\/12\/Designer-18.jpeg\" \/>\n\t<meta property=\"og:image:width\" content=\"1024\" \/>\n\t<meta property=\"og:image:height\" content=\"1024\" \/>\n\t<meta property=\"og:image:type\" content=\"image\/jpeg\" \/>\n<meta name=\"twitter:card\" content=\"summary_large_image\" \/>\n<meta name=\"twitter:label1\" content=\"Dur\u00e9e de lecture estim\u00e9e\" \/>\n\t<meta name=\"twitter:data1\" content=\"5 minutes\" \/>\n<script type=\"application\/ld+json\" class=\"yoast-schema-graph\">{\"@context\":\"https:\\\/\\\/schema.org\",\"@graph\":[{\"@type\":\"WebPage\",\"@id\":\"https:\\\/\\\/ellington-photo.com\\\/ErosWalker\\\/mortelle-cavale-8\\\/\",\"url\":\"https:\\\/\\\/ellington-photo.com\\\/ErosWalker\\\/mortelle-cavale-8\\\/\",\"name\":\"Mortelle Cavale (8) - Eros Walker Stories\",\"isPartOf\":{\"@id\":\"https:\\\/\\\/ellington-photo.com\\\/ErosWalker\\\/#website\"},\"primaryImageOfPage\":{\"@id\":\"https:\\\/\\\/ellington-photo.com\\\/ErosWalker\\\/mortelle-cavale-8\\\/#primaryimage\"},\"image\":{\"@id\":\"https:\\\/\\\/ellington-photo.com\\\/ErosWalker\\\/mortelle-cavale-8\\\/#primaryimage\"},\"thumbnailUrl\":\"https:\\\/\\\/ellington-photo.com\\\/ErosWalker\\\/wp-content\\\/uploads\\\/2024\\\/12\\\/Designer-18.jpeg\",\"datePublished\":\"2024-11-26T08:31:25+00:00\",\"dateModified\":\"2024-12-09T16:31:12+00:00\",\"breadcrumb\":{\"@id\":\"https:\\\/\\\/ellington-photo.com\\\/ErosWalker\\\/mortelle-cavale-8\\\/#breadcrumb\"},\"inLanguage\":\"fr-FR\",\"potentialAction\":[{\"@type\":\"ReadAction\",\"target\":[\"https:\\\/\\\/ellington-photo.com\\\/ErosWalker\\\/mortelle-cavale-8\\\/\"]}]},{\"@type\":\"ImageObject\",\"inLanguage\":\"fr-FR\",\"@id\":\"https:\\\/\\\/ellington-photo.com\\\/ErosWalker\\\/mortelle-cavale-8\\\/#primaryimage\",\"url\":\"https:\\\/\\\/ellington-photo.com\\\/ErosWalker\\\/wp-content\\\/uploads\\\/2024\\\/12\\\/Designer-18.jpeg\",\"contentUrl\":\"https:\\\/\\\/ellington-photo.com\\\/ErosWalker\\\/wp-content\\\/uploads\\\/2024\\\/12\\\/Designer-18.jpeg\",\"width\":1024,\"height\":1024},{\"@type\":\"BreadcrumbList\",\"@id\":\"https:\\\/\\\/ellington-photo.com\\\/ErosWalker\\\/mortelle-cavale-8\\\/#breadcrumb\",\"itemListElement\":[{\"@type\":\"ListItem\",\"position\":1,\"name\":\"Accueil\",\"item\":\"https:\\\/\\\/ellington-photo.com\\\/ErosWalker\\\/\"},{\"@type\":\"ListItem\",\"position\":2,\"name\":\"Mortelle Cavale (8)\"}]},{\"@type\":\"WebSite\",\"@id\":\"https:\\\/\\\/ellington-photo.com\\\/ErosWalker\\\/#website\",\"url\":\"https:\\\/\\\/ellington-photo.com\\\/ErosWalker\\\/\",\"name\":\"Eros Walker Stories\",\"description\":\"Litt\u00e9rature et images\",\"publisher\":{\"@id\":\"https:\\\/\\\/ellington-photo.com\\\/ErosWalker\\\/#organization\"},\"potentialAction\":[{\"@type\":\"SearchAction\",\"target\":{\"@type\":\"EntryPoint\",\"urlTemplate\":\"https:\\\/\\\/ellington-photo.com\\\/ErosWalker\\\/?s={search_term_string}\"},\"query-input\":{\"@type\":\"PropertyValueSpecification\",\"valueRequired\":true,\"valueName\":\"search_term_string\"}}],\"inLanguage\":\"fr-FR\"},{\"@type\":\"Organization\",\"@id\":\"https:\\\/\\\/ellington-photo.com\\\/ErosWalker\\\/#organization\",\"name\":\"Eros Walker Stories\",\"url\":\"https:\\\/\\\/ellington-photo.com\\\/ErosWalker\\\/\",\"logo\":{\"@type\":\"ImageObject\",\"inLanguage\":\"fr-FR\",\"@id\":\"https:\\\/\\\/ellington-photo.com\\\/ErosWalker\\\/#\\\/schema\\\/logo\\\/image\\\/\",\"url\":\"https:\\\/\\\/ellington-photo.com\\\/ErosWalker\\\/wp-content\\\/uploads\\\/2025\\\/05\\\/Chat-Noir.jpg\",\"contentUrl\":\"https:\\\/\\\/ellington-photo.com\\\/ErosWalker\\\/wp-content\\\/uploads\\\/2025\\\/05\\\/Chat-Noir.jpg\",\"width\":400,\"height\":391,\"caption\":\"Eros Walker Stories\"},\"image\":{\"@id\":\"https:\\\/\\\/ellington-photo.com\\\/ErosWalker\\\/#\\\/schema\\\/logo\\\/image\\\/\"},\"sameAs\":[\"https:\\\/\\\/www.linkedin.com\\\/in\\\/eros-walker-ab710a298\\\/\"]}]}<\/script>\n<!-- \/ Yoast SEO plugin. -->","yoast_head_json":{"title":"Mortelle Cavale (8) - Eros Walker Stories","robots":{"index":"index","follow":"follow","max-snippet":"max-snippet:-1","max-image-preview":"max-image-preview:large","max-video-preview":"max-video-preview:-1"},"canonical":"https:\/\/ellington-photo.com\/ErosWalker\/mortelle-cavale-8\/","og_locale":"fr_FR","og_type":"article","og_title":"Mortelle Cavale (8) - Eros Walker Stories","og_description":"Sur la route de&nbsp;Memphis De Jackson, Mississipi \u00e0 Memphis, TennesseeLundi 22 septembre 1980, 9h00 Ma d\u00e9cision est prise, je vais continuer la route vers le nord. Hier soir, Charles, le patron du Walnut Bar m\u2019a demand\u00e9 si je souhaitais rester plus longtemps. Il a eu &hellip;","og_url":"https:\/\/ellington-photo.com\/ErosWalker\/mortelle-cavale-8\/","og_site_name":"Eros Walker Stories","article_modified_time":"2024-12-09T16:31:12+00:00","og_image":[{"width":1024,"height":1024,"url":"https:\/\/ellington-photo.com\/ErosWalker\/wp-content\/uploads\/2024\/12\/Designer-18.jpeg","type":"image\/jpeg"}],"twitter_card":"summary_large_image","twitter_misc":{"Dur\u00e9e de lecture estim\u00e9e":"5 minutes"},"schema":{"@context":"https:\/\/schema.org","@graph":[{"@type":"WebPage","@id":"https:\/\/ellington-photo.com\/ErosWalker\/mortelle-cavale-8\/","url":"https:\/\/ellington-photo.com\/ErosWalker\/mortelle-cavale-8\/","name":"Mortelle Cavale (8) - Eros Walker Stories","isPartOf":{"@id":"https:\/\/ellington-photo.com\/ErosWalker\/#website"},"primaryImageOfPage":{"@id":"https:\/\/ellington-photo.com\/ErosWalker\/mortelle-cavale-8\/#primaryimage"},"image":{"@id":"https:\/\/ellington-photo.com\/ErosWalker\/mortelle-cavale-8\/#primaryimage"},"thumbnailUrl":"https:\/\/ellington-photo.com\/ErosWalker\/wp-content\/uploads\/2024\/12\/Designer-18.jpeg","datePublished":"2024-11-26T08:31:25+00:00","dateModified":"2024-12-09T16:31:12+00:00","breadcrumb":{"@id":"https:\/\/ellington-photo.com\/ErosWalker\/mortelle-cavale-8\/#breadcrumb"},"inLanguage":"fr-FR","potentialAction":[{"@type":"ReadAction","target":["https:\/\/ellington-photo.com\/ErosWalker\/mortelle-cavale-8\/"]}]},{"@type":"ImageObject","inLanguage":"fr-FR","@id":"https:\/\/ellington-photo.com\/ErosWalker\/mortelle-cavale-8\/#primaryimage","url":"https:\/\/ellington-photo.com\/ErosWalker\/wp-content\/uploads\/2024\/12\/Designer-18.jpeg","contentUrl":"https:\/\/ellington-photo.com\/ErosWalker\/wp-content\/uploads\/2024\/12\/Designer-18.jpeg","width":1024,"height":1024},{"@type":"BreadcrumbList","@id":"https:\/\/ellington-photo.com\/ErosWalker\/mortelle-cavale-8\/#breadcrumb","itemListElement":[{"@type":"ListItem","position":1,"name":"Accueil","item":"https:\/\/ellington-photo.com\/ErosWalker\/"},{"@type":"ListItem","position":2,"name":"Mortelle Cavale (8)"}]},{"@type":"WebSite","@id":"https:\/\/ellington-photo.com\/ErosWalker\/#website","url":"https:\/\/ellington-photo.com\/ErosWalker\/","name":"Eros Walker Stories","description":"Litt\u00e9rature et images","publisher":{"@id":"https:\/\/ellington-photo.com\/ErosWalker\/#organization"},"potentialAction":[{"@type":"SearchAction","target":{"@type":"EntryPoint","urlTemplate":"https:\/\/ellington-photo.com\/ErosWalker\/?s={search_term_string}"},"query-input":{"@type":"PropertyValueSpecification","valueRequired":true,"valueName":"search_term_string"}}],"inLanguage":"fr-FR"},{"@type":"Organization","@id":"https:\/\/ellington-photo.com\/ErosWalker\/#organization","name":"Eros Walker Stories","url":"https:\/\/ellington-photo.com\/ErosWalker\/","logo":{"@type":"ImageObject","inLanguage":"fr-FR","@id":"https:\/\/ellington-photo.com\/ErosWalker\/#\/schema\/logo\/image\/","url":"https:\/\/ellington-photo.com\/ErosWalker\/wp-content\/uploads\/2025\/05\/Chat-Noir.jpg","contentUrl":"https:\/\/ellington-photo.com\/ErosWalker\/wp-content\/uploads\/2025\/05\/Chat-Noir.jpg","width":400,"height":391,"caption":"Eros Walker Stories"},"image":{"@id":"https:\/\/ellington-photo.com\/ErosWalker\/#\/schema\/logo\/image\/"},"sameAs":["https:\/\/www.linkedin.com\/in\/eros-walker-ab710a298\/"]}]}},"_links":{"self":[{"href":"https:\/\/ellington-photo.com\/ErosWalker\/wp-json\/wp\/v2\/pages\/257","targetHints":{"allow":["GET"]}}],"collection":[{"href":"https:\/\/ellington-photo.com\/ErosWalker\/wp-json\/wp\/v2\/pages"}],"about":[{"href":"https:\/\/ellington-photo.com\/ErosWalker\/wp-json\/wp\/v2\/types\/page"}],"author":[{"embeddable":true,"href":"https:\/\/ellington-photo.com\/ErosWalker\/wp-json\/wp\/v2\/users\/1"}],"replies":[{"embeddable":true,"href":"https:\/\/ellington-photo.com\/ErosWalker\/wp-json\/wp\/v2\/comments?post=257"}],"version-history":[{"count":3,"href":"https:\/\/ellington-photo.com\/ErosWalker\/wp-json\/wp\/v2\/pages\/257\/revisions"}],"predecessor-version":[{"id":279,"href":"https:\/\/ellington-photo.com\/ErosWalker\/wp-json\/wp\/v2\/pages\/257\/revisions\/279"}],"wp:featuredmedia":[{"embeddable":true,"href":"https:\/\/ellington-photo.com\/ErosWalker\/wp-json\/wp\/v2\/media\/336"}],"wp:attachment":[{"href":"https:\/\/ellington-photo.com\/ErosWalker\/wp-json\/wp\/v2\/media?parent=257"}],"curies":[{"name":"wp","href":"https:\/\/api.w.org\/{rel}","templated":true}]}}