{"id":247,"date":"2024-11-26T09:17:28","date_gmt":"2024-11-26T08:17:28","guid":{"rendered":"https:\/\/ellington-photo.com\/ErosWalker\/?page_id=247"},"modified":"2024-12-03T08:57:32","modified_gmt":"2024-12-03T07:57:32","slug":"mortelle-cavale-6","status":"publish","type":"page","link":"https:\/\/ellington-photo.com\/ErosWalker\/mortelle-cavale-6\/","title":{"rendered":"Mortelle Cavale (6)"},"content":{"rendered":"\n<p><strong>\u00c9l\u00e9ments de langage<\/strong><\/p>\n\n\n\n<p><strong>Plaquemine, Paroisse d\u2019Iberville, Louisiane<\/strong><br><strong>Samedi 20 septembre 1980, 10h00<\/strong><\/p>\n\n\n\n<p>John W. Pfeiffer \u00e9tait un homme bedonnant, dont le cr\u00e2ne tr\u00e8s d\u00e9garni \u00e9tait invariablement cach\u00e9 par l\u2019ample chapeau de son uniforme. Il m\u00e2chouillait souvent un vieux cigare \u00e9teint, ou \u00e0 d\u00e9faut, du chewing-gum, ce qui avait tendance \u00e0 rendre son \u00e9locution parfois un peu p\u00e2teuse. R\u00e9\u00e9lu sh\u00e9rif de la paroisse d\u2019Iberville depuis vingt ans, il atteignait la limite d\u2019\u00e2ge et avait d\u2019ores et d\u00e9j\u00e0 d\u00e9cid\u00e9 de ne pas se repr\u00e9senter \u00e0 la prochaine \u00e9ch\u00e9ance et de prendre sa retraite sur une ile \u00e0 cocotiers. Il avait men\u00e9 toute sa carri\u00e8re avec un unique principe directeur, ne pas faire de vagues. Il laissait sans regrets toutes les affaires criminelles \u00e0 la police d\u2019\u00c9tat et se contentait volontiers de la petite d\u00e9linquance et des d\u00e9lits routiers. En fait, ce qu\u2019il aimait avant tout c\u2019\u00e9tait parcourir les routes de son district au volant d\u2019une voiture de patrouille, sir\u00e8ne et gyrophare allum\u00e9s. La plupart de ses adjoints utilisaient des Chevrolet Impala, mais pour son usage exclusif, il avait choisi une Plymouth Fury, avec un moteur V8 de 5,9l sur-vitamin\u00e9.<\/p>\n\n\n\n<p>D\u2019un caract\u00e8re plut\u00f4t affable quand tout allait bien, le sh\u00e9rif Pfeiffer pouvait devenir tr\u00e8s d\u00e9sagr\u00e9able quand des probl\u00e8mes se pr\u00e9sentaient dans son horizon. C\u2019est donc de tr\u00e8s mauvaise humeur qu\u2019il s\u2019\u00e9tait point\u00e9 \u00e0 son QG ce samedi matin. Apr\u00e8s avoir rassembl\u00e9 tous les hommes disponibles dans la salle de r\u00e9union du poste de police, il entreprit de leur donner la version officielle des \u00e9v\u00e9nements de la nuit.<\/p>\n\n\n\n<p>\u00ab Comme vous devez vous en rendre compte, je ne suis pas sur mon bateau en train de p\u00eacher. Et vous savez tous que je d\u00e9teste qu\u2019on bouleverse mon emploi du temps du week-end. Et pourquoi je suis l\u00e0 ce matin et vous tous aussi en train de m\u2019\u00e9couter ? \u00bb<\/p>\n\n\n\n<p>Pfeiffer toisa ses hommes, la plupart regardaient leurs chaussures. Les soufflantes du boss n\u2019\u00e9taient jamais une partie de plaisir, surtout pour le pauvre gars qui allait en prendre pour son grade.<\/p>\n\n\n\n<p>\u00ab Me faire \u00e7a, \u00e0 moi, \u00e0 trois mois de la retraite, c\u2019est impardonnable. Et \u00e0 qui est-ce que je dois cette honte ? \u00c0 ce bon \u00e0 rien de Frank Chance, il porte bien mal son nom, celui-l\u00e0 ! Vous savez ce qu\u2019a fait cet imb\u00e9cile cette nuit ? \u00bb<\/p>\n\n\n\n<p>La question du sh\u00e9rif ne rencontra que le silence des hommes rassembl\u00e9s.<\/p>\n\n\n\n<p>\u00ab Cet idiot a trouv\u00e9 le moyen de se faire piquer son flingue et de se faire entraver avec ses propres menottes, dans sa voiture ! Et vous savez par qui ? Pas par un camionneur bourr\u00e9, pas par un bouseux du coin, par une gonzesse ! Oui, vous avez bien entendu, par la serveuse du bar de Billy, Jenny Boudreaux. \u00bb<\/p>\n\n\n\n<p>Pfeiffer s\u2019arr\u00eata un moment pour mesurer son effet. Apr\u00e8s le silence religieux, ce fut un grand \u00e9clat de rire.<\/p>\n\n\n\n<p>\u00ab Arr\u00eatez de rigoler b\u00eatement, il n\u2019y a rien de dr\u00f4le l\u00e0-dedans. Si la nouvelle sort de cette pi\u00e8ce, nous serons la ris\u00e9e de toutes les forces de police de Louisiane. Alors, voil\u00e0 la position officielle, celle qui devra \u00eatre pr\u00e9sent\u00e9e en cas de question de qui que ce soit : il n\u2019est rien arriv\u00e9 \u00e0 Chance cette nuit. L\u2019adjoint Chance n\u2019a jamais arr\u00eat\u00e9 personne cette nuit. Si un document fait \u00e9tat de cet incident, je veux qu\u2019il soit d\u00e9truit sur le champ. Frankie ach\u00e8tera un nouveau flingue \u00e0 ses frais et se d\u00e9brouillera pour r\u00e9parer la radio de sa voiture par ses propres moyens. Fin de l\u2019affaire ! \u00bb<\/p>\n\n\n\n<p>Un brouhaha commen\u00e7a \u00e0 monter dans la pi\u00e8ce.<\/p>\n\n\n\n<p>\u00ab Ce n\u2019est pas tout, reprit le sh\u00e9rif. Il y a aussi eu un incident chez Billy au moment de la fermeture. Je suis pass\u00e9 \u00e0 l\u2019h\u00f4pital ce matin, et chez Billy aussi. Voil\u00e0 ce qui s\u2019est pass\u00e9 hier soir dans le bar. Un type, un chauffeur de camion a trop picol\u00e9 et il a commenc\u00e9 \u00e0 emmerder Jenny. Billy a d\u00e9fendu sa serveuse et le type a voulu aller aux toilettes, mais il \u00e9tait tellement ivre qu\u2019il a perdu l\u2019\u00e9quilibre et s\u2019est fait une belle entaille bien sanguinolente \u00e0 la t\u00eate. Billy a pr\u00eat\u00e9 sa voiture \u00e0 Jenny pour qu\u2019elle puisse rentrer chez elle. Le camionneur, un d\u00e9nomm\u00e9 Henry March la bouclera, car sinon, c\u2019est lui qui sera accus\u00e9 de viol sur la personne de Jenny. Toute autre version ne serait qu\u2019affabulation. Cette fois, c\u2019est la fin de la r\u00e9union, retournez tous \u00e0 vos postes, je ne veux plus entendre parler de ce sujet. Jamais ! \u00bb<\/p>\n\n\n\n<p><\/p>\n\n\n\n<p>Continuer la lecture : <a href=\"https:\/\/ellington-photo.com\/ErosWalker\/mortelle-cavale-7\/\">https:\/\/ellington-photo.com\/ErosWalker\/mortelle-cavale-<\/a>7\/<br><\/p>\n","protected":false},"excerpt":{"rendered":"<p>\u00c9l\u00e9ments de langage Plaquemine, Paroisse d\u2019Iberville, LouisianeSamedi 20 septembre 1980, 10h00 John W. Pfeiffer \u00e9tait un homme bedonnant, dont le cr\u00e2ne tr\u00e8s d\u00e9garni \u00e9tait invariablement cach\u00e9 par l\u2019ample chapeau de son uniforme. Il m\u00e2chouillait souvent un vieux cigare \u00e9teint, ou \u00e0 d\u00e9faut, du chewing-gum, ce &hellip; <\/p>\n","protected":false},"author":1,"featured_media":330,"parent":0,"menu_order":0,"comment_status":"closed","ping_status":"closed","template":"","meta":{"footnotes":""},"class_list":["post-247","page","type-page","status-publish","has-post-thumbnail","hentry"],"yoast_head":"<!-- This site is optimized with the Yoast SEO plugin v27.4 - https:\/\/yoast.com\/product\/yoast-seo-wordpress\/ -->\n<title>Mortelle Cavale (6) - Eros Walker Stories<\/title>\n<meta name=\"robots\" content=\"index, follow, max-snippet:-1, max-image-preview:large, max-video-preview:-1\" \/>\n<link rel=\"canonical\" href=\"https:\/\/ellington-photo.com\/ErosWalker\/mortelle-cavale-6\/\" \/>\n<meta property=\"og:locale\" content=\"fr_FR\" \/>\n<meta property=\"og:type\" content=\"article\" \/>\n<meta property=\"og:title\" content=\"Mortelle Cavale (6) - Eros Walker Stories\" \/>\n<meta property=\"og:description\" content=\"\u00c9l\u00e9ments de langage Plaquemine, Paroisse d\u2019Iberville, LouisianeSamedi 20 septembre 1980, 10h00 John W. Pfeiffer \u00e9tait un homme bedonnant, dont le cr\u00e2ne tr\u00e8s d\u00e9garni \u00e9tait invariablement cach\u00e9 par l\u2019ample chapeau de son uniforme. Il m\u00e2chouillait souvent un vieux cigare \u00e9teint, ou \u00e0 d\u00e9faut, du chewing-gum, ce &hellip;\" \/>\n<meta property=\"og:url\" content=\"https:\/\/ellington-photo.com\/ErosWalker\/mortelle-cavale-6\/\" \/>\n<meta property=\"og:site_name\" content=\"Eros Walker Stories\" \/>\n<meta property=\"article:modified_time\" content=\"2024-12-03T07:57:32+00:00\" \/>\n<meta property=\"og:image\" content=\"https:\/\/ellington-photo.com\/ErosWalker\/wp-content\/uploads\/2024\/12\/Designer-16.jpeg\" \/>\n\t<meta property=\"og:image:width\" content=\"1024\" \/>\n\t<meta property=\"og:image:height\" content=\"1024\" \/>\n\t<meta property=\"og:image:type\" content=\"image\/jpeg\" \/>\n<meta name=\"twitter:card\" content=\"summary_large_image\" \/>\n<meta name=\"twitter:label1\" content=\"Dur\u00e9e de lecture estim\u00e9e\" \/>\n\t<meta name=\"twitter:data1\" content=\"4 minutes\" \/>\n<script type=\"application\/ld+json\" class=\"yoast-schema-graph\">{\"@context\":\"https:\\\/\\\/schema.org\",\"@graph\":[{\"@type\":\"WebPage\",\"@id\":\"https:\\\/\\\/ellington-photo.com\\\/ErosWalker\\\/mortelle-cavale-6\\\/\",\"url\":\"https:\\\/\\\/ellington-photo.com\\\/ErosWalker\\\/mortelle-cavale-6\\\/\",\"name\":\"Mortelle Cavale (6) - Eros Walker Stories\",\"isPartOf\":{\"@id\":\"https:\\\/\\\/ellington-photo.com\\\/ErosWalker\\\/#website\"},\"primaryImageOfPage\":{\"@id\":\"https:\\\/\\\/ellington-photo.com\\\/ErosWalker\\\/mortelle-cavale-6\\\/#primaryimage\"},\"image\":{\"@id\":\"https:\\\/\\\/ellington-photo.com\\\/ErosWalker\\\/mortelle-cavale-6\\\/#primaryimage\"},\"thumbnailUrl\":\"https:\\\/\\\/ellington-photo.com\\\/ErosWalker\\\/wp-content\\\/uploads\\\/2024\\\/12\\\/Designer-16.jpeg\",\"datePublished\":\"2024-11-26T08:17:28+00:00\",\"dateModified\":\"2024-12-03T07:57:32+00:00\",\"breadcrumb\":{\"@id\":\"https:\\\/\\\/ellington-photo.com\\\/ErosWalker\\\/mortelle-cavale-6\\\/#breadcrumb\"},\"inLanguage\":\"fr-FR\",\"potentialAction\":[{\"@type\":\"ReadAction\",\"target\":[\"https:\\\/\\\/ellington-photo.com\\\/ErosWalker\\\/mortelle-cavale-6\\\/\"]}]},{\"@type\":\"ImageObject\",\"inLanguage\":\"fr-FR\",\"@id\":\"https:\\\/\\\/ellington-photo.com\\\/ErosWalker\\\/mortelle-cavale-6\\\/#primaryimage\",\"url\":\"https:\\\/\\\/ellington-photo.com\\\/ErosWalker\\\/wp-content\\\/uploads\\\/2024\\\/12\\\/Designer-16.jpeg\",\"contentUrl\":\"https:\\\/\\\/ellington-photo.com\\\/ErosWalker\\\/wp-content\\\/uploads\\\/2024\\\/12\\\/Designer-16.jpeg\",\"width\":1024,\"height\":1024},{\"@type\":\"BreadcrumbList\",\"@id\":\"https:\\\/\\\/ellington-photo.com\\\/ErosWalker\\\/mortelle-cavale-6\\\/#breadcrumb\",\"itemListElement\":[{\"@type\":\"ListItem\",\"position\":1,\"name\":\"Accueil\",\"item\":\"https:\\\/\\\/ellington-photo.com\\\/ErosWalker\\\/\"},{\"@type\":\"ListItem\",\"position\":2,\"name\":\"Mortelle Cavale (6)\"}]},{\"@type\":\"WebSite\",\"@id\":\"https:\\\/\\\/ellington-photo.com\\\/ErosWalker\\\/#website\",\"url\":\"https:\\\/\\\/ellington-photo.com\\\/ErosWalker\\\/\",\"name\":\"Eros Walker Stories\",\"description\":\"Litt\u00e9rature et images\",\"publisher\":{\"@id\":\"https:\\\/\\\/ellington-photo.com\\\/ErosWalker\\\/#organization\"},\"potentialAction\":[{\"@type\":\"SearchAction\",\"target\":{\"@type\":\"EntryPoint\",\"urlTemplate\":\"https:\\\/\\\/ellington-photo.com\\\/ErosWalker\\\/?s={search_term_string}\"},\"query-input\":{\"@type\":\"PropertyValueSpecification\",\"valueRequired\":true,\"valueName\":\"search_term_string\"}}],\"inLanguage\":\"fr-FR\"},{\"@type\":\"Organization\",\"@id\":\"https:\\\/\\\/ellington-photo.com\\\/ErosWalker\\\/#organization\",\"name\":\"Eros Walker Stories\",\"url\":\"https:\\\/\\\/ellington-photo.com\\\/ErosWalker\\\/\",\"logo\":{\"@type\":\"ImageObject\",\"inLanguage\":\"fr-FR\",\"@id\":\"https:\\\/\\\/ellington-photo.com\\\/ErosWalker\\\/#\\\/schema\\\/logo\\\/image\\\/\",\"url\":\"https:\\\/\\\/ellington-photo.com\\\/ErosWalker\\\/wp-content\\\/uploads\\\/2025\\\/05\\\/Chat-Noir.jpg\",\"contentUrl\":\"https:\\\/\\\/ellington-photo.com\\\/ErosWalker\\\/wp-content\\\/uploads\\\/2025\\\/05\\\/Chat-Noir.jpg\",\"width\":400,\"height\":391,\"caption\":\"Eros Walker Stories\"},\"image\":{\"@id\":\"https:\\\/\\\/ellington-photo.com\\\/ErosWalker\\\/#\\\/schema\\\/logo\\\/image\\\/\"},\"sameAs\":[\"https:\\\/\\\/www.linkedin.com\\\/in\\\/eros-walker-ab710a298\\\/\"]}]}<\/script>\n<!-- \/ Yoast SEO plugin. -->","yoast_head_json":{"title":"Mortelle Cavale (6) - Eros Walker Stories","robots":{"index":"index","follow":"follow","max-snippet":"max-snippet:-1","max-image-preview":"max-image-preview:large","max-video-preview":"max-video-preview:-1"},"canonical":"https:\/\/ellington-photo.com\/ErosWalker\/mortelle-cavale-6\/","og_locale":"fr_FR","og_type":"article","og_title":"Mortelle Cavale (6) - Eros Walker Stories","og_description":"\u00c9l\u00e9ments de langage Plaquemine, Paroisse d\u2019Iberville, LouisianeSamedi 20 septembre 1980, 10h00 John W. Pfeiffer \u00e9tait un homme bedonnant, dont le cr\u00e2ne tr\u00e8s d\u00e9garni \u00e9tait invariablement cach\u00e9 par l\u2019ample chapeau de son uniforme. Il m\u00e2chouillait souvent un vieux cigare \u00e9teint, ou \u00e0 d\u00e9faut, du chewing-gum, ce &hellip;","og_url":"https:\/\/ellington-photo.com\/ErosWalker\/mortelle-cavale-6\/","og_site_name":"Eros Walker Stories","article_modified_time":"2024-12-03T07:57:32+00:00","og_image":[{"width":1024,"height":1024,"url":"https:\/\/ellington-photo.com\/ErosWalker\/wp-content\/uploads\/2024\/12\/Designer-16.jpeg","type":"image\/jpeg"}],"twitter_card":"summary_large_image","twitter_misc":{"Dur\u00e9e de lecture estim\u00e9e":"4 minutes"},"schema":{"@context":"https:\/\/schema.org","@graph":[{"@type":"WebPage","@id":"https:\/\/ellington-photo.com\/ErosWalker\/mortelle-cavale-6\/","url":"https:\/\/ellington-photo.com\/ErosWalker\/mortelle-cavale-6\/","name":"Mortelle Cavale (6) - Eros Walker Stories","isPartOf":{"@id":"https:\/\/ellington-photo.com\/ErosWalker\/#website"},"primaryImageOfPage":{"@id":"https:\/\/ellington-photo.com\/ErosWalker\/mortelle-cavale-6\/#primaryimage"},"image":{"@id":"https:\/\/ellington-photo.com\/ErosWalker\/mortelle-cavale-6\/#primaryimage"},"thumbnailUrl":"https:\/\/ellington-photo.com\/ErosWalker\/wp-content\/uploads\/2024\/12\/Designer-16.jpeg","datePublished":"2024-11-26T08:17:28+00:00","dateModified":"2024-12-03T07:57:32+00:00","breadcrumb":{"@id":"https:\/\/ellington-photo.com\/ErosWalker\/mortelle-cavale-6\/#breadcrumb"},"inLanguage":"fr-FR","potentialAction":[{"@type":"ReadAction","target":["https:\/\/ellington-photo.com\/ErosWalker\/mortelle-cavale-6\/"]}]},{"@type":"ImageObject","inLanguage":"fr-FR","@id":"https:\/\/ellington-photo.com\/ErosWalker\/mortelle-cavale-6\/#primaryimage","url":"https:\/\/ellington-photo.com\/ErosWalker\/wp-content\/uploads\/2024\/12\/Designer-16.jpeg","contentUrl":"https:\/\/ellington-photo.com\/ErosWalker\/wp-content\/uploads\/2024\/12\/Designer-16.jpeg","width":1024,"height":1024},{"@type":"BreadcrumbList","@id":"https:\/\/ellington-photo.com\/ErosWalker\/mortelle-cavale-6\/#breadcrumb","itemListElement":[{"@type":"ListItem","position":1,"name":"Accueil","item":"https:\/\/ellington-photo.com\/ErosWalker\/"},{"@type":"ListItem","position":2,"name":"Mortelle Cavale (6)"}]},{"@type":"WebSite","@id":"https:\/\/ellington-photo.com\/ErosWalker\/#website","url":"https:\/\/ellington-photo.com\/ErosWalker\/","name":"Eros Walker Stories","description":"Litt\u00e9rature et images","publisher":{"@id":"https:\/\/ellington-photo.com\/ErosWalker\/#organization"},"potentialAction":[{"@type":"SearchAction","target":{"@type":"EntryPoint","urlTemplate":"https:\/\/ellington-photo.com\/ErosWalker\/?s={search_term_string}"},"query-input":{"@type":"PropertyValueSpecification","valueRequired":true,"valueName":"search_term_string"}}],"inLanguage":"fr-FR"},{"@type":"Organization","@id":"https:\/\/ellington-photo.com\/ErosWalker\/#organization","name":"Eros Walker Stories","url":"https:\/\/ellington-photo.com\/ErosWalker\/","logo":{"@type":"ImageObject","inLanguage":"fr-FR","@id":"https:\/\/ellington-photo.com\/ErosWalker\/#\/schema\/logo\/image\/","url":"https:\/\/ellington-photo.com\/ErosWalker\/wp-content\/uploads\/2025\/05\/Chat-Noir.jpg","contentUrl":"https:\/\/ellington-photo.com\/ErosWalker\/wp-content\/uploads\/2025\/05\/Chat-Noir.jpg","width":400,"height":391,"caption":"Eros Walker Stories"},"image":{"@id":"https:\/\/ellington-photo.com\/ErosWalker\/#\/schema\/logo\/image\/"},"sameAs":["https:\/\/www.linkedin.com\/in\/eros-walker-ab710a298\/"]}]}},"_links":{"self":[{"href":"https:\/\/ellington-photo.com\/ErosWalker\/wp-json\/wp\/v2\/pages\/247","targetHints":{"allow":["GET"]}}],"collection":[{"href":"https:\/\/ellington-photo.com\/ErosWalker\/wp-json\/wp\/v2\/pages"}],"about":[{"href":"https:\/\/ellington-photo.com\/ErosWalker\/wp-json\/wp\/v2\/types\/page"}],"author":[{"embeddable":true,"href":"https:\/\/ellington-photo.com\/ErosWalker\/wp-json\/wp\/v2\/users\/1"}],"replies":[{"embeddable":true,"href":"https:\/\/ellington-photo.com\/ErosWalker\/wp-json\/wp\/v2\/comments?post=247"}],"version-history":[{"count":2,"href":"https:\/\/ellington-photo.com\/ErosWalker\/wp-json\/wp\/v2\/pages\/247\/revisions"}],"predecessor-version":[{"id":252,"href":"https:\/\/ellington-photo.com\/ErosWalker\/wp-json\/wp\/v2\/pages\/247\/revisions\/252"}],"wp:featuredmedia":[{"embeddable":true,"href":"https:\/\/ellington-photo.com\/ErosWalker\/wp-json\/wp\/v2\/media\/330"}],"wp:attachment":[{"href":"https:\/\/ellington-photo.com\/ErosWalker\/wp-json\/wp\/v2\/media?parent=247"}],"curies":[{"name":"wp","href":"https:\/\/api.w.org\/{rel}","templated":true}]}}