{"id":175,"date":"2022-03-14T08:50:11","date_gmt":"2022-03-14T07:50:11","guid":{"rendered":"https:\/\/ellington-photo.com\/ErosWalker\/?page_id=175"},"modified":"2022-03-14T08:50:11","modified_gmt":"2022-03-14T07:50:11","slug":"permanence-de-nuit","status":"publish","type":"page","link":"https:\/\/ellington-photo.com\/ErosWalker\/permanence-de-nuit\/","title":{"rendered":"Permanence de nuit"},"content":{"rendered":"\n<div class=\"wp-block-image\"><figure class=\"aligncenter size-full is-resized\"><img loading=\"lazy\" decoding=\"async\" src=\"https:\/\/ellington-photo.com\/ErosWalker\/wp-content\/uploads\/2022\/03\/Permanence-de-nuit-cover.jpg\" alt=\"\" class=\"wp-image-178\" width=\"157\" height=\"267\" srcset=\"https:\/\/ellington-photo.com\/ErosWalker\/wp-content\/uploads\/2022\/03\/Permanence-de-nuit-cover.jpg 286w, https:\/\/ellington-photo.com\/ErosWalker\/wp-content\/uploads\/2022\/03\/Permanence-de-nuit-cover-177x300.jpg 177w\" sizes=\"auto, (max-width: 157px) 100vw, 157px\" \/><\/figure><\/div>\n\n\n\n<p>Autant vous pr\u00e9venir tout de suite, je ne suis ni Navarro, ni Nestor Burma, juste un jeune flic fraichement affect\u00e9 dans une petite ville de province. Il faut dire qu\u2019\u00e0 l\u2019\u00e9cole de police, je ne me suis pas sp\u00e9cialement distingu\u00e9 par mes r\u00e9sultats, mais si j\u2019avais marqu\u00e9 des points pour chaque fille que j\u2019ai fait craquer, je ne serais pas de permanence de nuit pendant le week-end le plus long de l\u2019ann\u00e9e.<\/p>\n\n\n\n<p>Le commissaire parti depuis deux jours, le capitaine nous a laiss\u00e9 la boutique en nous recommandant de ne le d\u00e9ranger qu\u2019en cas d\u2019extr\u00eame urgence. Le brigadier de garde m\u2019a adress\u00e9 un clin d\u2019\u0153il qui en disait long. Bref, \u00e0 moi les bagarres d\u2019ivrognes, les femmes battues et les vols d\u2019autoradios. Une sin\u00e9cure quoi.<\/p>\n\n\n\n<p>Samedi 2 heures du mat\u2019.<\/p>\n\n\n\n<p>Le grad\u00e9 au standard me tire de ma l\u00e9thargie. Il vient de recevoir un appel nous demandant de venir d\u2019urgence. Il a not\u00e9 une adresse sur un post-it minuscule et me le tend.<\/p>\n\n\n\n<p>\u2014 Tu sais de quoi il s\u2019agit ?<\/p>\n\n\n\n<p>\u2014 Non, une femme a appel\u00e9, genre hyst\u00e9rique, j\u2019ai juste pu lui arracher un nom, Lafaye, et cette adresse.<\/p>\n\n\n\n<p>\u2014 OK, on y va.<\/p>\n\n\n\n<p><\/p>\n\n\n\n<p>T\u00e9l\u00e9charger gratuitement le texte complet au format PDF ou eBook :<\/p>\n\n\n\n<p><a href=\"https:\/\/www.edition999.info\/Permanence-de-nuit.html\">https:\/\/www.edition999.info\/Permanence-de-nuit.html<\/a><\/p>\n","protected":false},"excerpt":{"rendered":"<p>Autant vous pr\u00e9venir tout de suite, je ne suis ni Navarro, ni Nestor Burma, juste un jeune flic fraichement affect\u00e9 dans une petite ville de province. Il faut dire qu\u2019\u00e0 l\u2019\u00e9cole de police, je ne me suis pas sp\u00e9cialement distingu\u00e9 par mes r\u00e9sultats, mais si &hellip; <\/p>\n","protected":false},"author":1,"featured_media":0,"parent":0,"menu_order":0,"comment_status":"closed","ping_status":"closed","template":"","meta":{"footnotes":""},"class_list":["post-175","page","type-page","status-publish","hentry"],"yoast_head":"<!-- This site is optimized with the Yoast SEO plugin v27.4 - https:\/\/yoast.com\/product\/yoast-seo-wordpress\/ -->\n<title>Permanence de nuit - Eros Walker Stories<\/title>\n<meta name=\"robots\" content=\"index, follow, max-snippet:-1, max-image-preview:large, max-video-preview:-1\" \/>\n<link rel=\"canonical\" href=\"https:\/\/ellington-photo.com\/ErosWalker\/permanence-de-nuit\/\" \/>\n<meta property=\"og:locale\" content=\"fr_FR\" \/>\n<meta property=\"og:type\" content=\"article\" \/>\n<meta property=\"og:title\" content=\"Permanence de nuit - Eros Walker Stories\" \/>\n<meta property=\"og:description\" content=\"Autant vous pr\u00e9venir tout de suite, je ne suis ni Navarro, ni Nestor Burma, juste un jeune flic fraichement affect\u00e9 dans une petite ville de province. Il faut dire qu\u2019\u00e0 l\u2019\u00e9cole de police, je ne me suis pas sp\u00e9cialement distingu\u00e9 par mes r\u00e9sultats, mais si &hellip;\" \/>\n<meta property=\"og:url\" content=\"https:\/\/ellington-photo.com\/ErosWalker\/permanence-de-nuit\/\" \/>\n<meta property=\"og:site_name\" content=\"Eros Walker Stories\" \/>\n<meta property=\"og:image\" content=\"https:\/\/ellington-photo.com\/ErosWalker\/wp-content\/uploads\/2022\/03\/Permanence-de-nuit-cover.jpg\" \/>\n<meta name=\"twitter:card\" content=\"summary_large_image\" \/>\n<meta name=\"twitter:label1\" content=\"Dur\u00e9e de lecture estim\u00e9e\" \/>\n\t<meta name=\"twitter:data1\" content=\"1 minute\" \/>\n<script type=\"application\/ld+json\" class=\"yoast-schema-graph\">{\"@context\":\"https:\\\/\\\/schema.org\",\"@graph\":[{\"@type\":\"WebPage\",\"@id\":\"https:\\\/\\\/ellington-photo.com\\\/ErosWalker\\\/permanence-de-nuit\\\/\",\"url\":\"https:\\\/\\\/ellington-photo.com\\\/ErosWalker\\\/permanence-de-nuit\\\/\",\"name\":\"Permanence de nuit - Eros Walker Stories\",\"isPartOf\":{\"@id\":\"https:\\\/\\\/ellington-photo.com\\\/ErosWalker\\\/#website\"},\"primaryImageOfPage\":{\"@id\":\"https:\\\/\\\/ellington-photo.com\\\/ErosWalker\\\/permanence-de-nuit\\\/#primaryimage\"},\"image\":{\"@id\":\"https:\\\/\\\/ellington-photo.com\\\/ErosWalker\\\/permanence-de-nuit\\\/#primaryimage\"},\"thumbnailUrl\":\"https:\\\/\\\/ellington-photo.com\\\/ErosWalker\\\/wp-content\\\/uploads\\\/2022\\\/03\\\/Permanence-de-nuit-cover.jpg\",\"datePublished\":\"2022-03-14T07:50:11+00:00\",\"breadcrumb\":{\"@id\":\"https:\\\/\\\/ellington-photo.com\\\/ErosWalker\\\/permanence-de-nuit\\\/#breadcrumb\"},\"inLanguage\":\"fr-FR\",\"potentialAction\":[{\"@type\":\"ReadAction\",\"target\":[\"https:\\\/\\\/ellington-photo.com\\\/ErosWalker\\\/permanence-de-nuit\\\/\"]}]},{\"@type\":\"ImageObject\",\"inLanguage\":\"fr-FR\",\"@id\":\"https:\\\/\\\/ellington-photo.com\\\/ErosWalker\\\/permanence-de-nuit\\\/#primaryimage\",\"url\":\"https:\\\/\\\/ellington-photo.com\\\/ErosWalker\\\/wp-content\\\/uploads\\\/2022\\\/03\\\/Permanence-de-nuit-cover.jpg\",\"contentUrl\":\"https:\\\/\\\/ellington-photo.com\\\/ErosWalker\\\/wp-content\\\/uploads\\\/2022\\\/03\\\/Permanence-de-nuit-cover.jpg\",\"width\":286,\"height\":485},{\"@type\":\"BreadcrumbList\",\"@id\":\"https:\\\/\\\/ellington-photo.com\\\/ErosWalker\\\/permanence-de-nuit\\\/#breadcrumb\",\"itemListElement\":[{\"@type\":\"ListItem\",\"position\":1,\"name\":\"Accueil\",\"item\":\"https:\\\/\\\/ellington-photo.com\\\/ErosWalker\\\/\"},{\"@type\":\"ListItem\",\"position\":2,\"name\":\"Permanence de nuit\"}]},{\"@type\":\"WebSite\",\"@id\":\"https:\\\/\\\/ellington-photo.com\\\/ErosWalker\\\/#website\",\"url\":\"https:\\\/\\\/ellington-photo.com\\\/ErosWalker\\\/\",\"name\":\"Eros Walker Stories\",\"description\":\"Litt\u00e9rature et images\",\"publisher\":{\"@id\":\"https:\\\/\\\/ellington-photo.com\\\/ErosWalker\\\/#organization\"},\"potentialAction\":[{\"@type\":\"SearchAction\",\"target\":{\"@type\":\"EntryPoint\",\"urlTemplate\":\"https:\\\/\\\/ellington-photo.com\\\/ErosWalker\\\/?s={search_term_string}\"},\"query-input\":{\"@type\":\"PropertyValueSpecification\",\"valueRequired\":true,\"valueName\":\"search_term_string\"}}],\"inLanguage\":\"fr-FR\"},{\"@type\":\"Organization\",\"@id\":\"https:\\\/\\\/ellington-photo.com\\\/ErosWalker\\\/#organization\",\"name\":\"Eros Walker Stories\",\"url\":\"https:\\\/\\\/ellington-photo.com\\\/ErosWalker\\\/\",\"logo\":{\"@type\":\"ImageObject\",\"inLanguage\":\"fr-FR\",\"@id\":\"https:\\\/\\\/ellington-photo.com\\\/ErosWalker\\\/#\\\/schema\\\/logo\\\/image\\\/\",\"url\":\"https:\\\/\\\/ellington-photo.com\\\/ErosWalker\\\/wp-content\\\/uploads\\\/2025\\\/05\\\/Chat-Noir.jpg\",\"contentUrl\":\"https:\\\/\\\/ellington-photo.com\\\/ErosWalker\\\/wp-content\\\/uploads\\\/2025\\\/05\\\/Chat-Noir.jpg\",\"width\":400,\"height\":391,\"caption\":\"Eros Walker Stories\"},\"image\":{\"@id\":\"https:\\\/\\\/ellington-photo.com\\\/ErosWalker\\\/#\\\/schema\\\/logo\\\/image\\\/\"},\"sameAs\":[\"https:\\\/\\\/www.linkedin.com\\\/in\\\/eros-walker-ab710a298\\\/\"]}]}<\/script>\n<!-- \/ Yoast SEO plugin. -->","yoast_head_json":{"title":"Permanence de nuit - Eros Walker Stories","robots":{"index":"index","follow":"follow","max-snippet":"max-snippet:-1","max-image-preview":"max-image-preview:large","max-video-preview":"max-video-preview:-1"},"canonical":"https:\/\/ellington-photo.com\/ErosWalker\/permanence-de-nuit\/","og_locale":"fr_FR","og_type":"article","og_title":"Permanence de nuit - Eros Walker Stories","og_description":"Autant vous pr\u00e9venir tout de suite, je ne suis ni Navarro, ni Nestor Burma, juste un jeune flic fraichement affect\u00e9 dans une petite ville de province. Il faut dire qu\u2019\u00e0 l\u2019\u00e9cole de police, je ne me suis pas sp\u00e9cialement distingu\u00e9 par mes r\u00e9sultats, mais si &hellip;","og_url":"https:\/\/ellington-photo.com\/ErosWalker\/permanence-de-nuit\/","og_site_name":"Eros Walker Stories","og_image":[{"url":"https:\/\/ellington-photo.com\/ErosWalker\/wp-content\/uploads\/2022\/03\/Permanence-de-nuit-cover.jpg","type":"","width":"","height":""}],"twitter_card":"summary_large_image","twitter_misc":{"Dur\u00e9e de lecture estim\u00e9e":"1 minute"},"schema":{"@context":"https:\/\/schema.org","@graph":[{"@type":"WebPage","@id":"https:\/\/ellington-photo.com\/ErosWalker\/permanence-de-nuit\/","url":"https:\/\/ellington-photo.com\/ErosWalker\/permanence-de-nuit\/","name":"Permanence de nuit - Eros Walker Stories","isPartOf":{"@id":"https:\/\/ellington-photo.com\/ErosWalker\/#website"},"primaryImageOfPage":{"@id":"https:\/\/ellington-photo.com\/ErosWalker\/permanence-de-nuit\/#primaryimage"},"image":{"@id":"https:\/\/ellington-photo.com\/ErosWalker\/permanence-de-nuit\/#primaryimage"},"thumbnailUrl":"https:\/\/ellington-photo.com\/ErosWalker\/wp-content\/uploads\/2022\/03\/Permanence-de-nuit-cover.jpg","datePublished":"2022-03-14T07:50:11+00:00","breadcrumb":{"@id":"https:\/\/ellington-photo.com\/ErosWalker\/permanence-de-nuit\/#breadcrumb"},"inLanguage":"fr-FR","potentialAction":[{"@type":"ReadAction","target":["https:\/\/ellington-photo.com\/ErosWalker\/permanence-de-nuit\/"]}]},{"@type":"ImageObject","inLanguage":"fr-FR","@id":"https:\/\/ellington-photo.com\/ErosWalker\/permanence-de-nuit\/#primaryimage","url":"https:\/\/ellington-photo.com\/ErosWalker\/wp-content\/uploads\/2022\/03\/Permanence-de-nuit-cover.jpg","contentUrl":"https:\/\/ellington-photo.com\/ErosWalker\/wp-content\/uploads\/2022\/03\/Permanence-de-nuit-cover.jpg","width":286,"height":485},{"@type":"BreadcrumbList","@id":"https:\/\/ellington-photo.com\/ErosWalker\/permanence-de-nuit\/#breadcrumb","itemListElement":[{"@type":"ListItem","position":1,"name":"Accueil","item":"https:\/\/ellington-photo.com\/ErosWalker\/"},{"@type":"ListItem","position":2,"name":"Permanence de nuit"}]},{"@type":"WebSite","@id":"https:\/\/ellington-photo.com\/ErosWalker\/#website","url":"https:\/\/ellington-photo.com\/ErosWalker\/","name":"Eros Walker Stories","description":"Litt\u00e9rature et images","publisher":{"@id":"https:\/\/ellington-photo.com\/ErosWalker\/#organization"},"potentialAction":[{"@type":"SearchAction","target":{"@type":"EntryPoint","urlTemplate":"https:\/\/ellington-photo.com\/ErosWalker\/?s={search_term_string}"},"query-input":{"@type":"PropertyValueSpecification","valueRequired":true,"valueName":"search_term_string"}}],"inLanguage":"fr-FR"},{"@type":"Organization","@id":"https:\/\/ellington-photo.com\/ErosWalker\/#organization","name":"Eros Walker Stories","url":"https:\/\/ellington-photo.com\/ErosWalker\/","logo":{"@type":"ImageObject","inLanguage":"fr-FR","@id":"https:\/\/ellington-photo.com\/ErosWalker\/#\/schema\/logo\/image\/","url":"https:\/\/ellington-photo.com\/ErosWalker\/wp-content\/uploads\/2025\/05\/Chat-Noir.jpg","contentUrl":"https:\/\/ellington-photo.com\/ErosWalker\/wp-content\/uploads\/2025\/05\/Chat-Noir.jpg","width":400,"height":391,"caption":"Eros Walker Stories"},"image":{"@id":"https:\/\/ellington-photo.com\/ErosWalker\/#\/schema\/logo\/image\/"},"sameAs":["https:\/\/www.linkedin.com\/in\/eros-walker-ab710a298\/"]}]}},"_links":{"self":[{"href":"https:\/\/ellington-photo.com\/ErosWalker\/wp-json\/wp\/v2\/pages\/175","targetHints":{"allow":["GET"]}}],"collection":[{"href":"https:\/\/ellington-photo.com\/ErosWalker\/wp-json\/wp\/v2\/pages"}],"about":[{"href":"https:\/\/ellington-photo.com\/ErosWalker\/wp-json\/wp\/v2\/types\/page"}],"author":[{"embeddable":true,"href":"https:\/\/ellington-photo.com\/ErosWalker\/wp-json\/wp\/v2\/users\/1"}],"replies":[{"embeddable":true,"href":"https:\/\/ellington-photo.com\/ErosWalker\/wp-json\/wp\/v2\/comments?post=175"}],"version-history":[{"count":3,"href":"https:\/\/ellington-photo.com\/ErosWalker\/wp-json\/wp\/v2\/pages\/175\/revisions"}],"predecessor-version":[{"id":179,"href":"https:\/\/ellington-photo.com\/ErosWalker\/wp-json\/wp\/v2\/pages\/175\/revisions\/179"}],"wp:attachment":[{"href":"https:\/\/ellington-photo.com\/ErosWalker\/wp-json\/wp\/v2\/media?parent=175"}],"curies":[{"name":"wp","href":"https:\/\/api.w.org\/{rel}","templated":true}]}}